{"id":15712,"date":"2019-09-04T09:50:11","date_gmt":"2019-09-04T07:50:11","guid":{"rendered":"http:\/\/veloclubfaumont.fr\/?page_id=15712"},"modified":"2021-05-27T19:58:44","modified_gmt":"2021-05-27T17:58:44","slug":"2020-2","status":"publish","type":"page","link":"https:\/\/veloclubfaumont.fr\/index.php\/2020-2\/","title":{"rendered":"2020"},"content":{"rendered":"<p><a href=\"https:\/\/veloclubfaumont.fr\/index.php\/evenement\/chicon-bike-tour-2020\/\"><strong>Chicon Bike Tour 2020<\/strong><\/a> (Nouveaut\u00e9)<\/p>\n<p><strong>Nocturne VTT de Faumont<\/strong> 2020 (annul\u00e9e cause COVID)<\/p>\n<p><strong>Assembl\u00e9e G\u00e9n\u00e9rale 2020<\/strong> (annul\u00e9e cause COVID)<\/p>\n","protected":false},"excerpt":{"rendered":"<p>Chicon Bike Tour 2020 (Nouveaut\u00e9) Nocturne VTT de Faumont 2020 (annul\u00e9e cause COVID) Assembl\u00e9e G\u00e9n\u00e9rale 2020 (annul\u00e9e cause COVID)<\/p>\n","protected":false},"author":1,"featured_media":0,"parent":0,"menu_order":0,"comment_status":"closed","ping_status":"closed","template":"","meta":{"ngg_post_thumbnail":0,"jetpack_post_was_ever_published":false,"two_page_speed":[],"footnotes":""},"class_list":["post-15712","page","type-page","status-publish","hentry"],"jetpack_sharing_enabled":true,"jetpack_shortlink":"https:\/\/wp.me\/P8bXJp-45q","_links":{"self":[{"href":"https:\/\/veloclubfaumont.fr\/index.php\/wp-json\/wp\/v2\/pages\/15712","targetHints":{"allow":["GET"]}}],"collection":[{"href":"https:\/\/veloclubfaumont.fr\/index.php\/wp-json\/wp\/v2\/pages"}],"about":[{"href":"https:\/\/veloclubfaumont.fr\/index.php\/wp-json\/wp\/v2\/types\/page"}],"author":[{"embeddable":true,"href":"https:\/\/veloclubfaumont.fr\/index.php\/wp-json\/wp\/v2\/users\/1"}],"replies":[{"embeddable":true,"href":"https:\/\/veloclubfaumont.fr\/index.php\/wp-json\/wp\/v2\/comments?post=15712"}],"version-history":[{"count":0,"href":"https:\/\/veloclubfaumont.fr\/index.php\/wp-json\/wp\/v2\/pages\/15712\/revisions"}],"wp:attachment":[{"href":"https:\/\/veloclubfaumont.fr\/index.php\/wp-json\/wp\/v2\/media?parent=15712"}],"curies":[{"name":"wp","href":"https:\/\/api.w.org\/{rel}","templated":true}]}}