{"id":15716,"date":"2019-09-04T09:53:33","date_gmt":"2019-09-04T07:53:33","guid":{"rendered":"http:\/\/veloclubfaumont.fr\/?page_id=15716"},"modified":"2020-01-25T10:40:49","modified_gmt":"2020-01-25T09:40:49","slug":"chicon-bike-tour-2020","status":"publish","type":"page","link":"https:\/\/veloclubfaumont.fr\/index.php\/chicon-bike-tour-2020\/","title":{"rendered":"Chicon Bike Tour 2020"},"content":{"rendered":"<p><a href=\"https:\/\/veloclubfaumont.fr\/index.php\/chicon-bike-tour-2020\/flyer-cbt-2020\/\" rel=\"attachment wp-att-16535\"><img loading=\"lazy\" decoding=\"async\" class=\"size-full wp-image-16535 aligncenter\" src=\"https:\/\/veloclubfaumont.fr\/wp-content\/uploads\/2019\/12\/flyer-cbt-2020.jpg\" alt=\"\" width=\"662\" height=\"936\" srcset=\"https:\/\/veloclubfaumont.fr\/wp-content\/uploads\/2019\/12\/flyer-cbt-2020.jpg 662w, https:\/\/veloclubfaumont.fr\/wp-content\/uploads\/2019\/12\/flyer-cbt-2020-212x300.jpg 212w\" sizes=\"auto, (max-width: 662px) 100vw, 662px\" \/><\/a>1- Pr\u00e9sentation du <em><strong>Chicon Bike Tour 2020<\/strong><\/em> (page actuelle)<\/p>\n<p>2- <a href=\"https:\/\/veloclubfaumont.fr\/index.php\/chicon-bike-tour-2020-les-parcours-vtt\/\">Pr\u00e9sentation des parcours VTT<\/a> &#8211; <a href=\"https:\/\/veloclubfaumont.fr\/index.php\/2019\/12\/29\/reconnaissance-48km-vtt-du-cbt-2020\/\">Reconnaissance du 48km VTT<\/a> &#8211; <a href=\"https:\/\/veloclubfaumont.fr\/index.php\/2020\/01\/05\/debut-du-flechage-du-chicon-bike-tour\/\">Fl\u00e9chage terrestre des parcours VTT<\/a><\/p>\n<p>3- <a href=\"https:\/\/veloclubfaumont.fr\/index.php\/chicon-bike-tour-2020-les-parcours-cyclo\/\">Pr\u00e9sentation des parcours Cyclo<\/a><\/p>\n<p>4- <a href=\"https:\/\/veloclubfaumont.fr\/index.php\/chicon-bike-tour-2020-les-parcours-marche\/\">Pr\u00e9sentation des parcours Marche<\/a><\/p>\n<p>5- <a href=\"https:\/\/www.facebook.com\/events\/1316040615186189\/\" target=\"_blank\" rel=\"noopener noreferrer\">Page \u00c9v\u00e9nement sur Facebook<\/a><\/p>\n<p>6- <a href=\"https:\/\/veloclubfaumont.fr\/index.php\/2018-2\/chicon-bike-tour-2018-2\/chicon-bike-tour-2018-presentation-generale\/chicon-bike-tour-2018-partenaires-et-sponsors\/\">Nos Sponsors et partenaires<\/a><\/p>\n<p>7- <a href=\"https:\/\/veloclubfaumont.fr\/index.php\/chicon-bike-tour-2020-les-bulletins-dinscription\/\">Fiches d&rsquo;inscriptions \u00e0 t\u00e9l\u00e9charger<\/a><\/p>\n<p>8- <a href=\"https:\/\/veloclubfaumont.fr\/index.php\/2020\/01\/20\/cbt-2020-photos-videos-et-reportages\/\">Photos et lien Reportages<\/a><\/p>\n<p>9- <a href=\"https:\/\/veloclubfaumont.fr\/index.php\/2020\/01\/25\/cbt-2020-livre-dor-et-remerciements\/\">Livre d&rsquo;or et remerciements<\/a> <span style=\"font-size: 14pt; color: #ff0000;\"><strong>(nouveau)<\/strong><\/span><\/p>\n<hr>\n<hr>\n<p><span class=\"embed-youtube\" style=\"text-align:center; display: block;\"><iframe loading=\"lazy\" class=\"youtube-player\" width=\"640\" height=\"360\" src=\"https:\/\/www.youtube.com\/embed\/A8YxOedkCJo?version=3&#038;rel=1&#038;showsearch=0&#038;showinfo=1&#038;iv_load_policy=1&#038;fs=1&#038;hl=fr-FR&#038;autohide=2&#038;wmode=transparent\" allowfullscreen=\"true\" style=\"border:0;\" sandbox=\"allow-scripts allow-same-origin allow-popups allow-presentation\"><\/iframe><\/span><\/p>\n<p>&nbsp;<\/p>\n<p style=\"text-align: center;\"><a href=\"https:\/\/youtu.be\/A8YxOedkCJo\"><strong><img loading=\"lazy\" decoding=\"async\" class=\"aligncenter wp-image-83 size-large\" src=\"https:\/\/veloclubfaumont.fr\/wp-content\/uploads\/2016\/12\/DSC_0105-1024x683.jpg\" sizes=\"auto, (max-width: 1024px) 100vw, 1024px\" srcset=\"https:\/\/veloclubfaumont.fr\/wp-content\/uploads\/2016\/12\/DSC_0105-1024x683.jpg 1024w, https:\/\/veloclubfaumont.fr\/wp-content\/uploads\/2016\/12\/DSC_0105-300x200.jpg 300w, https:\/\/veloclubfaumont.fr\/wp-content\/uploads\/2016\/12\/DSC_0105-768x512.jpg 768w, https:\/\/veloclubfaumont.fr\/wp-content\/uploads\/2016\/12\/DSC_0105.jpg 1152w\" width=\"1024\" height=\"683\"><\/strong><\/a><em>accueil \u00e0 la salle des f\u00eates de Faumont (en plein centre-ville)<\/em><\/p>\n<p style=\"text-align: justify;\">Le <strong>19 janvier 2020<\/strong>, apr\u00e8s les f\u00eates de fin d\u2019ann\u00e9e, le V\u00e9loclub de Faumont (entre Douai et Orchies) organise sa fameuse rando avec 3 parcours <a href=\"https:\/\/veloclubfaumont.fr\/index.php\/chicon-bike-tour-2020-les-parcours-vtt\/\"><strong>VTT<\/strong><\/a>, 2 parcours <a href=\"https:\/\/veloclubfaumont.fr\/index.php\/chicon-bike-tour-2020-les-parcours-cyclo\/\"><strong>Cyclo<\/strong><\/a> (in\u00e9dits), et 4 parcours <a href=\"https:\/\/veloclubfaumont.fr\/index.php\/chicon-bike-tour-2020-les-parcours-marche\/\"><strong>Marche<\/strong><\/a> (in\u00e9dits aussi) de 4 \u00e0 13 km autour de la P\u00e9v\u00e8le (tarifs en bas de page).<\/p>\n<p style=\"text-align: justify;\"><strong>Miss<\/strong> ou<strong> Mister Chicon<\/strong> devrait \u00eatre l\u00e0 pour vous accueillir avec du Caf\u00e9 et des biscuits.<\/p>\n<p><img loading=\"lazy\" decoding=\"async\" class=\"aligncenter wp-image-85 size-large\" src=\"https:\/\/veloclubfaumont.fr\/wp-content\/uploads\/2016\/12\/DSC_0034-1024x683.jpg\" sizes=\"auto, (max-width: 1024px) 100vw, 1024px\" srcset=\"https:\/\/veloclubfaumont.fr\/wp-content\/uploads\/2016\/12\/DSC_0034-1024x683.jpg 1024w, https:\/\/veloclubfaumont.fr\/wp-content\/uploads\/2016\/12\/DSC_0034-300x200.jpg 300w, https:\/\/veloclubfaumont.fr\/wp-content\/uploads\/2016\/12\/DSC_0034-768x512.jpg 768w, https:\/\/veloclubfaumont.fr\/wp-content\/uploads\/2016\/12\/DSC_0034.jpg 1152w\" width=\"1024\" height=\"683\"><\/p>\n<p style=\"text-align: justify;\">Au retour \u00e0 la salle : une <strong>soupe aux chicons<\/strong> + un <strong>sandwich<\/strong> + une <strong>boisson<\/strong> au retour et un <strong>sachet de chicons en cadeau<\/strong> \u00e0 chacun des participants. <strong>Bikewash<\/strong> efficace avec de nombreux jets pour les VTT + Plusieurs <strong>photographes<\/strong> \u00e0 la salle et sur les parcours.<\/p>\n<p style=\"text-align: justify;\"><strong><img loading=\"lazy\" decoding=\"async\" class=\"alignleft wp-image-86 \" src=\"https:\/\/veloclubfaumont.fr\/wp-content\/uploads\/2016\/12\/DSC_0291-300x200.jpg\" sizes=\"auto, (max-width: 300px) 100vw, 300px\" srcset=\"https:\/\/veloclubfaumont.fr\/wp-content\/uploads\/2016\/12\/DSC_0291-300x200.jpg 300w, https:\/\/veloclubfaumont.fr\/wp-content\/uploads\/2016\/12\/DSC_0291-768x512.jpg 768w, https:\/\/veloclubfaumont.fr\/wp-content\/uploads\/2016\/12\/DSC_0291-1024x683.jpg 1024w, https:\/\/veloclubfaumont.fr\/wp-content\/uploads\/2016\/12\/DSC_0291.jpg 1152w\" width=\"372\" height=\"248\"><a href=\"https:\/\/veloclubfaumont.fr\/index.php\/2018-2\/chicon-bike-tour-2018\/\">3 parcours VTT<\/a><\/strong> : <strong>26<\/strong> \u2013 <strong>34<\/strong> et <strong>48<\/strong> <strong>km<\/strong> avec 1 ravito sur le 26 et le 34 (apr\u00e8s le terril de Leforest) + 1 second ravito au m\u00eame endroit pour le 48.&nbsp; <strong>NEWS<\/strong> : les 2 grands parcours risquent d&rsquo;\u00eatre allong\u00e9s de 2km (de Voie Verte roulante) pour \u00e9viter un dernier secteur pr\u00e9vu trop boueux avant d&rsquo;arriver \u00e0 la salle.<\/p>\n<p style=\"text-align: justify;\">A noter qu\u2019un <strong>parcours alternatif<\/strong> de <strong>40 km<\/strong> est possible en ajoutant le trac\u00e9 \u201cfacile\u201d de 26km + la <a href=\"https:\/\/veloclubfaumont.fr\/index.php\/2017\/12\/31\/cbt-2018-reco-de-la-boucle-devin\/\">boucle du Terril d\u2019Evin-Malmaison<\/a> de 14km juste apr\u00e8s le ravito de Leforest. <em>Attention, pas de balisage officiel \u201c40\u201d pour ce parcours alternatif propos\u00e9 ! Il faudra donc bien suivre les indications au d\u00e9part : suivre le 26 au d\u00e9part, puis le 48 ALLER au premier ravito vers EVIN).<\/em><\/p>\n<table border=\"1\">\n<tbody>\n<tr>\n<td><a href=\"https:\/\/veloclubfaumont.fr\/index.php\/chicon-bike-tour-2020-les-parcours-cyclo\/\"><strong>2 nouveaux parcours cyclos<\/strong><\/a> :<br \/>\n<strong>30<\/strong> ou <strong>43<\/strong> km&nbsp;&nbsp;&nbsp;&nbsp;&nbsp;&nbsp;&nbsp;&nbsp;&nbsp;&nbsp;<\/p>\n<p><a href=\"https:\/\/veloclubfaumont.fr\/index.php\/2019-2\/chicon-bike-tour-2019\/cbt-2019-presentation-generale\/img_5674\/\" rel=\"attachment wp-att-12801\"><img loading=\"lazy\" decoding=\"async\" class=\"aligncenter wp-image-12801\" src=\"https:\/\/veloclubfaumont.fr\/wp-content\/uploads\/2018\/11\/IMG_5674-1024x682.jpg\" sizes=\"auto, (max-width: 362px) 100vw, 362px\" srcset=\"https:\/\/veloclubfaumont.fr\/wp-content\/uploads\/2018\/11\/IMG_5674-1024x682.jpg 1024w, https:\/\/veloclubfaumont.fr\/wp-content\/uploads\/2018\/11\/IMG_5674-300x200.jpg 300w, https:\/\/veloclubfaumont.fr\/wp-content\/uploads\/2018\/11\/IMG_5674-768x512.jpg 768w, https:\/\/veloclubfaumont.fr\/wp-content\/uploads\/2018\/11\/IMG_5674.jpg 1037w\" alt=\"\" width=\"362\" height=\"241\"><\/a><\/td>\n<td><a href=\"https:\/\/veloclubfaumont.fr\/index.php\/chicon-bike-tour-2020-les-parcours-marche\/\"><strong>4 nouveaux Parcours marche<\/strong><\/a> :<br \/>\n<strong>5<\/strong> \u2013 <strong>8<\/strong> \u2013 <strong>10<\/strong> ou <strong>13<\/strong> km<img loading=\"lazy\" decoding=\"async\" class=\"aligncenter wp-image-87 \" src=\"https:\/\/veloclubfaumont.fr\/wp-content\/uploads\/2016\/12\/DSC06643-1024x686.jpg\" sizes=\"auto, (max-width: 300px) 100vw, 300px\" srcset=\"https:\/\/veloclubfaumont.fr\/wp-content\/uploads\/2016\/12\/DSC06643-300x201.jpg 300w, https:\/\/veloclubfaumont.fr\/wp-content\/uploads\/2016\/12\/DSC06643-768x514.jpg 768w, https:\/\/veloclubfaumont.fr\/wp-content\/uploads\/2016\/12\/DSC06643-1024x686.jpg 1024w, https:\/\/veloclubfaumont.fr\/wp-content\/uploads\/2016\/12\/DSC06643.jpg 1162w\" alt=\"\" width=\"358\" height=\"240\"><\/td>\n<\/tr>\n<\/tbody>\n<\/table>\n<p style=\"text-align: justify;\">Accueil \u00e0 la <strong>salle des f\u00eates de Faumont<\/strong>, en plein centre-ville 742, rue nationale (voie principale entre R\u00e2ches et Seclin). Inscription et d\u00e9part de 7h30 \u00e0 10h00. Bonne ambiance assur\u00e9e.<\/p>\n<p style=\"text-align: center;\"><strong>Faumont<\/strong> se situe entre Orchies et Douai :<\/p>\n<div style=\"text-align: center;\"><iframe loading=\"lazy\" src=\"https:\/\/www.google.com\/maps\/embed?pb=!1m18!1m12!1m3!1d5080.229547170024!2d3.136463915154953!3d50.4575873947326!2m3!1f0!2f0!3f0!3m2!1i1024!2i768!4f13.1!3m3!1m2!1s0x47c2cfcf6c4a8b29%3A0x4de9d4ead86e6e55!2s767+Rue+nationale%2C+59310+Faumont!5e0!3m2!1sfr!2sfr!4v1474799079666\" allowfullscreen=\"allowfullscreen\" data-mce-fragment=\"1\" width=\"600\" height=\"450\" frameborder=\"0\"><\/iframe><\/div>\n<p style=\"text-align: justify;\"><strong>Participation : <\/strong>(les bulletins d\u2019inscriptions sont d&rsquo;ores et d\u00e9j\u00e0 <a href=\"https:\/\/veloclubfaumont.fr\/index.php\/chicon-bike-tour-2020-les-bulletins-dinscription\/\">t\u00e9l\u00e9chargeables ici<\/a>, pour les imprimer et les pr\u00e9senter remplis \u00e0 l\u2019accueil pour gagner du temps)<strong><br \/>\n<\/strong><\/p>\n<p><strong>VTT individuel<\/strong> : 5\u20ac&nbsp;&nbsp; <strong>VTT Club<\/strong> : 4,50\u20ac<br \/>\n<strong>Cyclo Individuel<\/strong> : 4\u20ac&nbsp; <strong>Cyclo club<\/strong> : 3,50\u20ac<br \/>\n<strong>Marche Individuelle<\/strong> : 3,50\u20ac&nbsp; <strong>Marche Club<\/strong> : 3\u20ac<\/p>\n<p><em>NB : toutes ces informations sont susceptibles d\u2019\u00eatre modifi\u00e9es d\u2019ici le 19 janvier 2020.<\/em><\/p>\n<hr>\n<p style=\"text-align: center;\"><iframe loading=\"lazy\" src=\"https:\/\/www.youtube.com\/embed\/gQWpI-1Z0mI\" allowfullscreen=\"allowfullscreen\" data-mce-fragment=\"1\" width=\"751\" height=\"480\" frameborder=\"0\"><\/iframe><br \/>\n<em>Comme pour notre Nocturne, <strong>tout le monde<\/strong> empruntera<br \/>\nd\u00e9sormais les 3km du <strong>single des Sorci\u00e8res <\/strong><\/em><strong>(VTT)<\/strong><em> !<\/em><strong><br \/>\n<\/strong><\/p>\n<table style=\"width: 100%; border-collapse: collapse; background-color: #ed9d9d;\" border=\"1\">\n<tbody>\n<tr>\n<td style=\"width: 100%; text-align: justify;\"><span style=\"font-size: 14pt;\"><strong>Si le jour J, il y aura trop de boue dans le secteur final du 34 et 48km VTT, on vous fera retrouver la salle par la Voie Verte du P\u00e9v\u00e8le (avec 2km en plus mais sans gadoue).<\/strong><\/span><\/td>\n<\/tr>\n<\/tbody>\n<\/table>\n<p style=\"text-align: justify;\">Cette ann\u00e9e,&nbsp; notre&nbsp; partenaire <a href=\"https:\/\/www.facebook.com\/energieveloorchies\/\" target=\"_blank\" rel=\"noopener noreferrer\"><strong>Energie V\u00e9lo Orchies<\/strong><\/a> sera encore pr\u00e9sent avec un stand atelier \u00e0 la sortie de la salle pour les diff\u00e9rents r\u00e9glages et autres petites r\u00e9parations avant et apr\u00e8s le d\u00e9part. Le magasin vous fournira \u00e9galement les plaques de cadre VTT.<\/p>\n<p style=\"text-align: center;\"><a href=\"https:\/\/veloclubfaumont.fr\/index.php\/chicon-bike-tour-2020\/accueil-_51\/\" rel=\"attachment wp-att-16069\"><img loading=\"lazy\" decoding=\"async\" class=\"aligncenter size-full wp-image-16069\" src=\"https:\/\/veloclubfaumont.fr\/wp-content\/uploads\/2019\/10\/Accueil-_51.jpg\" alt=\"\" width=\"1382\" height=\"922\" srcset=\"https:\/\/veloclubfaumont.fr\/wp-content\/uploads\/2019\/10\/Accueil-_51.jpg 1382w, https:\/\/veloclubfaumont.fr\/wp-content\/uploads\/2019\/10\/Accueil-_51-300x200.jpg 300w, https:\/\/veloclubfaumont.fr\/wp-content\/uploads\/2019\/10\/Accueil-_51-768x512.jpg 768w, https:\/\/veloclubfaumont.fr\/wp-content\/uploads\/2019\/10\/Accueil-_51-1024x683.jpg 1024w\" sizes=\"auto, (max-width: 1382px) 100vw, 1382px\" \/><\/a><a href=\"https:\/\/veloclubfaumont.fr\/index.php\/chicon-bike-tour-2020\/plaque-vtt-cbt-2020\/\" rel=\"attachment wp-att-16887\"><img loading=\"lazy\" decoding=\"async\" class=\"alignright size-full wp-image-16887\" src=\"https:\/\/veloclubfaumont.fr\/wp-content\/uploads\/2020\/01\/plaque-vtt-cbt-2020.jpg\" alt=\"\" width=\"717\" height=\"500\" srcset=\"https:\/\/veloclubfaumont.fr\/wp-content\/uploads\/2020\/01\/plaque-vtt-cbt-2020.jpg 717w, https:\/\/veloclubfaumont.fr\/wp-content\/uploads\/2020\/01\/plaque-vtt-cbt-2020-300x209.jpg 300w\" sizes=\"auto, (max-width: 717px) 100vw, 717px\" \/><\/a><\/p>\n<p style=\"text-align: center;\"><em>plaque de cadre VTT pour les 1400 premiers inscrits<\/em><br \/>\n<em>(offerte par notre partenaire <a href=\"https:\/\/www.facebook.com\/energieveloorchies\/\" target=\"_blank\" rel=\"noopener noreferrer\">Energie V\u00e9lo Orchies<\/a>)<\/em><\/p>\n<p style=\"text-align: justify;\"><strong>Offre Sp\u00e9ciale Chicon Bike Tour<\/strong> chez notre partenaire <strong>Energie V\u00e9lo Orchies :<\/strong><br \/>\n&#8211; Gants Rafal N\u00e9opr\u00e8ne hiver : 34\u20ac au lieu de 46\u20ac<br \/>\n&#8211; Gants Mid-R mi-saison : 25\u20ac au lieu de 35\u20ac<br \/>\n<span class=\"_5mfr\"><span class=\"_6qdm\">&#x26a0;&#xfe0f;<\/span><\/span> Code<strong> VCF<\/strong> \u00e0 prononcer \u00e0 la caisse pour b\u00e9n\u00e9ficier de la r\u00e9duction <span class=\"_5mfr\"><span class=\"_6qdm\">&#x26a0;&#xfe0f;<\/span><\/span><br \/>\nOffre valable d\u00e8s ce samedi 04\/01\/2020 jusqu\u2019au jour de l\u2019\u00e9v\u00e8nement selon disponibilit\u00e9 en magasin.<a class=\"_58cn\" href=\"https:\/\/www.facebook.com\/hashtag\/energieveloorchies?source=feed_text&amp;epa=HASHTAG&amp;__xts__%5B0%5D=68.ARBORcLLAZJ2ig8TtYmIy4DPBFgKUaPP5y5_ItbN9mT_t4nkH4gp8OaAd8jJe8g81PXE84DZeGp4DWrE_CheVhnZVfXelN6TURifvaGjZe0AO7ATSSpyV57KuRRLZgfJo8lAHlQf8Hp9WLkQuOsJ6VVs0y5XX3nwT2kwFSVcW4S7Vf5O1ewizqM2zHOyMDe3Dxv4kzDpHui1pnamp6K7_MT5V7h6niUC2ttYujmxo4WMjG6w1FT6PYfj8gnxrcO7zQZhc2SSs2BTrP0HXpKtKLdrA9NQ1BJpSsfWvP6AMenT9gAZiUIi3PhCx1XmdyOhDfVdHyM&amp;__tn__=%2ANK-R\" data-ft=\"{&quot;type&quot;:104,&quot;tn&quot;:&quot;*N&quot;}\"><span class=\"_5afx\"><span class=\"_58cl _5afz\" aria-label=\"hashtag\"> #<\/span><span class=\"_58cm\">energieveloorchies<\/span><\/span><\/a><\/p>\n<p style=\"text-align: center;\"><a href=\"https:\/\/veloclubfaumont.fr\/index.php\/chicon-bike-tour-2020\/chicon-bike-tour-2020-offre-speciale-energie-velo-orchies\/\" rel=\"attachment wp-att-16813\"><img loading=\"lazy\" decoding=\"async\" class=\"alignright size-full wp-image-16813\" src=\"https:\/\/veloclubfaumont.fr\/wp-content\/uploads\/2020\/01\/Chicon-Bike-Tour-2020-Offre-sp\u00e9ciale-Energie-V\u00e9lo-Orchies.jpg\" alt=\"\" width=\"940\" height=\"788\" srcset=\"https:\/\/veloclubfaumont.fr\/wp-content\/uploads\/2020\/01\/Chicon-Bike-Tour-2020-Offre-sp\u00e9ciale-Energie-V\u00e9lo-Orchies.jpg 940w, https:\/\/veloclubfaumont.fr\/wp-content\/uploads\/2020\/01\/Chicon-Bike-Tour-2020-Offre-sp\u00e9ciale-Energie-V\u00e9lo-Orchies-300x251.jpg 300w, https:\/\/veloclubfaumont.fr\/wp-content\/uploads\/2020\/01\/Chicon-Bike-Tour-2020-Offre-sp\u00e9ciale-Energie-V\u00e9lo-Orchies-768x644.jpg 768w\" sizes=\"auto, (max-width: 940px) 100vw, 940px\" \/><\/a><\/p>\n<p>&nbsp;<\/p>\n<hr>\n<p>&nbsp;<\/p>\n<p>&nbsp;<\/p>\n<p style=\"text-align: justify;\"><em>&nbsp;<\/em><\/p>\n<hr>\n<table style=\"border-collapse: collapse; width: 100%;\" border=\"1\">\n<tbody>\n<tr>\n<td style=\"width: 100%; text-align: justify;\"><span style=\"font-size: 14pt;\"><strong>BONUS gourmand&nbsp;<\/strong> : <strong><em>recette de la soupe aux chicons<\/em><\/strong> : <span class=\" UFICommentActorAndBody\"> <span class=\"UFICommentBody\">800gr de chicons, 80 gr de beurre, 2 carottes, 1 oignon, 2dl de cr\u00e8me fraiche, 2 l de bouillon de volaille. Faire revenir dans le beurre oignons, carottes, chicons, et ensuite mettre le bouillon pour faire cuire, puis mixer et cr\u00e8me dans le bol ou assiette.<\/span><\/span><\/span>&nbsp;&nbsp;&nbsp;&nbsp;&nbsp;&nbsp;&nbsp;&nbsp;<\/p>\n<p style=\"text-align: center;\"><a href=\"https:\/\/veloclubfaumont.fr\/index.php\/chicon-bike-tour-2020\/dsc_0047-5\/\" rel=\"attachment wp-att-16197\"><img loading=\"lazy\" decoding=\"async\" class=\"aligncenter size-full wp-image-16197\" src=\"https:\/\/veloclubfaumont.fr\/wp-content\/uploads\/2019\/10\/DSC_0047.jpg\" alt=\"\" width=\"1382\" height=\"922\" srcset=\"https:\/\/veloclubfaumont.fr\/wp-content\/uploads\/2019\/10\/DSC_0047.jpg 1382w, https:\/\/veloclubfaumont.fr\/wp-content\/uploads\/2019\/10\/DSC_0047-300x200.jpg 300w, https:\/\/veloclubfaumont.fr\/wp-content\/uploads\/2019\/10\/DSC_0047-768x512.jpg 768w, https:\/\/veloclubfaumont.fr\/wp-content\/uploads\/2019\/10\/DSC_0047-1024x683.jpg 1024w\" sizes=\"auto, (max-width: 1382px) 100vw, 1382px\" \/><\/a><em>un vrai r\u00e9gal !<\/em><\/p>\n<\/td>\n<\/tr>\n<\/tbody>\n<\/table>\n<p style=\"text-align: justify;\"><span class=\" UFICommentActorAndBody\"><span data-ft=\"{&quot;tn&quot;:&quot;K&quot;}\"><span class=\"UFICommentBody\">&nbsp;<\/span><\/span><\/span><\/p>\n","protected":false},"excerpt":{"rendered":"<p>1- Pr\u00e9sentation du Chicon Bike Tour 2020 (page actuelle) 2- Pr\u00e9sentation des parcours VTT &#8211; Reconnaissance du 48km VTT &#8211; Fl\u00e9chage terrestre des parcours VTT 3- Pr\u00e9sentation des parcours Cyclo&#8230;<\/p>\n","protected":false},"author":1,"featured_media":0,"parent":0,"menu_order":0,"comment_status":"closed","ping_status":"closed","template":"","meta":{"ngg_post_thumbnail":0,"jetpack_post_was_ever_published":false,"two_page_speed":[],"footnotes":""},"class_list":["post-15716","page","type-page","status-publish","hentry"],"jetpack_sharing_enabled":true,"jetpack_shortlink":"https:\/\/wp.me\/P8bXJp-45u","_links":{"self":[{"href":"https:\/\/veloclubfaumont.fr\/index.php\/wp-json\/wp\/v2\/pages\/15716","targetHints":{"allow":["GET"]}}],"collection":[{"href":"https:\/\/veloclubfaumont.fr\/index.php\/wp-json\/wp\/v2\/pages"}],"about":[{"href":"https:\/\/veloclubfaumont.fr\/index.php\/wp-json\/wp\/v2\/types\/page"}],"author":[{"embeddable":true,"href":"https:\/\/veloclubfaumont.fr\/index.php\/wp-json\/wp\/v2\/users\/1"}],"replies":[{"embeddable":true,"href":"https:\/\/veloclubfaumont.fr\/index.php\/wp-json\/wp\/v2\/comments?post=15716"}],"version-history":[{"count":0,"href":"https:\/\/veloclubfaumont.fr\/index.php\/wp-json\/wp\/v2\/pages\/15716\/revisions"}],"wp:attachment":[{"href":"https:\/\/veloclubfaumont.fr\/index.php\/wp-json\/wp\/v2\/media?parent=15716"}],"curies":[{"name":"wp","href":"https:\/\/api.w.org\/{rel}","templated":true}]}}