{"id":24,"date":"2016-12-09T23:04:42","date_gmt":"2016-12-09T22:04:42","guid":{"rendered":"http:\/\/veloclubfaumont.fr\/?page_id=24"},"modified":"2026-02-21T15:38:16","modified_gmt":"2026-02-21T14:38:16","slug":"a-propos","status":"publish","type":"page","link":"https:\/\/veloclubfaumont.fr\/index.php\/a-propos\/","title":{"rendered":"Le Club"},"content":{"rendered":"<p style=\"text-align: justify;\"><a href=\"https:\/\/veloclubfaumont.fr\/index.php\/a-propos\/logo_vcf_fondnoir\/\" rel=\"attachment wp-att-8947\"><img loading=\"lazy\" decoding=\"async\" class=\"alignright wp-image-8947\" src=\"https:\/\/veloclubfaumont.fr\/wp-content\/uploads\/2016\/12\/logo_VCF_fondnoir-763x1024.jpg\" alt=\"\" width=\"290\" height=\"389\" srcset=\"https:\/\/veloclubfaumont.fr\/wp-content\/uploads\/2016\/12\/logo_VCF_fondnoir-763x1024.jpg 763w, https:\/\/veloclubfaumont.fr\/wp-content\/uploads\/2016\/12\/logo_VCF_fondnoir-224x300.jpg 224w, https:\/\/veloclubfaumont.fr\/wp-content\/uploads\/2016\/12\/logo_VCF_fondnoir-768x1031.jpg 768w, https:\/\/veloclubfaumont.fr\/wp-content\/uploads\/2016\/12\/logo_VCF_fondnoir.jpg 1059w\" sizes=\"auto, (max-width: 290px) 100vw, 290px\" \/><\/a>N\u00e9 en 1983, le <strong>V\u00e9lo Club de Faumont<\/strong> (village du Nord situ\u00e9 entre Lille, Douai et Valenciennes) accueille des cyclistes amoureux du v\u00e9lo. Compos\u00e9 de \u00ab routards \u00bb et de \u00ab V\u00e9t\u00e9tistes \u00bb, nous roulons tous les dimanches matins autour de la P\u00e9v\u00e8le\u2026<\/p>\n<p style=\"text-align: justify;\">Nous organisons 2 grandes \u00e9v\u00e9nements dans l&rsquo;ann\u00e9e : le <em><strong>Chicon Bike Tour<\/strong><\/em> \u00e0 la mi-janvier qui attire presque 2000 randonneurs (VTT, cyclos et marcheurs) et une <strong>Nocturne VTT<\/strong> festive \u00e0 la fin ao\u00fbt (avec plus de 700 participants).<\/p>\n<p style=\"text-align: justify;\">A la suite de l&rsquo;<a href=\"https:\/\/veloclubfaumont.fr\/index.php\/2018\/02\/11\/assemblee-generale-2017-le-reportage\/\"><strong>Assembl\u00e9e G\u00e9n\u00e9rale du club 2017<\/strong><\/a> en f\u00e9vrier 2018, quelques changement au sein du Bureau se sont produits : notre ancien Pr\u00e9sident historique <a href=\"https:\/\/veloclubfaumont.fr\/index.php\/2018\/02\/14\/gilles-barbieux-ou-les-35-premieres-annees-du-vc-faumont\/\"><strong>Gilles Barbieux<\/strong><\/a> prend sa retraite professionnelle mais aussi associative \u00e0 la t\u00eate du v\u00e9loclub qu&rsquo;il a cr\u00e9\u00e9 en 1983 et c&rsquo;est maintenant <strong>Denis RATON<\/strong> qui depuis ce d\u00e9part est le Pr\u00e9sident du VC Faumont.<\/p>\n<p><a href=\"https:\/\/veloclubfaumont.fr\/index.php\/2018\/02\/14\/gilles-barbieux-ou-les-35-premieres-annees-du-vc-faumont\/\">Gilou ou les 35 premi\u00e8res ann\u00e9es du club<\/a>.<\/p>\n<h4><em>Le Bureau (2026)<\/em> :<\/h4>\n<p><strong>Le Pr\u00e9sident<\/strong> : Denis Raton (VTT)<\/p>\n<p><strong>Le Tr\u00e9sorier<\/strong> : Vincent Lestriez (VTT)<\/p>\n<p><strong>Le Secr\u00e9taire<\/strong> : David Demagny (VTT)<\/p>\n<p style=\"text-align: justify;\"><strong>Responsable M\u00e9dia &amp; Relations publiques<\/strong> (site internet, Facebook, photos, reportages&#8230;) : Jean-Louis Og\u00e9 (VTT)<\/p>\n<p><strong>Autres membres<\/strong> : Vincent Delaval (VTT\/GRAVEL), Guillaume Leroy (VTT et cyclo), Richard P\u00e9tula (cyclo &amp; VTT), Fr\u00e9d\u00e9ric Bondue (cyclo &amp; VTT), Ga\u00ebtan Boilly (VTT &amp; cyclo)<\/p>\n<p style=\"text-align: center;\"><strong>O\u00f9 se trouve Faumont :<\/strong><\/p>\n<p style=\"text-align: center;\"><iframe loading=\"lazy\" src=\"https:\/\/www.google.com\/maps\/embed?pb=!1m18!1m12!1m3!1d5080.229547170024!2d3.136463915154953!3d50.4575873947326!2m3!1f0!2f0!3f0!3m2!1i1024!2i768!4f13.1!3m3!1m2!1s0x47c2cfcf6c4a8b29%3A0x4de9d4ead86e6e55!2s767+Rue+nationale%2C+59310+Faumont!5e0!3m2!1sfr!2sfr!4v1474799079666\" width=\"600\" height=\"450\" frameborder=\"0\" allowfullscreen=\"allowfullscreen\" data-mce-fragment=\"1\"><\/iframe><\/p>\n<p style=\"text-align: center;\"><strong>Les Trombinoscopes du VCF 2018 :<\/strong><\/p>\n<p style=\"text-align: center;\"><em>les membres du VCF (2018) :<\/em><\/p>\n<p style=\"text-align: center;\"><a href=\"https:\/\/veloclubfaumont.fr\/index.php\/a-propos\/panini-2018-1\/\" rel=\"attachment wp-att-10005\"><img loading=\"lazy\" decoding=\"async\" class=\"aligncenter size-large wp-image-10005\" src=\"https:\/\/veloclubfaumont.fr\/wp-content\/uploads\/2018\/02\/panini-2018-1-1024x1024.jpg\" alt=\"\" width=\"1024\" height=\"1024\" srcset=\"https:\/\/veloclubfaumont.fr\/wp-content\/uploads\/2018\/02\/panini-2018-1-1024x1024.jpg 1024w, https:\/\/veloclubfaumont.fr\/wp-content\/uploads\/2018\/02\/panini-2018-1-150x150.jpg 150w, https:\/\/veloclubfaumont.fr\/wp-content\/uploads\/2018\/02\/panini-2018-1-300x300.jpg 300w, https:\/\/veloclubfaumont.fr\/wp-content\/uploads\/2018\/02\/panini-2018-1-768x768.jpg 768w, https:\/\/veloclubfaumont.fr\/wp-content\/uploads\/2018\/02\/panini-2018-1.jpg 1200w\" sizes=\"auto, (max-width: 1024px) 100vw, 1024px\" \/><\/a> <a href=\"https:\/\/veloclubfaumont.fr\/index.php\/a-propos\/panini-2018-2\/\" rel=\"attachment wp-att-10006\"><img loading=\"lazy\" decoding=\"async\" class=\"aligncenter size-large wp-image-10006\" src=\"https:\/\/veloclubfaumont.fr\/wp-content\/uploads\/2018\/02\/panini-2018-2-1024x1024.jpg\" alt=\"\" width=\"1024\" height=\"1024\" srcset=\"https:\/\/veloclubfaumont.fr\/wp-content\/uploads\/2018\/02\/panini-2018-2-1024x1024.jpg 1024w, https:\/\/veloclubfaumont.fr\/wp-content\/uploads\/2018\/02\/panini-2018-2-150x150.jpg 150w, https:\/\/veloclubfaumont.fr\/wp-content\/uploads\/2018\/02\/panini-2018-2-300x300.jpg 300w, https:\/\/veloclubfaumont.fr\/wp-content\/uploads\/2018\/02\/panini-2018-2-768x768.jpg 768w, https:\/\/veloclubfaumont.fr\/wp-content\/uploads\/2018\/02\/panini-2018-2.jpg 1200w\" sizes=\"auto, (max-width: 1024px) 100vw, 1024px\" \/><\/a> <a href=\"https:\/\/veloclubfaumont.fr\/index.php\/a-propos\/panini-2018-3\/\" rel=\"attachment wp-att-10007\"><img loading=\"lazy\" decoding=\"async\" class=\"aligncenter size-large wp-image-10007\" src=\"https:\/\/veloclubfaumont.fr\/wp-content\/uploads\/2018\/02\/panini-2018-3-1024x1024.jpg\" alt=\"\" width=\"1024\" height=\"1024\" srcset=\"https:\/\/veloclubfaumont.fr\/wp-content\/uploads\/2018\/02\/panini-2018-3-1024x1024.jpg 1024w, https:\/\/veloclubfaumont.fr\/wp-content\/uploads\/2018\/02\/panini-2018-3-150x150.jpg 150w, https:\/\/veloclubfaumont.fr\/wp-content\/uploads\/2018\/02\/panini-2018-3-300x300.jpg 300w, https:\/\/veloclubfaumont.fr\/wp-content\/uploads\/2018\/02\/panini-2018-3-768x768.jpg 768w, https:\/\/veloclubfaumont.fr\/wp-content\/uploads\/2018\/02\/panini-2018-3.jpg 1200w\" sizes=\"auto, (max-width: 1024px) 100vw, 1024px\" \/><\/a><\/p>\n<p style=\"text-align: center;\"><a href=\"https:\/\/veloclubfaumont.fr\/index.php\/a-propos\/vtt2016-bis\/\" rel=\"attachment wp-att-3126\"><img loading=\"lazy\" decoding=\"async\" class=\"aligncenter size-full wp-image-3126\" src=\"https:\/\/veloclubfaumont.fr\/wp-content\/uploads\/2016\/12\/vtt2016-bis.jpg\" alt=\"\" width=\"900\" height=\"1000\" srcset=\"https:\/\/veloclubfaumont.fr\/wp-content\/uploads\/2016\/12\/vtt2016-bis.jpg 900w, https:\/\/veloclubfaumont.fr\/wp-content\/uploads\/2016\/12\/vtt2016-bis-270x300.jpg 270w, https:\/\/veloclubfaumont.fr\/wp-content\/uploads\/2016\/12\/vtt2016-bis-768x853.jpg 768w\" sizes=\"auto, (max-width: 900px) 100vw, 900px\" \/><\/a><\/p>\n<p style=\"text-align: center;\">&nbsp;<\/p>\n<p style=\"text-align: center;\"><a href=\"https:\/\/veloclubfaumont.fr\/index.php\/a-propos\/cyclos-vcf-2016-bis\/\" rel=\"attachment wp-att-3124\"><img loading=\"lazy\" decoding=\"async\" class=\"aligncenter wp-image-3124 size-full\" src=\"https:\/\/veloclubfaumont.fr\/wp-content\/uploads\/2016\/12\/cyclos-vcf-2016-bis.jpg\" width=\"900\" height=\"1500\" srcset=\"https:\/\/veloclubfaumont.fr\/wp-content\/uploads\/2016\/12\/cyclos-vcf-2016-bis.jpg 900w, https:\/\/veloclubfaumont.fr\/wp-content\/uploads\/2016\/12\/cyclos-vcf-2016-bis-180x300.jpg 180w, https:\/\/veloclubfaumont.fr\/wp-content\/uploads\/2016\/12\/cyclos-vcf-2016-bis-768x1280.jpg 768w, https:\/\/veloclubfaumont.fr\/wp-content\/uploads\/2016\/12\/cyclos-vcf-2016-bis-614x1024.jpg 614w\" sizes=\"auto, (max-width: 900px) 100vw, 900px\" \/><\/a><\/p>\n<p style=\"text-align: center;\"><em>&nbsp;Les membres du VCF version Vignettes Panini :<\/em><a href=\"https:\/\/veloclubfaumont.fr\/index.php\/a-propos\/vcf-panini-2018\/\" rel=\"attachment wp-att-10004\"><img loading=\"lazy\" decoding=\"async\" class=\"aligncenter size-large wp-image-10004\" src=\"https:\/\/veloclubfaumont.fr\/wp-content\/uploads\/2018\/02\/vcf-panini-2018-768x1024.jpg\" alt=\"\" width=\"768\" height=\"1024\" srcset=\"https:\/\/veloclubfaumont.fr\/wp-content\/uploads\/2018\/02\/vcf-panini-2018-768x1024.jpg 768w, https:\/\/veloclubfaumont.fr\/wp-content\/uploads\/2018\/02\/vcf-panini-2018-225x300.jpg 225w, https:\/\/veloclubfaumont.fr\/wp-content\/uploads\/2018\/02\/vcf-panini-2018.jpg 1200w\" sizes=\"auto, (max-width: 768px) 100vw, 768px\" \/><\/a><\/p>\n<h3><em>Nous rejoindre<\/em><\/h3>\n<p>Vous aimez le v\u00e9lo, faire de la route dans la r\u00e9gion de la P\u00e9v\u00e8le ou parcourir les chemins de randonn\u00e9e \u00e0 VTT proches de chez vous. Vous cherchez d\u2019autres personnes qui sont anim\u00e9es par cette m\u00eame passion, alors n\u2019h\u00e9sitez pas, venez rejoindre le V\u00e9lo Club de Faumont.<\/p>\n<p>Vous y d\u00e9couvrirez un accueil convivial qui vous permettra de d\u00e9couvrir de nouveaux lieux que vous ne soup\u00e7onniez m\u00eame pas.<\/p>\n<p>Quand ils ne participent pas \u00e0 une randonn\u00e9e locale ext\u00e9rieure, les membres du club se retrouvent tous les dimanches matins entre 8h00 (pour les VTT) et 9h00 pour les cyclos (heures d\u2019hiver) devant la salle des f\u00eates de Faumont. M\u00eame si vous h\u00e9sitez encore, il est possible de ne pas s\u2019engager tout de suite et venir faire quelques essais avec nous pour voir un peu l\u2019ambiance et le niveau requis.<\/p>\n<p>Pour toute informations compl\u00e9mentaires, vous pouvez nous joindre sur vcfaumont@gmail.com<\/p>\n<p>En attendant, n\u2019h\u00e9sitez pas \u00e0 parcourir ce site ou notre page <a href=\"https:\/\/www.facebook.com\/veloclubfaumont\/\" target=\"_blank\" rel=\"noopener noreferrer\">Facebook<\/a> et voir les diff\u00e9rentes manifestations auxquelles nous avons particip\u00e9.<\/p>\n<div data-test='contact-form' id='contact-form-24' class='wp-block-jetpack-contact-form-container '>\n<form action='https:\/\/veloclubfaumont.fr\/index.php\/a-propos\/#contact-form-24' method='post' class='contact-form commentsblock'>\n<script>\n\t\t\t( function () {\n\t\t\t\tconst contact_forms = document.getElementsByClassName('contact-form');\n\n\t\t\t\tfor ( const form of contact_forms ) {\n\t\t\t\t\tform.onsubmit = function() {\n\t\t\t\t\t\tconst buttons = form.getElementsByTagName('button');\n\n\t\t\t\t\t\tfor( const button of buttons ) {\n\t\t\t\t\t\t\tbutton.setAttribute('disabled', true);\n\t\t\t\t\t\t}\n\t\t\t\t\t}\n\t\t\t\t}\n\t\t\t} )();\n\t\t<\/script>\n<div style=\"\" class='grunion-field-name-wrap grunion-field-wrap'  >\n<label\n\t\t\t\tfor='g24-nom'\n\t\t\t\tclass='grunion-field-label name'>Nom<span>(obligatoire)<\/span><\/label>\n<input\n\t\t\t\t\ttype='text'\n\t\t\t\t\tname='g24-nom'\n\t\t\t\t\tid='g24-nom'\n\t\t\t\t\tvalue=''\n\t\t\t\t\tclass='name  grunion-field' \n\t\t\t\t\trequired aria-required='true' \/>\n\t<\/div>\n\n<div style=\"\" class='grunion-field-email-wrap grunion-field-wrap'  >\n<label\n\t\t\t\tfor='g24-email'\n\t\t\t\tclass='grunion-field-label email'>E-mail<span>(obligatoire)<\/span><\/label>\n<input\n\t\t\t\t\ttype='email'\n\t\t\t\t\tname='g24-email'\n\t\t\t\t\tid='g24-email'\n\t\t\t\t\tvalue=''\n\t\t\t\t\tclass='email  grunion-field' \n\t\t\t\t\trequired aria-required='true' \/>\n\t<\/div>\n\n<div style=\"\" class='grunion-field-url-wrap grunion-field-wrap'  >\n<label\n\t\t\t\tfor='g24-siteweb'\n\t\t\t\tclass='grunion-field-label url'>Site Web<\/label>\n<input\n\t\t\t\t\ttype='text'\n\t\t\t\t\tname='g24-siteweb'\n\t\t\t\t\tid='g24-siteweb'\n\t\t\t\t\tvalue=''\n\t\t\t\t\tclass='url  grunion-field' \n\t\t\t\t\ttitle=\"Veuillez saisir une URL valide - https:\/\/www.exemple.fr\" oninvalid=\"setCustomValidity(&quot;Veuillez saisir une URL valide - https:\/\/www.exemple.fr&quot;)\" oninput=\"setCustomValidity(&quot;&quot;)\" pattern=\"(([:\\\/a-zA-Z0-9_\\-]+)?(\\.[a-zA-Z0-9_\\-\\\/]+)+)\" data-type-override=\"url\"  \/>\n\t<\/div>\n\n<div style=\"\" class='grunion-field-textarea-wrap grunion-field-wrap'  >\n<label\n\t\t\t\tfor='contact-form-comment-g24-commentaire'\n\t\t\t\tclass='grunion-field-label textarea'>Commentaire<span>(obligatoire)<\/span><\/label>\n<textarea\n\t\t                style=''\n\t\t                name='g24-commentaire'\n\t\t                id='contact-form-comment-g24-commentaire'\n\t\t                rows='20' class='textarea  grunion-field'  required aria-required='true'><\/textarea>\n\t<\/div>\n\t<p class='contact-submit'>\n\t\t<button type='submit' class='pushbutton-wide'>Envoyer<\/button>\t\t<input type='hidden' name='contact-form-id' value='24' \/>\n\t\t<input type='hidden' name='action' value='grunion-contact-form' \/>\n\t\t<input type='hidden' name='contact-form-hash' value='95c90fdd991d11ab8520ba428d4956383eed88fd' \/>\n\t<\/p>\n<p style=\"display: none !important;\"><label>&#916;<textarea name=\"ak_hp_textarea\" cols=\"45\" rows=\"8\" maxlength=\"100\"><\/textarea><\/label><input type=\"hidden\" id=\"ak_js_1\" name=\"ak_js\" value=\"114\"\/><script>document.getElementById( \"ak_js_1\" ).setAttribute( \"value\", ( new Date() ).getTime() );<\/script><\/p><\/form>\n<\/div>\n<p style=\"text-align: center;\">&nbsp;<\/p>\n","protected":false},"excerpt":{"rendered":"<p>N\u00e9 en 1983, le V\u00e9lo Club de Faumont (village du Nord situ\u00e9 entre Lille, Douai et Valenciennes) accueille des cyclistes amoureux du v\u00e9lo. Compos\u00e9 de \u00ab routards \u00bb et de&#8230;<\/p>\n","protected":false},"author":1,"featured_media":0,"parent":0,"menu_order":0,"comment_status":"closed","ping_status":"closed","template":"","meta":{"ngg_post_thumbnail":0,"jetpack_post_was_ever_published":false,"two_page_speed":[],"footnotes":""},"class_list":["post-24","page","type-page","status-publish","hentry"],"jetpack_sharing_enabled":true,"jetpack_shortlink":"https:\/\/wp.me\/P8bXJp-o","_links":{"self":[{"href":"https:\/\/veloclubfaumont.fr\/index.php\/wp-json\/wp\/v2\/pages\/24","targetHints":{"allow":["GET"]}}],"collection":[{"href":"https:\/\/veloclubfaumont.fr\/index.php\/wp-json\/wp\/v2\/pages"}],"about":[{"href":"https:\/\/veloclubfaumont.fr\/index.php\/wp-json\/wp\/v2\/types\/page"}],"author":[{"embeddable":true,"href":"https:\/\/veloclubfaumont.fr\/index.php\/wp-json\/wp\/v2\/users\/1"}],"replies":[{"embeddable":true,"href":"https:\/\/veloclubfaumont.fr\/index.php\/wp-json\/wp\/v2\/comments?post=24"}],"version-history":[{"count":4,"href":"https:\/\/veloclubfaumont.fr\/index.php\/wp-json\/wp\/v2\/pages\/24\/revisions"}],"predecessor-version":[{"id":69430,"href":"https:\/\/veloclubfaumont.fr\/index.php\/wp-json\/wp\/v2\/pages\/24\/revisions\/69430"}],"wp:attachment":[{"href":"https:\/\/veloclubfaumont.fr\/index.php\/wp-json\/wp\/v2\/media?parent=24"}],"curies":[{"name":"wp","href":"https:\/\/api.w.org\/{rel}","templated":true}]}}