{"id":26570,"date":"2021-02-10T10:52:02","date_gmt":"2021-02-10T09:52:02","guid":{"rendered":"http:\/\/veloclubfaumont.fr\/?page_id=26570"},"modified":"2026-01-01T13:48:39","modified_gmt":"2026-01-01T12:48:39","slug":"les-bases-vtt-en-france","status":"publish","type":"page","link":"https:\/\/veloclubfaumont.fr\/index.php\/les-bases-vtt-en-france\/","title":{"rendered":"Les bases VTT en France"},"content":{"rendered":"<table style=\"width: 100%; border-collapse: collapse; background-color: #e88484;\" border=\"1\">\n<tbody>\n<tr>\n<td style=\"width: 100%;\">\n<h3><strong>Nouveaut\u00e9<\/strong> : une nouvelle appli int\u00e9ressante vient d&rsquo;\u00eatre lanc\u00e9e. <a href=\"https:\/\/kaminoguide.com\/\" target=\"_blank\" rel=\"noopener\"><strong>KAMINO GUIDE<\/strong><\/a> regroupe notamment les circuits des diff\u00e9rents sites VTT FFC. Vous pourrez donc facilement suivre sur votre portable la trace que vous aurez choisie dans une biblioth\u00e8que de parcours assez compl\u00e8te.<\/h3>\n<\/td>\n<\/tr>\n<\/tbody>\n<\/table>\n<p style=\"text-align: justify;\">Depuis quelques ann\u00e9es, je vous propose des dossiers sur les bases VTT pr\u00e9sentes en France. Dans ces derniers, j&rsquo;y ai recens\u00e9 dans un m\u00eame lieu toutes les informations disponibles (et bien souvent dispers\u00e9es) sur internet avec quand il \u00e9tait possible une carte PDF grand format des divers circuits, un lien pour retrouver les traces GPX, des topos, des reportages photos et une vid\u00e9o pour illustrer le coin.<\/p>\n<p style=\"text-align: justify;\">Pour ne pas \u00eatre trop inond\u00e9 par les infos, j&rsquo;ai d\u00e9coup\u00e9 la France en plusieurs grandes r\u00e9gions :<\/p>\n<ul>\n<li><a href=\"https:\/\/veloclubfaumont.fr\/index.php\/2020\/08\/11\/bases-et-circuits-vtt-dans-les-hauts-de-france\/\">Les Hauts de France<\/a> (o\u00f9 est situ\u00e9 le V\u00e9loclub de Faumont)<\/li>\n<li><a href=\"https:\/\/veloclubfaumont.fr\/index.php\/2020\/10\/31\/bases-et-circuits-vtt-en-normandie\/\">La Normandie<\/a> + compte rendu de vacances VTT en <a href=\"https:\/\/veloclubfaumont.fr\/index.php\/2020\/05\/03\/la-suisse-normande-en-vtt\/\">Suisse Normande<\/a><\/li>\n<li><a href=\"https:\/\/veloclubfaumont.fr\/index.php\/2020\/05\/10\/bases-et-circuits-vtt-en-bretagne\/\">La Bretagne<\/a><\/li>\n<li><a href=\"https:\/\/veloclubfaumont.fr\/index.php\/2020\/06\/27\/bases-vtt-le-grand-centre\/\">Le Grand Centre<\/a> + compte rendu de <a href=\"https:\/\/veloclubfaumont.fr\/index.php\/2020\/07\/28\/mes-vacances-vtt-dans-le-centre-de-la-france-1-3\/\">vacances VTT<\/a> (en 3 parties) &#8211; <a href=\"https:\/\/veloclubfaumont.fr\/index.php\/2025\/10\/22\/mes-vacances-vtt-dans-le-perche\/\">Perche<\/a> &#8211; <a href=\"https:\/\/veloclubfaumont.fr\/index.php\/2025\/10\/29\/mes-vacances-vtt-dans-le-centre-sud-berry\/\">Sud Berry<\/a><\/li>\n<li><a href=\"https:\/\/veloclubfaumont.fr\/index.php\/2020\/06\/10\/bases-et-circuits-vtt-dans-le-grand-est\/\">Le Grand Est<\/a> + compte rendu de vacances dans <a href=\"https:\/\/veloclubfaumont.fr\/index.php\/2018\/07\/31\/vacances-vtt-dans-les-vosges-partie-1-sur-3\/\">les Vosges<\/a> et <a href=\"https:\/\/veloclubfaumont.fr\/index.php\/2020\/04\/26\/vacances-vtt-dans-le-jura\/\">le Jura<\/a><\/li>\n<li><a href=\"https:\/\/veloclubfaumont.fr\/index.php\/2021\/01\/20\/bases-et-circuits-vtt-dans-le-grand-sud-ouest-1-2\/\">Le Grand Sud-Ouest<\/a> (en 2 parties)<\/li>\n<li><a href=\"https:\/\/veloclubfaumont.fr\/index.php\/2021\/02\/09\/bases-et-circuits-vtt-dans-le-grand-sud-est\/\">Le Grand Sud-Est<\/a><\/li>\n<\/ul>\n<p style=\"text-align: center;\">Carte interactive (en cours d&rsquo;\u00e9laboration) des bases VTT en France (avec liens directs vers les dossiers sur notre site) :<\/p>\n<p style=\"text-align: center;\"><iframe loading=\"lazy\" src=\"https:\/\/www.google.com\/maps\/d\/embed?mid=18b426TZ4ZiNX-X3uv_LaOJKi685mQ9Sl&amp;hl=fr\" width=\"640\" height=\"480\"><\/iframe><\/p>\n<p style=\"text-align: center;\"><a href=\"https:\/\/veloclubfaumont.fr\/wp-content\/uploads\/2021\/02\/carte-france-bases-vtt.jpg\"><img loading=\"lazy\" decoding=\"async\" class=\"aligncenter wp-image-26572 size-full\" src=\"https:\/\/veloclubfaumont.fr\/wp-content\/uploads\/2021\/02\/carte-france-bases-vtt.jpg\" alt=\"\" width=\"1786\" height=\"1263\" srcset=\"https:\/\/veloclubfaumont.fr\/wp-content\/uploads\/2021\/02\/carte-france-bases-vtt.jpg 1786w, https:\/\/veloclubfaumont.fr\/wp-content\/uploads\/2021\/02\/carte-france-bases-vtt-300x212.jpg 300w, https:\/\/veloclubfaumont.fr\/wp-content\/uploads\/2021\/02\/carte-france-bases-vtt-1024x724.jpg 1024w, https:\/\/veloclubfaumont.fr\/wp-content\/uploads\/2021\/02\/carte-france-bases-vtt-768x543.jpg 768w, https:\/\/veloclubfaumont.fr\/wp-content\/uploads\/2021\/02\/carte-france-bases-vtt-1536x1086.jpg 1536w\" sizes=\"auto, (max-width: 1786px) 100vw, 1786px\" \/><\/a><\/p>\n<p style=\"text-align: justify;\">Si vous voyez des oublis, des erreurs, des pr\u00e9cisions \u00e0 donner ou toutes autres informations \u00e0 ajouter, n&rsquo;h\u00e9sitez pas \u00e0 me contacter !<\/p>\n<p>Jean-Louis<\/p>\n","protected":false},"excerpt":{"rendered":"<p>Nouveaut\u00e9 : une nouvelle appli int\u00e9ressante vient d&rsquo;\u00eatre lanc\u00e9e. KAMINO GUIDE regroupe notamment les circuits des diff\u00e9rents sites VTT FFC. Vous pourrez donc facilement suivre sur votre portable la trace&#8230;<\/p>\n","protected":false},"author":1,"featured_media":0,"parent":0,"menu_order":0,"comment_status":"closed","ping_status":"closed","template":"","meta":{"ngg_post_thumbnail":0,"jetpack_post_was_ever_published":false,"two_page_speed":[],"footnotes":""},"class_list":["post-26570","page","type-page","status-publish","hentry"],"jetpack_sharing_enabled":true,"jetpack_shortlink":"https:\/\/wp.me\/P8bXJp-6Uy","_links":{"self":[{"href":"https:\/\/veloclubfaumont.fr\/index.php\/wp-json\/wp\/v2\/pages\/26570","targetHints":{"allow":["GET"]}}],"collection":[{"href":"https:\/\/veloclubfaumont.fr\/index.php\/wp-json\/wp\/v2\/pages"}],"about":[{"href":"https:\/\/veloclubfaumont.fr\/index.php\/wp-json\/wp\/v2\/types\/page"}],"author":[{"embeddable":true,"href":"https:\/\/veloclubfaumont.fr\/index.php\/wp-json\/wp\/v2\/users\/1"}],"replies":[{"embeddable":true,"href":"https:\/\/veloclubfaumont.fr\/index.php\/wp-json\/wp\/v2\/comments?post=26570"}],"version-history":[{"count":2,"href":"https:\/\/veloclubfaumont.fr\/index.php\/wp-json\/wp\/v2\/pages\/26570\/revisions"}],"predecessor-version":[{"id":67465,"href":"https:\/\/veloclubfaumont.fr\/index.php\/wp-json\/wp\/v2\/pages\/26570\/revisions\/67465"}],"wp:attachment":[{"href":"https:\/\/veloclubfaumont.fr\/index.php\/wp-json\/wp\/v2\/media?parent=26570"}],"curies":[{"name":"wp","href":"https:\/\/api.w.org\/{rel}","templated":true}]}}