{"id":267,"date":"2016-12-10T13:08:34","date_gmt":"2016-12-10T12:08:34","guid":{"rendered":"http:\/\/veloclubfaumont.fr\/?page_id=267"},"modified":"2016-12-10T13:08:34","modified_gmt":"2016-12-10T12:08:34","slug":"chicon-bike-tour-2013","status":"publish","type":"page","link":"https:\/\/veloclubfaumont.fr\/index.php\/2013-2\/chicon-bike-tour-2013\/","title":{"rendered":"Chicon Bike Tour 2013"},"content":{"rendered":"<div class=\"entry-content clearfix\">\n<p>Merci aux 280 participants (137 VTT \u2013 143 marcheurs) et aux 65 b\u00e9n\u00e9voles qui ont brav\u00e9 les \u00e9l\u00e9ments.<\/p>\n<p style=\"text-align: center;\"><img loading=\"lazy\" decoding=\"async\" class=\"alignnone size-full wp-image-269\" src=\"https:\/\/veloclubfaumont.fr\/wp-content\/uploads\/2016\/12\/20130110.jpg\" alt=\"\" width=\"800\" height=\"600\" srcset=\"https:\/\/veloclubfaumont.fr\/wp-content\/uploads\/2016\/12\/20130110.jpg 800w, https:\/\/veloclubfaumont.fr\/wp-content\/uploads\/2016\/12\/20130110-300x225.jpg 300w, https:\/\/veloclubfaumont.fr\/wp-content\/uploads\/2016\/12\/20130110-768x576.jpg 768w\" sizes=\"auto, (max-width: 800px) 100vw, 800px\" \/><\/p>\n<p style=\"text-align: center;\"><em>Des participants heureux de p\u00e9daler dans la poudreuse, un calvaire pour d\u2019autres\u2026<\/em><\/p>\n<p>Message d\u2019un participant : <em>Merci \u00e0 tous les b\u00e9n\u00e9voles du club pour avoir organis\u00e9 cette \u00e9dition 2013 <\/em><em>malgr\u00e9 des conditions climatiques difficiles. C\u2019\u00e9tait un r\u00e9gal que de pouvoir p\u00e9daler dans la neige fra\u00eeche et, malheureusement pour vous, sans une trop forte affluence. J\u2019ai rendu compte de cette rando sur mon blog <a href=\"http:\/\/couronsdunord.blog.lemonde.fr\/2013\/01\/23\/chicon-bike-tour-faumont-2013\/\" target=\"_blank\">http:\/\/couronsdunord.blog.lemonde.fr\/<\/a><\/em><br \/>\n<em> Cordialement. Et \u00e0 l\u2019ann\u00e9e prochaine dans de meilleures conditions<\/em><\/p>\n<p>Voir toutes les <a href=\"https:\/\/plus.google.com\/photos\/115745612779104279631\/albums\/5835839966148713649\" target=\"_blank\">photos du CBT 2013<\/a>.<\/p>\n<p>Merci \u00e0 Dominique de Velodom de s\u2019\u00eatre d\u00e9plac\u00e9 pour vous pr\u00e9senter ce reportage :<\/p>\n<p><strong><em><span data-mce-mark=\"1\">280 courageux ont brav\u00e9 la neige<\/span><\/em><\/strong><\/p>\n<p><em>Cela aurait du \u00eatre la grande f\u00eate de ce d\u00e9but de saison mais les conditions m\u00e9t\u00e9o en ont d\u00e9cid\u00e9 autrement. Mais ce sont malgr\u00e9 tout 280 participants qui ont particip\u00e9 \u00e0 la Chicon Bike Tour, un grand rendez-vous avec de magnifiques circuits cyclos, VTT et p\u00e9destres. Un\u2026 <a href=\"http:\/\/velodom.eklablog.com\/la-chicon-bike-tour-2013-a65912633\" target=\"_blank\"><span data-mce-mark=\"1\">Lire la suite<\/span><\/a><\/em><\/p>\n<p style=\"text-align: center;\"><img loading=\"lazy\" decoding=\"async\" class=\"alignnone size-full wp-image-268\" src=\"https:\/\/veloclubfaumont.fr\/wp-content\/uploads\/2016\/12\/IGP5058-001.jpg\" alt=\"\" width=\"800\" height=\"536\" srcset=\"https:\/\/veloclubfaumont.fr\/wp-content\/uploads\/2016\/12\/IGP5058-001.jpg 800w, https:\/\/veloclubfaumont.fr\/wp-content\/uploads\/2016\/12\/IGP5058-001-300x201.jpg 300w, https:\/\/veloclubfaumont.fr\/wp-content\/uploads\/2016\/12\/IGP5058-001-768x515.jpg 768w\" sizes=\"auto, (max-width: 800px) 100vw, 800px\" \/><em>Le Pr\u00e9sident Gilles Barbieux accompagne de Mister Chicon et de quelques randonneurs courageux<\/em><\/p>\n<p style=\"text-align: center;\"><em><img loading=\"lazy\" decoding=\"async\" class=\"alignnone size-full wp-image-270\" src=\"https:\/\/veloclubfaumont.fr\/wp-content\/uploads\/2016\/12\/zgILgMfUDjvBCvwlQhXYauY8pX8.jpg\" alt=\"\" width=\"720\" height=\"480\" srcset=\"https:\/\/veloclubfaumont.fr\/wp-content\/uploads\/2016\/12\/zgILgMfUDjvBCvwlQhXYauY8pX8.jpg 720w, https:\/\/veloclubfaumont.fr\/wp-content\/uploads\/2016\/12\/zgILgMfUDjvBCvwlQhXYauY8pX8-300x200.jpg 300w\" sizes=\"auto, (max-width: 720px) 100vw, 720px\" \/><br \/>\nOn se serre un peu au ravito pour se faire un peu de chaleur\u2026<\/em><\/p>\n<\/div>\n","protected":false},"excerpt":{"rendered":"<p>Merci aux 280 participants (137 VTT \u2013 143 marcheurs) et aux 65 b\u00e9n\u00e9voles qui ont brav\u00e9 les \u00e9l\u00e9ments. Des participants heureux de p\u00e9daler dans la poudreuse, un calvaire pour d\u2019autres\u2026&#8230;<\/p>\n","protected":false},"author":1,"featured_media":0,"parent":34,"menu_order":0,"comment_status":"closed","ping_status":"closed","template":"","meta":{"ngg_post_thumbnail":0,"jetpack_post_was_ever_published":false,"two_page_speed":[],"footnotes":""},"class_list":["post-267","page","type-page","status-publish","hentry"],"jetpack_sharing_enabled":true,"jetpack_shortlink":"https:\/\/wp.me\/P8bXJp-4j","_links":{"self":[{"href":"https:\/\/veloclubfaumont.fr\/index.php\/wp-json\/wp\/v2\/pages\/267","targetHints":{"allow":["GET"]}}],"collection":[{"href":"https:\/\/veloclubfaumont.fr\/index.php\/wp-json\/wp\/v2\/pages"}],"about":[{"href":"https:\/\/veloclubfaumont.fr\/index.php\/wp-json\/wp\/v2\/types\/page"}],"author":[{"embeddable":true,"href":"https:\/\/veloclubfaumont.fr\/index.php\/wp-json\/wp\/v2\/users\/1"}],"replies":[{"embeddable":true,"href":"https:\/\/veloclubfaumont.fr\/index.php\/wp-json\/wp\/v2\/comments?post=267"}],"version-history":[{"count":0,"href":"https:\/\/veloclubfaumont.fr\/index.php\/wp-json\/wp\/v2\/pages\/267\/revisions"}],"up":[{"embeddable":true,"href":"https:\/\/veloclubfaumont.fr\/index.php\/wp-json\/wp\/v2\/pages\/34"}],"wp:attachment":[{"href":"https:\/\/veloclubfaumont.fr\/index.php\/wp-json\/wp\/v2\/media?parent=267"}],"curies":[{"name":"wp","href":"https:\/\/api.w.org\/{rel}","templated":true}]}}