{"id":28105,"date":"2022-05-05T19:18:33","date_gmt":"2022-05-05T17:18:33","guid":{"rendered":"http:\/\/veloclubfaumont.fr\/?page_id=28105"},"modified":"2022-12-20T18:10:10","modified_gmt":"2022-12-20T17:10:10","slug":"2022-2","status":"publish","type":"page","link":"https:\/\/veloclubfaumont.fr\/index.php\/2022-2\/","title":{"rendered":"2022"},"content":{"rendered":"<p><a href=\"https:\/\/veloclubfaumont.fr\/index.php\/2022\/02\/02\/reunion-du-bureau-et-nouveau-secretaire\/\"><strong>Election du nouveau Secr\u00e9taire<\/strong><\/a><\/p>\n<p><strong><a href=\"https:\/\/veloclubfaumont.fr\/index.php\/nocturne-vtt-faumont-2022\/\">Nocturne 2022<\/a><\/strong><\/p>\n<p><a href=\"https:\/\/veloclubfaumont.fr\/index.php\/2022\/11\/15\/assemblee-generale-du-vc-faumont\/\"><strong>Assembl\u00e9e G\u00e9n\u00e9rale<\/strong><\/a><\/p>\n","protected":false},"excerpt":{"rendered":"<p>Election du nouveau Secr\u00e9taire Nocturne 2022 Assembl\u00e9e G\u00e9n\u00e9rale<\/p>\n","protected":false},"author":1,"featured_media":0,"parent":0,"menu_order":0,"comment_status":"closed","ping_status":"closed","template":"","meta":{"ngg_post_thumbnail":0,"jetpack_post_was_ever_published":false,"two_page_speed":[],"footnotes":""},"class_list":["post-28105","page","type-page","status-publish","hentry"],"jetpack_sharing_enabled":true,"jetpack_shortlink":"https:\/\/wp.me\/P8bXJp-7jj","_links":{"self":[{"href":"https:\/\/veloclubfaumont.fr\/index.php\/wp-json\/wp\/v2\/pages\/28105","targetHints":{"allow":["GET"]}}],"collection":[{"href":"https:\/\/veloclubfaumont.fr\/index.php\/wp-json\/wp\/v2\/pages"}],"about":[{"href":"https:\/\/veloclubfaumont.fr\/index.php\/wp-json\/wp\/v2\/types\/page"}],"author":[{"embeddable":true,"href":"https:\/\/veloclubfaumont.fr\/index.php\/wp-json\/wp\/v2\/users\/1"}],"replies":[{"embeddable":true,"href":"https:\/\/veloclubfaumont.fr\/index.php\/wp-json\/wp\/v2\/comments?post=28105"}],"version-history":[{"count":0,"href":"https:\/\/veloclubfaumont.fr\/index.php\/wp-json\/wp\/v2\/pages\/28105\/revisions"}],"wp:attachment":[{"href":"https:\/\/veloclubfaumont.fr\/index.php\/wp-json\/wp\/v2\/media?parent=28105"}],"curies":[{"name":"wp","href":"https:\/\/api.w.org\/{rel}","templated":true}]}}