{"id":28113,"date":"2022-05-07T13:57:58","date_gmt":"2022-05-07T11:57:58","guid":{"rendered":"http:\/\/veloclubfaumont.fr\/?page_id=28113"},"modified":"2022-08-20T11:07:51","modified_gmt":"2022-08-20T09:07:51","slug":"nocturne-vtt-faumont-2022","status":"publish","type":"page","link":"https:\/\/veloclubfaumont.fr\/index.php\/nocturne-vtt-faumont-2022\/","title":{"rendered":"Nocturne VTT Faumont 2022"},"content":{"rendered":"<div style=\"text-align: center;\"><a href=\"https:\/\/veloclubfaumont.fr\/wp-content\/uploads\/2022\/08\/poster-2022.jpg\"><img loading=\"lazy\" decoding=\"async\" class=\"aligncenter size-full wp-image-28489\" src=\"https:\/\/veloclubfaumont.fr\/wp-content\/uploads\/2022\/08\/poster-2022.jpg\" alt=\"\" width=\"676\" height=\"960\" srcset=\"https:\/\/veloclubfaumont.fr\/wp-content\/uploads\/2022\/08\/poster-2022.jpg 676w, https:\/\/veloclubfaumont.fr\/wp-content\/uploads\/2022\/08\/poster-2022-211x300.jpg 211w\" sizes=\"auto, (max-width: 676px) 100vw, 676px\" \/><\/a><\/div>\n<div>&nbsp;<\/div>\n<div class=\"kvgmc6g5 cxmmr5t8 oygrvhab hcukyx3x c1et5uql\">Bonne nouvelle, la <strong>Nocturne VTT de Faumont<\/strong> sera de retour en 2022 (le 26 ao\u00fbt) !<\/div>\n<div>&nbsp;<\/div>\n<p style=\"text-align: center;\"><em>INFOS diverses sur la Nocturne (ici) &#8211; <a href=\"https:\/\/veloclubfaumont.fr\/index.php\/nocturne-vtt-faumont-2022-les-parcours\/\">Infos sur les 3 PARCOURS propos\u00e9s ici<\/a><br \/>\n<\/em><\/p>\n<p style=\"text-align: center;\"><span style=\"color: #ff0000;\"><strong>NOUVEAU<\/strong><\/span> : <a href=\"https:\/\/veloclubfaumont.fr\/index.php\/nocturne-2022-les-differents-spots-de-la-rando\/\" target=\"_blank\" rel=\"noopener\">les diff\u00e9rents spots techniques en images<\/a><\/p>\n<div>A noter que pour les adeptes du <strong>gravel<\/strong>, les 3 parcours VTT sont \u00e9galement accessibles par ce biais.<\/div>\n<div style=\"text-align: center;\"><em><br \/>\n<a href=\"https:\/\/www.facebook.com\/events\/702247684415534\" target=\"_blank\" rel=\"noopener\">Page Facebook de l&rsquo;\u00e9v\u00e9nement<\/a><br \/>\n<\/em><\/div>\n<div>&nbsp;<\/div>\n<div style=\"text-align: center;\"><a href=\"https:\/\/www.helloasso.com\/associations\/velo-club-faumontois\/evenements\/nocturne-vtt-faumont-6eme-edition\" target=\"_blank\" rel=\"noopener\"><span style=\"text-decoration: underline;\"><strong>LIEN DIRECT POUR LES INSCRIPTIONS EN LIGNE<\/strong><\/span><\/a><\/div>\n<p style=\"text-align: center;\"><a href=\"https:\/\/veloclubfaumont.fr\/wp-content\/uploads\/2022\/05\/parking.jpg\"><img loading=\"lazy\" decoding=\"async\" class=\"aligncenter wp-image-28185 size-full\" src=\"https:\/\/veloclubfaumont.fr\/wp-content\/uploads\/2022\/05\/parking.jpg\" alt=\"\" width=\"1040\" height=\"780\" srcset=\"https:\/\/veloclubfaumont.fr\/wp-content\/uploads\/2022\/05\/parking.jpg 1040w, https:\/\/veloclubfaumont.fr\/wp-content\/uploads\/2022\/05\/parking-300x225.jpg 300w, https:\/\/veloclubfaumont.fr\/wp-content\/uploads\/2022\/05\/parking-1024x768.jpg 1024w, https:\/\/veloclubfaumont.fr\/wp-content\/uploads\/2022\/05\/parking-768x576.jpg 768w\" sizes=\"auto, (max-width: 1040px) 100vw, 1040px\" \/><\/a><em>un vaste parking (\u00e9clair\u00e9) en face des inscriptions et du d\u00e9part (pr\u00e8s de l&rsquo;\u00e9glise)<\/em><\/p>\n<div>&nbsp;<\/div>\n<div class=\"cxmmr5t8 oygrvhab hcukyx3x c1et5uql o9v6fnle\" style=\"text-align: justify;\">Comme les ann\u00e9es pr\u00e9c\u00e9dentes, <span style=\"color: #ff0000;\">les inscriptions se feront en ligne<\/span> (<strong>5\u20ac<\/strong>) via <a href=\"https:\/\/www.helloasso.com\/associations\/velo-club-faumontois\/evenements\/nocturne-vtt-faumont-6eme-edition\" target=\"_blank\" rel=\"noopener\"><strong><span style=\"text-decoration: underline;\">HelloAsso<\/span><\/strong><\/a> (lien direct en cliquant) ou sur place (<strong>6\u20ac<\/strong>) de19h00 \u00e0 21h00 dans la cour de l\u2019\u00e9cole primaire (derri\u00e8re la salle des f\u00eates). Le <strong>paiement par CB<\/strong>, ApplePay <span class=\"pq6dq46d tbxw36s4 knj5qynh kvgmc6g5 ditlmg2l oygrvhab nvdbi5me sf5mxxl7 gl3lb2sf hhz5lgdu\"><img loading=\"lazy\" decoding=\"async\" src=\"https:\/\/static.xx.fbcdn.net\/images\/emoji.php\/v9\/tb7\/1.5\/16\/1f4b4.png\" alt=\"&#x1f4b4;\" width=\"16\" height=\"16\"><\/span> sera possible. (<strong>3\u20ac<\/strong> pour les &#8211; de 16 ans). Photographe pr\u00e9sent (photos disponibles ici et sur notre page Facebook VC Faumont).<\/div>\n<div>&nbsp;<\/div>\n<div style=\"text-align: justify;\">A noter que m\u00eame si les inscriptions se font \u00e0 partir de 19h00, nous vous conseillons de partir bien apr\u00e8s 20h00 pour profiter au mieux des parcours de nuit (le soleil se couchant \u00e0 20h45). Il serait en effet dommage de revenir \u00e0 la salle alors qu&rsquo;il ferait encore clair&#8230;&nbsp; En effet, pour ceux qui feront les 2 grands parcours, rouler en for\u00eat en pleine nuit avec tous les bruits de la nature autour de nous est un beau moment \u00e0 vivre. On red\u00e9couvre litt\u00e9ralement le VTT !<\/div>\n<div>&nbsp;<\/div>\n<div style=\"text-align: center;\"><img loading=\"lazy\" decoding=\"async\" class=\"alignnone size-full\" src=\"https:\/\/lh3.googleusercontent.com\/pw\/AM-JKLWk-Un1tqSkTFbi8hzZ1XPzTMIltMNL9Y86xff40SDIgk7K4tMOwKPOx413zdHcTBF3SIjHw-Zxul-jUeYGbIzieJUs3d5pZwegHFCy-8-NNjAfkTY8jylxQAevOTwLdJ7hP-72ggge_t0YiDppV1SoPw=w1139-h759-no?authuser=0\" width=\"1139\" height=\"759\"><\/div>\n<div style=\"text-align: center;\"><em><em>les inscriptions dans la cour de l&rsquo;\u00e9cole (juste \u00e0 c\u00f4t\u00e9 de la salle des f\u00eates)<\/em><\/em><\/div>\n<p style=\"text-align: center;\"><a href=\"https:\/\/veloclubfaumont.fr\/wp-content\/uploads\/2022\/05\/inscriptions.jpg\"><img loading=\"lazy\" decoding=\"async\" class=\"aligncenter wp-image-28189 size-full\" src=\"https:\/\/veloclubfaumont.fr\/wp-content\/uploads\/2022\/05\/inscriptions.jpg\" alt=\"\" width=\"583\" height=\"797\" srcset=\"https:\/\/veloclubfaumont.fr\/wp-content\/uploads\/2022\/05\/inscriptions.jpg 583w, https:\/\/veloclubfaumont.fr\/wp-content\/uploads\/2022\/05\/inscriptions-219x300.jpg 219w\" sizes=\"auto, (max-width: 583px) 100vw, 583px\" \/><\/a><em>Bulletins d&rsquo;inscription en PDF \u00e0 imprimer et \u00e0 remplir \u00e0 l&rsquo;avance<br \/>\nsi vous venez vous inscrire sur place :&nbsp;<a href=\"https:\/\/veloclubfaumont.fr\/wp-content\/uploads\/2022\/05\/Bulletin-Inscription-2022.pdf\" target=\"_blank\" rel=\"noopener\">Bulletin Inscription 2022<\/a><\/em><\/p>\n<div class=\"cxmmr5t8 oygrvhab hcukyx3x c1et5uql o9v6fnle\">&nbsp;<\/div>\n<div>&nbsp;<\/div>\n<div style=\"text-align: center;\"><img loading=\"lazy\" decoding=\"async\" class=\"alignnone size-full\" src=\"https:\/\/lh3.googleusercontent.com\/pw\/AM-JKLU-0dv6xEoOBQqyCkIzfxmhNgMN29V6--Yyq7Qm2LG7Ib0nRytsrci4yXfTmtbykCj9n_9hZ-9Xe7coDzjWSxY69_EZ5EMMTpiCQ7ED_VuG4zg_2z5sTVqo3j82rSNynTZPcFHWAnzuVVufqwy4_L4guA=w1139-h759-no?authuser=0\" width=\"1139\" height=\"759\"><\/div>\n<div style=\"text-align: center;\"><em>stand cr\u00eapes pour attendre le moment du d\u00e9part et pour dessert au retour&#8230; miamm \ud83d\ude09<\/em><\/div>\n<div>&nbsp;<\/div>\n<div>\n<div>&nbsp;<\/div>\n<div class=\"cxmmr5t8 oygrvhab hcukyx3x c1et5uql o9v6fnle\">A l\u2019arriv\u00e9e au parking de la Salle des F\u00eates : barbecue + boisson offerts avec sono pour animer la soir\u00e9e.<\/div>\n<div class=\"cxmmr5t8 oygrvhab hcukyx3x c1et5uql o9v6fnle\">&nbsp;<\/div>\n<div>&nbsp;<\/div>\n<div><img loading=\"lazy\" decoding=\"async\" class=\"alignnone size-full\" src=\"https:\/\/lh3.googleusercontent.com\/pw\/AM-JKLU1BUAZpUls3lN4UPwrmnwbUU1qUHUYh4zua4ZzMAJtISO1yNBaF14fcqew7LQn5AhcA52Xbk7p01c8DEqfnlhsx0UTzu1nhc_NFMcjo4FTFE9pIqWUoXQ-tmbcGtOkpGTHied3d5vHlCwFpM8PHaURNQ=w1139-h759-no?authuser=0\" width=\"1139\" height=\"759\"><\/div>\n<p style=\"text-align: center;\"><em>Une bonne ambiance assur\u00e9e tout au long de la soir\u00e9e !<\/em><\/p>\n<p><img loading=\"lazy\" decoding=\"async\" class=\"alignnone size-full\" src=\"https:\/\/lh3.googleusercontent.com\/pw\/AM-JKLXu6oScJpFHKNTX0oLil2aEEEbsHUEOsiLgSKSyyaungoYQ7DnDsQFsjuUquikiOkN3fxuRr_KTSjlCpQs2OIvKI8vIQLXgZ-LEsiQxTsoUd6S-qTc_UluHZZEmlHBXckEKGev6bgn8ltakW7wpOUIbuQ=w1139-h759-no?authuser=1\" width=\"1138\" height=\"759\"><\/p>\n<p style=\"text-align: center;\"><em>Ambiance de l&rsquo;\u00e9dition 2021 par Greg<\/em><\/p>\n<\/div>\n<div style=\"text-align: center;\"><iframe loading=\"lazy\" title=\"YouTube video player\" src=\"https:\/\/www.youtube.com\/embed\/KkLdZIopbY0\" allowfullscreen=\"allowfullscreen\" width=\"560\" height=\"315\" frameborder=\"0\"><\/iframe>&nbsp;&nbsp;&nbsp;&nbsp;&nbsp;<\/p>\n<p style=\"text-align: center;\"><em>Vid\u00e9o de Fred du grand parcours de l&rsquo;\u00e9dition 2021<\/em><\/p>\n<div>\n<hr>\n<\/div>\n<\/div>\n<div>\n<hr>\n<\/div>\n<div style=\"text-align: justify;\">On nous le demande souvent avant notre nocturne&#8230; Concernant l&rsquo;\u00e9quipement, un <strong>gilet fluo<\/strong> est le bienvenu. Une <strong>lampe rouge \u00e0 l&rsquo;arri\u00e8re<\/strong> et <strong>un bon \u00e9clairage \u00e0 l&rsquo;avant<\/strong> sont par contre indispensables. Pour le 22 familial, pas besoin d&rsquo;investir (l&rsquo;endroit le plus technique se trouve au d\u00e9but, et donc devrait \u00eatre franchi avec assez de luminosit\u00e9 naturelle), mais pour les 37 et 45, les passages en for\u00eat avec quelques parties techniques requi\u00e8rent un investissement plus cons\u00e9quent qu&rsquo;une simple frontale (qui sera par contre bien utile en cas de souci technique) !<\/div>\n<div>&nbsp;<\/div>\n<div><span style=\"text-decoration: underline;\">Par exemple<\/span>, une lampe type \u00ab\u00a0hibou\u00a0\u00bb avec batterie d\u00e9port\u00e9e (facilement trouvable sur internet) fera l&rsquo;affaire. Si vous comptez rouler souvent de nuit, il faudra bien \u00e9videmment investir dans la qualit\u00e9&#8230; avec des prix plus cons\u00e9quents).<\/div>\n<div>&nbsp;<\/div>\n<div style=\"text-align: center;\"><a href=\"https:\/\/veloclubfaumont.fr\/wp-content\/uploads\/2022\/05\/lampe-vtt.jpg\"><img loading=\"lazy\" decoding=\"async\" class=\"aligncenter wp-image-28193 size-full\" src=\"https:\/\/veloclubfaumont.fr\/wp-content\/uploads\/2022\/05\/lampe-vtt.jpg\" alt=\"\" width=\"600\" height=\"493\" srcset=\"https:\/\/veloclubfaumont.fr\/wp-content\/uploads\/2022\/05\/lampe-vtt.jpg 600w, https:\/\/veloclubfaumont.fr\/wp-content\/uploads\/2022\/05\/lampe-vtt-300x247.jpg 300w\" sizes=\"auto, (max-width: 600px) 100vw, 600px\" \/><\/a><em>exemple de lampe qui \u00e9clairera bien dans les parties sombres comme dans les bois<\/em><br \/>\n<em>et qui devrait durer plus de 2h en jouant sur l&rsquo;intensit\u00e9 selon qu&rsquo;il fait fort nuit ou pas<br \/>\n(Le roulage de la 45 fera plus de 2h30 en moyenne)<\/em><\/div>\n<div>&nbsp;<\/div>\n<div>Autre mat\u00e9riel \u00e0 ne pas n\u00e9gliger : les <strong>lunettes VTT<\/strong>. En effet, il risque d&rsquo;avoir pas mal de poussi\u00e8res, et quelques branches pourraient \u00eatre crois\u00e9es sur les 2 grands parcours. Une paire transparente pourrait donc s&rsquo;av\u00e9rer tr\u00e8s utile le jour J !&nbsp; \ud83d\ude09<\/div>\n<div>&nbsp;<\/div>\n<div style=\"text-align: center;\"><img loading=\"lazy\" decoding=\"async\" class=\"alignnone \" src=\"https:\/\/contents.mediadecathlon.com\/p1251708\/k$1a109fbe974a7360ac58db77730a5451\/sq\/lunettes-de-vtt-adulte-st-100-transparentes-categorie-0.jpg?f=960x960\" width=\"289\" height=\"289\"><br \/>\n<em>exemple de mod\u00e8le tout simple pour rouler de nuit<\/em><\/div>\n<h2 style=\"text-align: center;\"><em><a href=\"https:\/\/veloclubfaumont.fr\/index.php\/nocturne-vtt-faumont-2022-les-parcours\/\">Infos sur les 3 PARCOURS propos\u00e9s ici<\/a><br \/>\n<\/em><\/h2>\n<p style=\"text-align: center;\"><a href=\"https:\/\/veloclubfaumont.fr\/index.php\/nocturne-2022-les-differents-spots-de-la-rando\/\" target=\"_blank\" rel=\"noopener\">Nocturne 2022 : les diff\u00e9rents spots de la rando en images<\/a><\/p>\n","protected":false},"excerpt":{"rendered":"<p>&nbsp; Bonne nouvelle, la Nocturne VTT de Faumont sera de retour en 2022 (le 26 ao\u00fbt) ! &nbsp; INFOS diverses sur la Nocturne (ici) &#8211; Infos sur les 3 PARCOURS&#8230;<\/p>\n","protected":false},"author":1,"featured_media":0,"parent":0,"menu_order":0,"comment_status":"closed","ping_status":"closed","template":"","meta":{"ngg_post_thumbnail":0,"jetpack_post_was_ever_published":false,"two_page_speed":[],"footnotes":""},"class_list":["post-28113","page","type-page","status-publish","hentry"],"jetpack_sharing_enabled":true,"jetpack_shortlink":"https:\/\/wp.me\/P8bXJp-7jr","_links":{"self":[{"href":"https:\/\/veloclubfaumont.fr\/index.php\/wp-json\/wp\/v2\/pages\/28113","targetHints":{"allow":["GET"]}}],"collection":[{"href":"https:\/\/veloclubfaumont.fr\/index.php\/wp-json\/wp\/v2\/pages"}],"about":[{"href":"https:\/\/veloclubfaumont.fr\/index.php\/wp-json\/wp\/v2\/types\/page"}],"author":[{"embeddable":true,"href":"https:\/\/veloclubfaumont.fr\/index.php\/wp-json\/wp\/v2\/users\/1"}],"replies":[{"embeddable":true,"href":"https:\/\/veloclubfaumont.fr\/index.php\/wp-json\/wp\/v2\/comments?post=28113"}],"version-history":[{"count":0,"href":"https:\/\/veloclubfaumont.fr\/index.php\/wp-json\/wp\/v2\/pages\/28113\/revisions"}],"wp:attachment":[{"href":"https:\/\/veloclubfaumont.fr\/index.php\/wp-json\/wp\/v2\/media?parent=28113"}],"curies":[{"name":"wp","href":"https:\/\/api.w.org\/{rel}","templated":true}]}}