{"id":31447,"date":"2023-08-29T10:04:50","date_gmt":"2023-08-29T08:04:50","guid":{"rendered":"http:\/\/veloclubfaumont.fr\/?page_id=31447"},"modified":"2024-01-22T17:51:26","modified_gmt":"2024-01-22T16:51:26","slug":"cbt-2024","status":"publish","type":"page","link":"https:\/\/veloclubfaumont.fr\/index.php\/cbt-2024\/","title":{"rendered":"CBT 2024"},"content":{"rendered":"<ul>\n<li><a href=\"https:\/\/www.facebook.com\/events\/1823086381444190\" target=\"_blank\" rel=\"noopener\">Page Facebook de l\u2019\u00e9v\u00e9nement<\/a><\/li>\n<li><a href=\"https:\/\/veloclubfaumont.fr\/index.php\/cbt-2024\/chicon-bike-tour-2024-les-infos\/\">Les infos g\u00e9n\u00e9rales<\/a><\/li>\n<li><a href=\"https:\/\/veloclubfaumont.fr\/index.php\/cbt-2024\/chicon-bike-tour-2024-les-parcours-vtt\/\">Les parcours VTT<\/a><\/li>\n<li><a href=\"https:\/\/veloclubfaumont.fr\/index.php\/chicon-bike-tour-2024-les-parcours-marche\/\">Les parcours Marche<\/a><\/li>\n<li><a href=\"https:\/\/veloclubfaumont.fr\/index.php\/cbt-2024-les-fiches-dinscription\/\" target=\"_blank\" rel=\"noopener\">Les Fiches d\u2019Inscription sur place<\/a><\/li>\n<li><a href=\"https:\/\/chicon-bike-tour-vtt.adeorun.com\/\" target=\"_blank\" rel=\"noopener\">Lien pour les pr\u00e9-inscriptions en ligne<\/a><\/li>\n<li><a href=\"https:\/\/veloclubfaumont.fr\/index.php\/2023\/12\/17\/reconnaissance-du-42km-du-cbt-2024\/\">Reconnaissance du 42<\/a><\/li>\n<li><a href=\"https:\/\/veloclubfaumont.fr\/index.php\/2024\/01\/14\/flechage-du-chicon-bike-tour-2024\/\">Fl\u00e9chage <\/a><\/li>\n<li><a href=\"https:\/\/veloclubfaumont.fr\/index.php\/2024\/01\/17\/naturcoop-notre-fournisseur-dendives-pour-le-cbt\/\">Reportage sur notre fournisseur d&rsquo;endives<\/a><\/li>\n<li><a href=\"https:\/\/veloclubfaumont.fr\/index.php\/2024\/01\/18\/la-securite-au-chicon-bike-tour-2024\/\">La s\u00e9curit\u00e9 par la Protection Civile<\/a><\/li>\n<li><a href=\"https:\/\/veloclubfaumont.fr\/index.php\/2024\/01\/21\/chicon-bike-tour-2024-photos-et-videos\/\">Photos, Vid\u00e9os, Reportages et Livre d\u2019Or<\/a><\/li>\n<\/ul>\n<p style=\"text-align: center;\"><a href=\"https:\/\/veloclubfaumont.fr\/wp-content\/uploads\/2023\/12\/flyer-cbt-2024.jpg\"><img loading=\"lazy\" decoding=\"async\" class=\"aligncenter size-large wp-image-35163\" src=\"https:\/\/veloclubfaumont.fr\/wp-content\/uploads\/2023\/12\/flyer-cbt-2024-724x1024.jpg\" alt=\"\" width=\"724\" height=\"1024\" srcset=\"https:\/\/veloclubfaumont.fr\/wp-content\/uploads\/2023\/12\/flyer-cbt-2024-724x1024.jpg 724w, https:\/\/veloclubfaumont.fr\/wp-content\/uploads\/2023\/12\/flyer-cbt-2024-212x300.jpg 212w, https:\/\/veloclubfaumont.fr\/wp-content\/uploads\/2023\/12\/flyer-cbt-2024-768x1086.jpg 768w, https:\/\/veloclubfaumont.fr\/wp-content\/uploads\/2023\/12\/flyer-cbt-2024-1086x1536.jpg 1086w, https:\/\/veloclubfaumont.fr\/wp-content\/uploads\/2023\/12\/flyer-cbt-2024.jpg 1448w\" sizes=\"auto, (max-width: 724px) 100vw, 724px\" \/><\/a><\/p>\n","protected":false},"excerpt":{"rendered":"<p>Page Facebook de l\u2019\u00e9v\u00e9nement Les infos g\u00e9n\u00e9rales Les parcours VTT Les parcours Marche Les Fiches d\u2019Inscription sur place Lien pour les pr\u00e9-inscriptions en ligne Reconnaissance du 42 Fl\u00e9chage Reportage sur&#8230;<\/p>\n","protected":false},"author":1,"featured_media":0,"parent":0,"menu_order":0,"comment_status":"closed","ping_status":"closed","template":"","meta":{"ngg_post_thumbnail":0,"jetpack_post_was_ever_published":false,"two_page_speed":[],"footnotes":""},"class_list":["post-31447","page","type-page","status-publish","hentry"],"jetpack_sharing_enabled":true,"jetpack_shortlink":"https:\/\/wp.me\/P8bXJp-8bd","_links":{"self":[{"href":"https:\/\/veloclubfaumont.fr\/index.php\/wp-json\/wp\/v2\/pages\/31447","targetHints":{"allow":["GET"]}}],"collection":[{"href":"https:\/\/veloclubfaumont.fr\/index.php\/wp-json\/wp\/v2\/pages"}],"about":[{"href":"https:\/\/veloclubfaumont.fr\/index.php\/wp-json\/wp\/v2\/types\/page"}],"author":[{"embeddable":true,"href":"https:\/\/veloclubfaumont.fr\/index.php\/wp-json\/wp\/v2\/users\/1"}],"replies":[{"embeddable":true,"href":"https:\/\/veloclubfaumont.fr\/index.php\/wp-json\/wp\/v2\/comments?post=31447"}],"version-history":[{"count":0,"href":"https:\/\/veloclubfaumont.fr\/index.php\/wp-json\/wp\/v2\/pages\/31447\/revisions"}],"wp:attachment":[{"href":"https:\/\/veloclubfaumont.fr\/index.php\/wp-json\/wp\/v2\/media?parent=31447"}],"curies":[{"name":"wp","href":"https:\/\/api.w.org\/{rel}","templated":true}]}}