{"id":31449,"date":"2023-08-29T11:06:49","date_gmt":"2023-08-29T09:06:49","guid":{"rendered":"http:\/\/veloclubfaumont.fr\/?page_id=31449"},"modified":"2024-01-22T17:51:56","modified_gmt":"2024-01-22T16:51:56","slug":"chicon-bike-tour-2024-les-infos","status":"publish","type":"page","link":"https:\/\/veloclubfaumont.fr\/index.php\/cbt-2024\/chicon-bike-tour-2024-les-infos\/","title":{"rendered":"Chicon Bike Tour 2024 : les infos"},"content":{"rendered":"<p>1- Pr\u00e9sentation du <em><strong>Chicon Bike Tour 2024 <\/strong><\/em>(page actuelle) + R\u00e8glement de la rando (en bas de page)<\/p>\n<p>2- <a href=\"https:\/\/veloclubfaumont.fr\/index.php\/cbt-2024\/chicon-bike-tour-2024-les-parcours-vtt\/\">Pr\u00e9sentation des parcours VTT\/Gravel<\/a> \u2013 <a href=\"https:\/\/veloclubfaumont.fr\/index.php\/2023\/12\/17\/reconnaissance-du-42km-du-cbt-2024\/\">Reconnaissance VTT 42<\/a> \u2013 <a href=\"https:\/\/veloclubfaumont.fr\/index.php\/2024\/01\/14\/flechage-du-chicon-bike-tour-2024\/\">Fl\u00e9chage des parcours<\/a><\/p>\n<p>3- <a href=\"https:\/\/veloclubfaumont.fr\/index.php\/chicon-bike-tour-2024-les-parcours-marche\/\">Pr\u00e9sentation des parcours Marche<\/a><\/p>\n<p>4- <a href=\"https:\/\/www.facebook.com\/events\/1823086381444190\" target=\"_blank\" rel=\"noopener\">Page \u00c9v\u00e9nement sur Facebook<\/a><\/p>\n<p>5- <a href=\"https:\/\/veloclubfaumont.fr\/wp-content\/uploads\/2023\/11\/DSC_0133-scaled.jpg\" target=\"_blank\" rel=\"noopener\">Nos Sponsors et partenaires<\/a><\/p>\n<p>6- <a href=\"https:\/\/veloclubfaumont.fr\/index.php\/cbt-2024-les-fiches-dinscription\/\" target=\"_blank\" rel=\"noopener\">Fiches d\u2019inscription pour paiement sur place<\/a> + <a href=\"https:\/\/chicon-bike-tour-vtt.adeorun.com\/\" target=\"_blank\" rel=\"noopener\">Lien Inscription en Ligne sur ADEORUN<\/a><\/p>\n<p>7- <a href=\"https:\/\/veloclubfaumont.fr\/index.php\/2024\/01\/21\/chicon-bike-tour-2024-photos-et-videos\/\">Photos et lien Reportages + Livre d\u2019or et remerciements<\/a><\/p>\n<p style=\"text-align: center;\"><a href=\"https:\/\/veloclubfaumont.fr\/wp-content\/uploads\/2023\/12\/flyer-cbt-2024.jpg\"><img loading=\"lazy\" decoding=\"async\" class=\"aligncenter size-large wp-image-35163\" src=\"https:\/\/veloclubfaumont.fr\/wp-content\/uploads\/2023\/12\/flyer-cbt-2024-724x1024.jpg\" alt=\"\" width=\"724\" height=\"1024\" srcset=\"https:\/\/veloclubfaumont.fr\/wp-content\/uploads\/2023\/12\/flyer-cbt-2024-724x1024.jpg 724w, https:\/\/veloclubfaumont.fr\/wp-content\/uploads\/2023\/12\/flyer-cbt-2024-212x300.jpg 212w, https:\/\/veloclubfaumont.fr\/wp-content\/uploads\/2023\/12\/flyer-cbt-2024-768x1086.jpg 768w, https:\/\/veloclubfaumont.fr\/wp-content\/uploads\/2023\/12\/flyer-cbt-2024-1086x1536.jpg 1086w, https:\/\/veloclubfaumont.fr\/wp-content\/uploads\/2023\/12\/flyer-cbt-2024.jpg 1448w\" sizes=\"auto, (max-width: 724px) 100vw, 724px\" \/><\/a><\/p>\n<p style=\"text-align: center;\"><img loading=\"lazy\" decoding=\"async\" class=\"aligncenter size-full\" src=\"https:\/\/lh3.googleusercontent.com\/pw\/AIL4fc9iqSWQUf2zFhG_Gp0Itz7GPvbBZ0bT9Mw8F1LRKXe1jFwhYzV30Zfiz5PgI0liH43UUCXo4NgczQaLUC6Ss3T5Tnchd0i4ECbPAE6RlxUSMJt-x9r4iT6E2hf7FcnAx4K7UoYYrE0wNukMN-O4jCKnqw=w1139-h759-s-no?authuser=0\" width=\"1139\" height=\"759\"><em>accueil \u00e0 la salle des f\u00eates de Faumont (en plein centre-ville) d\u00e8s 7h30<br \/>\n<\/em><\/p>\n<p style=\"text-align: center;\"><em><img loading=\"lazy\" decoding=\"async\" class=\"aligncenter size-full\" src=\"https:\/\/lh3.googleusercontent.com\/pw\/AIL4fc_VCvUOGqRRP2gW5pmK3Gvur7Id571sE4my_6Zqfoqr4Gxh4ztzWQacFlYoh7VuMNKKMfVvbI-uM_e7rema0i9YsKlCBOHW3FZ0nhpaTHu85I5wfc3K4gc9GAYY9Th5eo6FW78l2vufH6zGRP75sy_0bw=w1139-h759-s-no?authuser=0\" width=\"1139\" height=\"759\"><\/em><em>photo souvenir avec le Chicon, embl\u00e8me de notre \u00e9v\u00e9nement<\/em><\/p>\n<p style=\"text-align: center;\"><img loading=\"lazy\" decoding=\"async\" class=\"aligncenter size-full\" src=\"https:\/\/lh3.googleusercontent.com\/pw\/AIL4fc_Bpkz1mUQD2zc9ovYLzOvL31vdyHn04WTHFtMOnEG90nXFCQlvjcwCCYHW2zkW_XXpEjAFM2TQpFKfl-Jb9KFoiEFtJOjGUnShDtsUVVZNS3BSTxKoEyB3frCOvHvPaiZGTV3zmblV8SmX9i2AXdyiow=w1139-h759-s-no?authuser=0\" width=\"1139\" height=\"759\"><em>inscriptions dans la salle<br \/>\n(pr\u00e9senter votre mail de confirmation sur votre t\u00e9l\u00e9phone portable pour les inscription <a href=\"https:\/\/chicon-bike-tour-vtt.adeorun.com\/\" target=\"_blank\" rel=\"noopener\"><strong>INTERNET<\/strong><\/a>)<br \/>\n<\/em><\/p>\n<p>Le <strong>21 janvier 2024<\/strong>, apr\u00e8s les f\u00eates de fin d\u2019ann\u00e9e, le V\u00e9loclub de Faumont (entre Douai et Orchies) organise sa fameuse randonn\u00e9e avec <a href=\"https:\/\/veloclubfaumont.fr\/index.php\/cbt-2024\/chicon-bike-tour-2024-les-parcours-vtt\/\">4 parcours <strong>VTT\/Gravel<\/strong><\/a> et 3 parcours <strong>Marche<\/strong> de 5 \u2013 7 et 12 km (nouveau parcours pour la plus grande distance) autour de la P\u00e9v\u00e8le (tarifs en bas de page).<\/p>\n<p style=\"text-align: center;\"><img loading=\"lazy\" decoding=\"async\" class=\"alignnone size-large\" src=\"https:\/\/lh3.googleusercontent.com\/pw\/AL9nZEXvOfNpW4SA8_bjeq6gBcORuPV5XSTCXfUsyZAeoaAdKDjPNz9Q4MCK9fucb8yIQqQ_WB5GjRVZ6Oc_jb2H4vHqtn-WULlJod7rn0vjZ-YWslVr6R4EeT917fWHUjCn8rhxME9pc9ySgAeUb2-NKQMHTQ=w1138-h759-no?authuser=0\" width=\"1138\" height=\"759\">en 2020, on vous a m\u00eame accueilli dehors au retour de la rando !<\/p>\n<p><strong>ATTENTION : cette ann\u00e9e, toujours pas de circuits cyclos, il faudra donc sortir les GRAVELS pour faire les circuits VTT propos\u00e9s (qui sont accessibles avec de bons pneus boue) !!<\/strong><\/p>\n<p>Une plaque de cadre offerte par notre partenaire <a href=\"https:\/\/energievelo.fr\/pages\/energie-velo-orchies\" target=\"_blank\" rel=\"noopener\"><strong>Energie V\u00e9lo Orches<\/strong><\/a> sera offerte au d\u00e9part des VTT.<\/p>\n<p style=\"text-align: center;\"><a href=\"https:\/\/veloclubfaumont.fr\/wp-content\/uploads\/2024\/01\/plaque-2024.jpg\"><img loading=\"lazy\" decoding=\"async\" class=\"aligncenter wp-image-38682 size-large\" src=\"https:\/\/veloclubfaumont.fr\/wp-content\/uploads\/2024\/01\/plaque-2024-768x1024.jpg\" alt=\"\" width=\"768\" height=\"1024\" srcset=\"https:\/\/veloclubfaumont.fr\/wp-content\/uploads\/2024\/01\/plaque-2024-768x1024.jpg 768w, https:\/\/veloclubfaumont.fr\/wp-content\/uploads\/2024\/01\/plaque-2024-225x300.jpg 225w, https:\/\/veloclubfaumont.fr\/wp-content\/uploads\/2024\/01\/plaque-2024-1152x1536.jpg 1152w, https:\/\/veloclubfaumont.fr\/wp-content\/uploads\/2024\/01\/plaque-2024.jpg 1536w\" sizes=\"auto, (max-width: 768px) 100vw, 768px\" \/><\/a><\/p>\n<p>Au retour \u00e0 la salle : une <strong>soupe aux chicons<\/strong> + un <strong>sandwich<\/strong> + une <strong>boisson<\/strong> et un <strong>sachet de chicons en cadeau<\/strong> \u00e0 chacun des participants. Plusieurs <strong>photographes<\/strong> \u00e0 la salle et sur les parcours.<\/p>\n<p style=\"text-align: center;\"><img loading=\"lazy\" decoding=\"async\" class=\"aligncenter size-full\" src=\"https:\/\/lh3.googleusercontent.com\/pw\/AIL4fc-Xf-m_YEfCXjLRmpU2JOj2JzKLysPRyL2v5JiGoq4tm0Wa6IpxWBirbiXDMg9WJg2f9r2roi7pAHMOGc0IYA8qlyOHfprcZA3VgM6NhTwKm5IQdeDFALsh3GienKWfSroQPQxCP8lP5O7MKt-SPxWu-A=w1139-h759-s-no?authuser=0\" width=\"1139\" height=\"759\"><em>une organisation bien rod\u00e9e sans trop d\u2019attente au retour<\/em><\/p>\n<p><strong><img loading=\"lazy\" decoding=\"async\" class=\"alignleft wp-image-86 \" src=\"https:\/\/i0.wp.com\/veloclubfaumont.fr\/wp-content\/uploads\/2016\/12\/DSC_0291.jpg?resize=446%2C298\" sizes=\"auto, (max-width: 300px) 100vw, 300px\" srcset=\"https:\/\/i0.wp.com\/veloclubfaumont.fr\/wp-content\/uploads\/2016\/12\/DSC_0291.jpg?resize=446%2C298 300w, https:\/\/veloclubfaumont.fr\/wp-content\/uploads\/2016\/12\/DSC_0291-768x512.jpg 768w, https:\/\/veloclubfaumont.fr\/wp-content\/uploads\/2016\/12\/DSC_0291-1024x683.jpg 1024w, https:\/\/veloclubfaumont.fr\/wp-content\/uploads\/2016\/12\/DSC_0291.jpg 1152w\" width=\"446\" height=\"298\" data-recalc-dims=\"1\">4 parcours VTT\/GRAVEL<\/strong> : <strong>26<\/strong> \u2013 <strong>35<\/strong> \u2013 <strong>42<\/strong> et <strong>50<\/strong> <strong>km<\/strong> avec <strong>1 ravito<\/strong> sur le <strong>26<\/strong> et le <strong>35<\/strong> (avant le terril de Leforest) + <strong>1 second<\/strong> <strong>ravito<\/strong> au m\u00eame endroit pour le <strong>42<\/strong> et le <strong>50<\/strong> apr\u00e8s la boucle vers le Terril d\u2019Evin-Malmaison.&nbsp;&nbsp;<\/p>\n<p>Pas de parcours d\u00e9di\u00e9 aux gravel, mais tous les parcours <strong>VTT<\/strong> sont accessibles en <strong>GRAVEL<\/strong> avec de bons pneus boue !<\/p>\n<p>&nbsp;<\/p>\n<p>&nbsp;<\/p>\n<p style=\"text-align: center;\"><em><img loading=\"lazy\" decoding=\"async\" class=\"aligncenter size-full\" src=\"https:\/\/lh3.googleusercontent.com\/pw\/AIL4fc9b0JgZaFS-pIM7OdoNJQQ3lfh7fxLRj-KfbKRoztRSmWY9yqZdqPjPaAuO63t_y6HPdM_t9sN64f_lXMxGwZawM09paeNMVr9qRlCtvB4pv3eSN8mow-0EVP4y0Vc1F_hyvGI0t2kxIMWK-qU7U1U7ug=w1139-h759-s-no?authuser=0\" width=\"1139\" height=\"759\">le ravito gourmand de Leforest (uniquement pour tous les VTT\/Gravel) \u2013 2 fois pour les 42 et 50 km<br \/>\navec notamment des oranges et des bananes de notre partenaire <strong>O\u2019TERA AVELIN<\/strong> + soupe chaude + sp\u00e9culos + biscuits + barre bretonne + bien d\u2019autres gourmandises !<br \/>\n<\/em><\/p>\n<p><strong>ATTENTION<\/strong> : Pensez \u00e0 prendre votre bidon ou votre \u00e9cocup pour le ravitaillement en eau pour les VTT !!<br \/>\n(on \u00e9vite au mieux les gobelets jetables)<\/p>\n<table class=\"aligncenter\" border=\"1\">\n<tbody>\n<tr>\n<td colspan=\"2\" data-wp-editing=\"1\"><strong><a href=\"https:\/\/veloclubfaumont.fr\/index.php\/chicon-bike-tour-2024-les-parcours-marche\/\">Chicon Bike Tour 2024 : les 3 parcours Marche de 5, 7 et 12 km<\/a><\/strong><img loading=\"lazy\" decoding=\"async\" class=\"aligncenter wp-image-87 size-large\" src=\"https:\/\/i0.wp.com\/veloclubfaumont.fr\/wp-content\/uploads\/2016\/12\/DSC06643.jpg?resize=1024%2C686\" sizes=\"auto, (max-width: 300px) 100vw, 300px\" srcset=\"https:\/\/veloclubfaumont.fr\/wp-content\/uploads\/2016\/12\/DSC06643-300x201.jpg 300w, https:\/\/veloclubfaumont.fr\/wp-content\/uploads\/2016\/12\/DSC06643-768x514.jpg 768w, https:\/\/i0.wp.com\/veloclubfaumont.fr\/wp-content\/uploads\/2016\/12\/DSC06643.jpg?resize=1024%2C686 1024w, https:\/\/veloclubfaumont.fr\/wp-content\/uploads\/2016\/12\/DSC06643.jpg 1162w\" alt=\"\" width=\"1024\" height=\"686\" data-recalc-dims=\"1\"><\/td>\n<\/tr>\n<\/tbody>\n<\/table>\n<p style=\"text-align: center;\"><em>(pas de ravito pour les marcheurs, mais une gaufre + une bouteille d\u2019eau Cristalline Louise \u00e0 prendre \u00e0 la salle aux inscriptions)<\/em><\/p>\n<table border=\"1\">\n<tbody>\n<tr>\n<td style=\"text-align: center;\"><em><strong>Fl\u00e9chage en vert pour les VTT :<br \/>\n<\/strong><\/em>&nbsp;&nbsp;&nbsp;&nbsp;&nbsp;&nbsp;&nbsp;&nbsp;&nbsp;<\/p>\n<p style=\"text-align: center;\"><img loading=\"lazy\" decoding=\"async\" src=\"https:\/\/i0.wp.com\/veloclubfaumont.fr\/wp-content\/uploads\/2016\/12\/fleche-vtt.jpg?resize=768%2C301\" width=\"392\" height=\"154\"><em>fl\u00e8che a\u00e9rienne<\/em><\/p>\n<p style=\"text-align: center;\">&nbsp;<\/p>\n<p style=\"text-align: center;\"><img loading=\"lazy\" decoding=\"async\" class=\"alignnone size-large\" src=\"https:\/\/i1.wp.com\/veloclubfaumont.fr\/wp-content\/uploads\/2019\/10\/chevron.jpg?w=400\" width=\"400\" height=\"271\"><em>chevron vert au sol<\/em><\/p>\n<\/td>\n<td style=\"text-align: center;\"><strong><em>Panneaux de bifurcation VTT :<\/em><\/strong><strong><em><a href=\"https:\/\/i0.wp.com\/veloclubfaumont.fr\/wp-content\/uploads\/2022\/12\/flechage-bifurc-vtt.jpg\"><img loading=\"lazy\" decoding=\"async\" class=\"aligncenter  wp-image-29464\" src=\"https:\/\/i0.wp.com\/veloclubfaumont.fr\/wp-content\/uploads\/2022\/12\/flechage-bifurc-vtt.jpg?resize=234%2C305\" sizes=\"auto, (max-width: 234px) 100vw, 234px\" srcset=\"https:\/\/i0.wp.com\/veloclubfaumont.fr\/wp-content\/uploads\/2022\/12\/flechage-bifurc-vtt.jpg?w=511 511w, https:\/\/i0.wp.com\/veloclubfaumont.fr\/wp-content\/uploads\/2022\/12\/flechage-bifurc-vtt.jpg?resize=230%2C300 230w\" alt=\"\" width=\"234\" height=\"305\" data-recalc-dims=\"1\"><\/a><\/em><\/strong>&nbsp;&nbsp;&nbsp;&nbsp;&nbsp;&nbsp;&nbsp;&nbsp;<\/p>\n<hr>\n<p style=\"text-align: center;\"><strong><em>Fl\u00e9chage en jaune pour les marcheurs :<\/em><\/strong><a href=\"https:\/\/i0.wp.com\/veloclubfaumont.fr\/wp-content\/uploads\/2022\/12\/marche-fleche.jpg\"><img loading=\"lazy\" decoding=\"async\" class=\"aligncenter size-full wp-image-29462\" src=\"https:\/\/i0.wp.com\/veloclubfaumont.fr\/wp-content\/uploads\/2022\/12\/marche-fleche.jpg?resize=919%2C622\" sizes=\"auto, (max-width: 919px) 100vw, 919px\" srcset=\"https:\/\/i0.wp.com\/veloclubfaumont.fr\/wp-content\/uploads\/2022\/12\/marche-fleche.jpg?w=919 919w, https:\/\/i0.wp.com\/veloclubfaumont.fr\/wp-content\/uploads\/2022\/12\/marche-fleche.jpg?resize=300%2C203 300w, https:\/\/i0.wp.com\/veloclubfaumont.fr\/wp-content\/uploads\/2022\/12\/marche-fleche.jpg?resize=768%2C520 768w\" alt=\"\" width=\"919\" height=\"622\" data-recalc-dims=\"1\"><\/a><\/p>\n<\/td>\n<\/tr>\n<\/tbody>\n<\/table>\n<p>Accueil \u00e0 la salle des f\u00eates de Faumont, en plein centre-ville 742, rue nationale (voie principale entre R\u00e2ches et Seclin). Inscription et d\u00e9part de 7h30 \u00e0 10h00. Bonne ambiance assur\u00e9e.<\/p>\n<p><strong>Faumont<\/strong> se situe entre Orchies et Douai :<\/p>\n<div style=\"text-align: center;\"><iframe loading=\"lazy\" src=\"https:\/\/www.google.com\/maps\/embed?pb=!1m18!1m12!1m3!1d5080.229547170024!2d3.136463915154953!3d50.4575873947326!2m3!1f0!2f0!3f0!3m2!1i1024!2i768!4f13.1!3m3!1m2!1s0x47c2cfcf6c4a8b29%3A0x4de9d4ead86e6e55!2s767+Rue+nationale%2C+59310+Faumont!5e0!3m2!1sfr!2sfr!4v1474799079666\" width=\"600\" height=\"450\" frameborder=\"0\" allowfullscreen=\"allowfullscreen\" data-mce-fragment=\"1\"><\/iframe><\/div>\n<p><strong>Participation : <\/strong>inscription en ligne sur le <a href=\"https:\/\/chicon-bike-tour-vtt.adeorun.com\/\" target=\"_blank\" rel=\"noopener\"><strong>site ADEORUN<\/strong><\/a> pour \u00e9viter la longue file \u00e0 la salle ou inscription sur place (les <strong>bulletins d\u2019inscriptions sur place<\/strong> sont d\u2019ores et d\u00e9j\u00e0 <a href=\"https:\/\/veloclubfaumont.fr\/index.php\/cbt-2024-les-fiches-dinscription\/\" target=\"_blank\" rel=\"noopener\"><strong>t\u00e9l\u00e9chargeables ici<\/strong><\/a>, pour les imprimer et les pr\u00e9senter remplis \u00e0 l\u2019accueil pour gagner du temps). A cause des nouvelles restrictions pr\u00e9fectorales, le nombre de VTT sera limit\u00e9 \u00e0 1200 et 300 marcheurs pour un total de 1500 randonneurs.<strong><br \/>\n<\/strong><\/p>\n<p><strong>TARIFS :<br \/>\n<\/strong><strong>VTT\/Gravel&nbsp;<\/strong> : <strong>6\u20ac<\/strong> pour les clubs affili\u00e9s ou <strong>8\u20ac<\/strong> pour les individuels \u2013 <strong>4\u20ac<\/strong> pour les &#8211; de 12 ans &#8211;&nbsp;<br \/>\n<strong>Marche<\/strong> : <strong>5\u20ac&nbsp;<\/strong> pour tous&nbsp; <span style=\"color: #000000;\">(<em>A noter que l&rsquo;augmentation de nos tarifs habituels est due \u00e0 la pr\u00e9sence cette ann\u00e9e de la Protection Civile qui sera pr\u00e9sente pour intervenir en cas d&rsquo;urgence m\u00e9dicale)<\/em><\/span><\/p>\n<p>Les <strong>cartes CB<\/strong> sans contacts sont accept\u00e9es aux inscriptions sur place. Privil\u00e9giez cependant les inscriptions en ligne (plus rapide le jour J avec une caisse sp\u00e9cifique pour r\u00e9cup\u00e9rer ses tickets).<\/p>\n<p style=\"text-align: center;\"><a href=\"https:\/\/veloclubfaumont.fr\/wp-content\/uploads\/2023\/12\/carte-points-de-secours-scaled.jpg\"><img loading=\"lazy\" decoding=\"async\" class=\"aligncenter size-large wp-image-36068\" src=\"https:\/\/veloclubfaumont.fr\/wp-content\/uploads\/2023\/12\/carte-points-de-secours-1024x724.jpg\" alt=\"\" width=\"1024\" height=\"724\" srcset=\"https:\/\/veloclubfaumont.fr\/wp-content\/uploads\/2023\/12\/carte-points-de-secours-1024x724.jpg 1024w, https:\/\/veloclubfaumont.fr\/wp-content\/uploads\/2023\/12\/carte-points-de-secours-300x212.jpg 300w, https:\/\/veloclubfaumont.fr\/wp-content\/uploads\/2023\/12\/carte-points-de-secours-768x543.jpg 768w, https:\/\/veloclubfaumont.fr\/wp-content\/uploads\/2023\/12\/carte-points-de-secours-1536x1085.jpg 1536w, https:\/\/veloclubfaumont.fr\/wp-content\/uploads\/2023\/12\/carte-points-de-secours-2048x1447.jpg 2048w\" sizes=\"auto, (max-width: 1024px) 100vw, 1024px\" \/><\/a><em>carte des 8 points de secours o\u00f9 la Protection Civile ou notre Service Technique<br \/>\n(avec sa \u00ab\u00a0voiture-balai\u00a0\u00bb) pourra rapidement vous retrouver<\/em><\/p>\n<p><em>NB : toutes ces informations sont susceptibles d\u2019\u00eatre modifi\u00e9es d\u2019ici le 21 janvier 2024.<\/em><\/p>\n<p style=\"text-align: center;\"><strong>REGLEMENT DU CHICON BIKE TOUR (\u00e0 signer en ligne ou \u00e0 la salle) :<\/strong><\/p>\n<table style=\"width: 100%; border-collapse: collapse; background-color: #ebe863;\">\n<tbody>\n<tr>\n<td style=\"width: 100%;\">\n<p align=\"center\"><em><span style=\"font-size: xx-large;\">CHICON BIKE TOUR<\/span><\/em><\/p>\n<p><em><span style=\"font-size: xx-large;\">R\u00e8glement :<\/span><\/em><\/p>\n<p><em><span style=\"font-size: x-large;\">Randonn\u00e9e VTT, marche \u00e0 allure libre et sans classement.<\/span><\/em><\/p>\n<p><em><span style=\"font-size: x-large;\">Tous les participants s\u2019engagent \u00e0 respecter le Code de la Route, le fl\u00e9chage et le balisage des parcours.<\/span><\/em><\/p>\n<p><em><span style=\"font-size: x-large;\">Le trac\u00e9 des parcours emprunte et\/ou croise des routes ouvertes \u00e0 la circulation automobile.<\/span><\/em><\/p>\n<p><em><span style=\"font-size: x-large;\">Le port du casque est obligatoire, pour le VTT.<\/span><\/em><\/p>\n<p><em><span style=\"font-size: x-large;\">Tous les participants s\u2019engagent \u00e0 se munir d\u2019un v\u00e9lo en bon \u00e9tat de fonctionnement, et adapt\u00e9 \u00e0 la pratique du VTT.<\/span><\/em><\/p>\n<p><em><span style=\"font-size: x-large;\">Les personnes mineures doivent \u00eatre accompagn\u00e9es d\u2019un adulte.<\/span><\/em><\/p>\n<p><em><span style=\"font-size: x-large;\">Tous les participants s\u2019engagent \u00e0 respecter la nature, les sites travers\u00e9s et \u00e0 ne pas jeter de d\u00e9tritus.<\/span><\/em><\/p>\n<p><em><span style=\"font-size: x-large;\">Le V\u00e9lo Club de Faumont d\u00e9cline toute responsabilit\u00e9 en cas de vol ou de perte de mat\u00e9riel durant la randonn\u00e9e.<\/span><\/em><\/p>\n<p><em><span style=\"font-size: x-large;\">Tous les participants s\u2019engagent \u00e0 prendre une assurance en responsabilit\u00e9 civile.<\/span><\/em><\/p>\n<p><em><span style=\"font-size: x-large;\">Tous les participants s\u2019engagent \u00e0 se munir d\u2019un n\u00e9cessaire de r\u00e9paration. (Pompe, chambre \u00e0 air\u2026)<\/span><\/em><\/p>\n<p><em><span style=\"font-size: x-large;\">Les organisateurs se r\u00e9servent le droit de modifier le parcours de fa\u00e7on ponctuelle, pour des raisons de s\u00e9curit\u00e9, m\u00e9t\u00e9orologiques, chasse, travaux, obstacles dangereux, etc.\u2026<\/span><\/em><\/p>\n<p><em><span style=\"font-size: x-large;\">Les organisateurs se r\u00e9servent le droit d\u2019annuler l\u2019\u00e9v\u00e8nement, en cas de force majeur (alerte m\u00e9t\u00e9o, attentat, \u00e9pid\u00e9mie, etc.)<\/span><\/em><\/p>\n<p><em><span style=\"font-size: x-large;\">Le V\u00e9lo Club de Faumont, et ses repr\u00e9sentants, ne peuvent \u00eatre tenus responsables en cas d\u2019accident, avant, pendant ou apr\u00e8s la randonn\u00e9e, sur les parcours ou aux abords.<\/span><\/em><\/p>\n<p><em><span style=\"font-size: x-large;\">Le nombre de participants est fix\u00e9 \u00e0 1000 (VTT), avec pr\u00e9-inscription en ligne au pr\u00e9alable.<\/span><\/em><\/p>\n<p><em><span style=\"font-size: x-large;\">Les inscriptions sur place pourront \u00eatre faites si le nombre de pr\u00e9-inscrit n\u2019est pas atteint.<\/span><\/em><\/p>\n<p><em><span style=\"font-size: x-large;\">Mesures de s\u00e9curit\u00e9 :<\/span><\/em><\/p>\n<p><em><span style=\"font-size: x-large;\">Suivant l\u2019arr\u00eat\u00e9 du maire, la circulation sera r\u00e9duite \u00e0 30km\/h sur la RD917 entre la r\u00e9sidence du Berquin et le giratoire nord, voir plan joint. Des barri\u00e8res de s\u00e9curit\u00e9 ainsi que des signaleurs seront dispos\u00e9s aux entr\u00e9es et sorties afin de s\u00e9curiser au maximum ce p\u00e9rim\u00e8tre. Quatre membres du club assureront la s\u00e9curit\u00e9 permanente \u00e0 ces points. Le stationnement sera r\u00e9gi \u00e9galement par ces signaleurs au fur et \u00e0 mesure de l\u2019arriv\u00e9e des participants.<\/span><\/em><\/p>\n<p><em><span style=\"font-size: x-large;\">Durant la p\u00e9riode d\u2019inscription, les v\u00e9los resteront \u00e0 l\u2019ext\u00e9rieur de la salle et seront parqu\u00e9s dans un espace r\u00e9serv\u00e9 sur le parking de la salle des f\u00eates. Des rondes seront effectu\u00e9es pour rep\u00e9rer tout comportement suspect. Les consignes de s\u00e9curit\u00e9 seront rappel\u00e9es aux b\u00e9n\u00e9voles.<\/span><\/em><\/p>\n<p><em><span style=\"font-size: x-large;\">Le Rd 917 sera en \u00ab acc\u00e8s libre \u00bb pour les secours notamment, avec une limitation \u00e0 30km\/h.<\/span><\/em><\/p>\n<p><em><span style=\"font-size: x-large;\">Un v\u00e9hicule d\u2019assistance (VCF) est \u00e0 disposition pour rapatriement de participants, avec m\u00e9decin et trousse de premiers secours \u00e0 bord.<\/span><\/em><\/p>\n<p><em><span style=\"font-size: x-large;\">Un poste de secours compos\u00e9 d\u2019au minimum 4 secouristes, sera \u00e0 disposition, au point d\u2019accueil (\u25basalle des f\u00eates) et pourra \u00eatre mobilisable \u00e0 n\u2019importe quel point du parcours (suivant leur propre moyen)<\/span><\/em><\/p>\n<p><em><span style=\"font-size: x-large;\">Aire de lavage :<\/span><\/em><\/p>\n<p><em><span style=\"font-size: x-large;\">Une aire de lavage sera pr\u00e9vue sur le parking attenant \u00e0 l\u2019Eglise, accessible \u00e0 tous les participants et sous la surveillance de 2 membres du club, raccord\u00e9e sur le poteau incendie. (Sous r\u00e9serve d\u2019alerte s\u00e9cheresse \u00e0 cette p\u00e9riode).<\/span><\/em><\/td>\n<\/tr>\n<\/tbody>\n<\/table>\n<hr>\n<table border=\"1\">\n<tbody>\n<tr>\n<td><strong>BONUS gourmand&nbsp;<\/strong> : <strong><em>recette de la soupe aux chicons<\/em><\/strong> : <span class=\" UFICommentActorAndBody\"> <span class=\"UFICommentBody\">800gr de chicons, 80 gr de beurre, 2 carottes, 1 oignon, 2dl de cr\u00e8me fra\u00eeche, 2 l de bouillon de volaille. Faire revenir dans le beurre oignons, carottes, chicons, et ensuite mettre le bouillon pour faire cuire, puis mixer et cr\u00e8me dans le bol ou assiette.<\/span><\/span> &nbsp;&nbsp;&nbsp;&nbsp;&nbsp;&nbsp;<\/p>\n<p style=\"text-align: center;\"><a href=\"https:\/\/veloclubfaumont.fr\/index.php\/chicon-bike-tour-2020\/dsc_0047-5\/\" rel=\"attachment wp-att-16197\"><img loading=\"lazy\" decoding=\"async\" class=\"aligncenter size-full wp-image-16197\" src=\"https:\/\/i0.wp.com\/veloclubfaumont.fr\/wp-content\/uploads\/2019\/10\/DSC_0047.jpg?resize=1382%2C922\" sizes=\"auto, (max-width: 1000px) 100vw, 1000px\" srcset=\"https:\/\/i0.wp.com\/veloclubfaumont.fr\/wp-content\/uploads\/2019\/10\/DSC_0047.jpg?w=1382 1382w, https:\/\/i0.wp.com\/veloclubfaumont.fr\/wp-content\/uploads\/2019\/10\/DSC_0047.jpg?resize=300%2C200 300w, https:\/\/i0.wp.com\/veloclubfaumont.fr\/wp-content\/uploads\/2019\/10\/DSC_0047.jpg?resize=768%2C512 768w, https:\/\/i0.wp.com\/veloclubfaumont.fr\/wp-content\/uploads\/2019\/10\/DSC_0047.jpg?resize=1024%2C683 1024w\" alt=\"\" width=\"1382\" height=\"922\" data-recalc-dims=\"1\"><\/a><em>un vrai r\u00e9gal !<\/em><\/p>\n<\/td>\n<\/tr>\n<\/tbody>\n<\/table>\n","protected":false},"excerpt":{"rendered":"<p>1- Pr\u00e9sentation du Chicon Bike Tour 2024 (page actuelle) + R\u00e8glement de la rando (en bas de page) 2- Pr\u00e9sentation des parcours VTT\/Gravel \u2013 Reconnaissance VTT 42 \u2013 Fl\u00e9chage des&#8230;<\/p>\n","protected":false},"author":1,"featured_media":0,"parent":31447,"menu_order":1,"comment_status":"closed","ping_status":"closed","template":"","meta":{"ngg_post_thumbnail":0,"jetpack_post_was_ever_published":false,"two_page_speed":[],"footnotes":""},"class_list":["post-31449","page","type-page","status-publish","hentry"],"jetpack_sharing_enabled":true,"jetpack_shortlink":"https:\/\/wp.me\/P8bXJp-8bf","_links":{"self":[{"href":"https:\/\/veloclubfaumont.fr\/index.php\/wp-json\/wp\/v2\/pages\/31449","targetHints":{"allow":["GET"]}}],"collection":[{"href":"https:\/\/veloclubfaumont.fr\/index.php\/wp-json\/wp\/v2\/pages"}],"about":[{"href":"https:\/\/veloclubfaumont.fr\/index.php\/wp-json\/wp\/v2\/types\/page"}],"author":[{"embeddable":true,"href":"https:\/\/veloclubfaumont.fr\/index.php\/wp-json\/wp\/v2\/users\/1"}],"replies":[{"embeddable":true,"href":"https:\/\/veloclubfaumont.fr\/index.php\/wp-json\/wp\/v2\/comments?post=31449"}],"version-history":[{"count":0,"href":"https:\/\/veloclubfaumont.fr\/index.php\/wp-json\/wp\/v2\/pages\/31449\/revisions"}],"up":[{"embeddable":true,"href":"https:\/\/veloclubfaumont.fr\/index.php\/wp-json\/wp\/v2\/pages\/31447"}],"wp:attachment":[{"href":"https:\/\/veloclubfaumont.fr\/index.php\/wp-json\/wp\/v2\/media?parent=31449"}],"curies":[{"name":"wp","href":"https:\/\/api.w.org\/{rel}","templated":true}]}}