{"id":31451,"date":"2023-08-29T11:45:34","date_gmt":"2023-08-29T09:45:34","guid":{"rendered":"http:\/\/veloclubfaumont.fr\/?page_id=31451"},"modified":"2024-01-17T14:32:10","modified_gmt":"2024-01-17T13:32:10","slug":"chicon-bike-tour-2024-les-parcours-vtt","status":"publish","type":"page","link":"https:\/\/veloclubfaumont.fr\/index.php\/cbt-2024\/chicon-bike-tour-2024-les-parcours-vtt\/","title":{"rendered":"Chicon Bike Tour 2024 : les parcours VTT"},"content":{"rendered":"<p><span style=\"color: #ff0000;\"><strong>ATTENTION (mise \u00e0 jour du 17 janvier 2023) : suite \u00e0 notre <a href=\"https:\/\/veloclubfaumont.fr\/index.php\/2024\/01\/14\/flechage-du-chicon-bike-tour-2024\/\">balisage<\/a> ce dimanche 14 janvier, le passage dans le single \u00ab\u00a0des Sorci\u00e8res\u00a0\u00bb sera retir\u00e9 pour cause d&rsquo;inondation. Les fichiers GPX (sur Openrunner et Komoot) sont modifi\u00e9s ce jour. Sur le terrain, tous les parcours feront donc 2 km de moins que la distance indiqu\u00e9e.<br \/>\n<\/strong><\/span><\/p>\n<p>Comme pour les \u00e9ditions pr\u00e9c\u00e9dentes, y\u2019aura du bois, de la Voie Verte, la mont\u00e9e de Mons en P\u00e9v\u00e8le, du single, mais aussi deux<strong> terrils<\/strong> et des pav\u00e9s pour les 2 grands parcours. Un ravito bien garni \u00e0 Leforest (vous y repasserez une seconde fois pour la 42 et la 50), de la soupe aux chicons et le bien \u00e9videmment le sachet de chicons pour repartir \u00e0 la maison !<\/p>\n<p>On ne change pas une formule gagnante !!!! &#x1f642;&nbsp;<\/p>\n<p>Une plaque de cadre sera offerte \u00e0 tous les participants VTT :<\/p>\n<p style=\"text-align: center;\"><a href=\"https:\/\/veloclubfaumont.fr\/wp-content\/uploads\/2024\/01\/plaque-2024.jpg\"><img loading=\"lazy\" decoding=\"async\" class=\"aligncenter size-large wp-image-38682\" src=\"https:\/\/veloclubfaumont.fr\/wp-content\/uploads\/2024\/01\/plaque-2024-768x1024.jpg\" alt=\"\" width=\"768\" height=\"1024\" srcset=\"https:\/\/veloclubfaumont.fr\/wp-content\/uploads\/2024\/01\/plaque-2024-768x1024.jpg 768w, https:\/\/veloclubfaumont.fr\/wp-content\/uploads\/2024\/01\/plaque-2024-225x300.jpg 225w, https:\/\/veloclubfaumont.fr\/wp-content\/uploads\/2024\/01\/plaque-2024-1152x1536.jpg 1152w, https:\/\/veloclubfaumont.fr\/wp-content\/uploads\/2024\/01\/plaque-2024.jpg 1536w\" sizes=\"auto, (max-width: 768px) 100vw, 768px\" \/><\/a><\/p>\n<table border=\"1\">\n<tbody>\n<tr>\n<td style=\"text-align: center;\"><em><strong>Fl\u00e9chage pour les VTT :<br \/>\n<\/strong><\/em><img loading=\"lazy\" decoding=\"async\" src=\"https:\/\/i0.wp.com\/veloclubfaumont.fr\/wp-content\/uploads\/2016\/12\/fleche-vtt.jpg?resize=768%2C301\" width=\"399\" height=\"156\"><br \/>\nfl\u00e8che a\u00e9rienne<img loading=\"lazy\" decoding=\"async\" class=\"alignnone size-large\" src=\"https:\/\/i1.wp.com\/veloclubfaumont.fr\/wp-content\/uploads\/2019\/10\/chevron.jpg?w=400\" width=\"400\" height=\"271\"><em>chevron vert au sol<\/em><\/td>\n<td style=\"text-align: center;\"><strong><em>Panneaux de bifurcation VTT<br \/>\n(\u00e9dition 2023) :<\/em><\/strong><strong><em><a href=\"https:\/\/i0.wp.com\/veloclubfaumont.fr\/wp-content\/uploads\/2022\/12\/flechage-bifurc-vtt.jpg\"><img loading=\"lazy\" decoding=\"async\" class=\"aligncenter  wp-image-29464\" src=\"https:\/\/i0.wp.com\/veloclubfaumont.fr\/wp-content\/uploads\/2022\/12\/flechage-bifurc-vtt.jpg?resize=320%2C417\" sizes=\"auto, (max-width: 320px) 100vw, 320px\" srcset=\"https:\/\/i0.wp.com\/veloclubfaumont.fr\/wp-content\/uploads\/2022\/12\/flechage-bifurc-vtt.jpg?w=511 511w, https:\/\/i0.wp.com\/veloclubfaumont.fr\/wp-content\/uploads\/2022\/12\/flechage-bifurc-vtt.jpg?resize=230%2C300 230w\" alt=\"\" width=\"320\" height=\"417\" data-recalc-dims=\"1\"><\/a><\/em><\/strong><\/td>\n<\/tr>\n<\/tbody>\n<\/table>\n<p>4 trac\u00e9s seront propos\u00e9es (tous accessibles en <strong>GRAVEL<\/strong> avec de bons pneus boue) :<\/p>\n<ul>\n<li><span style=\"color: #008000;\">Un parcours d\u00e9couverte de 26 km<\/span> (avec de la Voie Verte et <strong>AVEC ou SANS<\/strong> terril de Leforest)<\/li>\n<li><span style=\"color: #0000ff;\">Un Interm\u00e9diaire de 35 km<\/span> (le Terril de Leforest + <strong>AVEC<\/strong> Mont\u00e9e de Mons en P\u00e9v\u00e8le)<\/li>\n<li><span style=\"color: #993366;\">Un Sportif de 42 km<\/span> (les Terrils de Leforest + Evin-Malmaison <strong>&#8211; SANS<\/strong> Mont\u00e9e de Mons en P\u00e9v\u00e8le<\/li>\n<li><span style=\"color: #ff0000;\">Un Sportif de 50 km<\/span> (<strong>AVEC<\/strong> Mont\u00e9e de Mons en P\u00e9v\u00e8le + les Terrils de Leforest + Evin-Malmaison).<\/li>\n<\/ul>\n<p>Tous les parcours VTT auront droit \u00e0 un <strong>ravito<\/strong> (et 2 pour le 42 et 50)<\/p>\n<p style=\"text-align: center;\"><a href=\"https:\/\/veloclubfaumont.fr\/wp-content\/uploads\/2024\/01\/carte-vtt-scaled.jpg\"><img loading=\"lazy\" decoding=\"async\" class=\"aligncenter size-large wp-image-39275\" src=\"https:\/\/veloclubfaumont.fr\/wp-content\/uploads\/2024\/01\/carte-vtt-1024x732.jpg\" alt=\"\" width=\"1024\" height=\"732\" srcset=\"https:\/\/veloclubfaumont.fr\/wp-content\/uploads\/2024\/01\/carte-vtt-1024x732.jpg 1024w, https:\/\/veloclubfaumont.fr\/wp-content\/uploads\/2024\/01\/carte-vtt-300x214.jpg 300w, https:\/\/veloclubfaumont.fr\/wp-content\/uploads\/2024\/01\/carte-vtt-768x549.jpg 768w, https:\/\/veloclubfaumont.fr\/wp-content\/uploads\/2024\/01\/carte-vtt-1536x1097.jpg 1536w, https:\/\/veloclubfaumont.fr\/wp-content\/uploads\/2024\/01\/carte-vtt-2048x1463.jpg 2048w\" sizes=\"auto, (max-width: 1024px) 100vw, 1024px\" \/><\/a><span style=\"color: #ff0000;\"><em>carte des 4 parcours mise \u00e0 jour (sans le single des Sorci\u00e8res inond\u00e9)<\/em><\/span><\/p>\n<p><em><span style=\"color: #ff0000;\"><strong>NOUVEAU<\/strong><\/span> : Cette ann\u00e9e, la Protection Civile va vous accompagner afin de permettre un secours plus rapide et plus efficace lors de votre randonn\u00e9e en cas de chute. Elle sera install\u00e9e \u00e0 la salle et une antenne se trouvera au RAVITO de Leforest. Elle pourra n\u00e9anmoins intervenir directement sur les parcours.<\/em><\/p>\n<p><em>Sur les parcours VTT seront donc install\u00e9s 9 points de secours qui permettront aux services de mieux vous situer et donc de vous rejoindre le plus efficacement possible. Idem pour notre camion balai (pour les soucis techniques). Chaque point a une balise GPS sur la carte Google ci-dessous et permettra ainsi de tracer l&rsquo;itin\u00e9raire le plus simple pour vous secourir rapidement.<\/em><\/p>\n<p style=\"text-align: center;\"><a href=\"https:\/\/veloclubfaumont.fr\/wp-content\/uploads\/2023\/12\/carte-points-de-secours-scaled.jpg\"><img loading=\"lazy\" decoding=\"async\" class=\"aligncenter size-large wp-image-36068\" src=\"https:\/\/veloclubfaumont.fr\/wp-content\/uploads\/2023\/12\/carte-points-de-secours-1024x724.jpg\" alt=\"\" width=\"1024\" height=\"724\" srcset=\"https:\/\/veloclubfaumont.fr\/wp-content\/uploads\/2023\/12\/carte-points-de-secours-1024x724.jpg 1024w, https:\/\/veloclubfaumont.fr\/wp-content\/uploads\/2023\/12\/carte-points-de-secours-300x212.jpg 300w, https:\/\/veloclubfaumont.fr\/wp-content\/uploads\/2023\/12\/carte-points-de-secours-768x543.jpg 768w, https:\/\/veloclubfaumont.fr\/wp-content\/uploads\/2023\/12\/carte-points-de-secours-1536x1085.jpg 1536w, https:\/\/veloclubfaumont.fr\/wp-content\/uploads\/2023\/12\/carte-points-de-secours-2048x1447.jpg 2048w\" sizes=\"auto, (max-width: 1024px) 100vw, 1024px\" \/><\/a><\/p>\n<p style=\"text-align: center;\"><iframe loading=\"lazy\" src=\"https:\/\/www.google.com\/maps\/d\/embed?mid=1CVbWAT7aLvV0a109kuPazSW3MXud5j8&amp;hl=fr-CA&amp;ehbc=2E312F\" width=\"640\" height=\"480\"><\/iframe><\/p>\n<p>Vid\u00e9o pour vous mettre dans l&rsquo;ambiance de l&rsquo;\u00e9dition 2023 :<\/p>\n<p><span class=\"embed-youtube\" style=\"text-align:center; display: block;\"><iframe loading=\"lazy\" class=\"youtube-player\" width=\"640\" height=\"360\" src=\"https:\/\/www.youtube.com\/embed\/IObkEi_4frU?version=3&#038;rel=1&#038;showsearch=0&#038;showinfo=1&#038;iv_load_policy=1&#038;fs=1&#038;hl=fr-FR&#038;autohide=2&#038;start=29&#038;wmode=transparent\" allowfullscreen=\"true\" style=\"border:0;\" sandbox=\"allow-scripts allow-same-origin allow-popups allow-presentation\"><\/iframe><\/span><\/p>\n<p><strong>QR CODE<\/strong> + lien direct pour acc\u00e9der aux pages <strong>OPENRUNNER<\/strong> avec la trace GPX du parcours choisi<\/p>\n<table class=\"aligncenter\" style=\"height: 297px; width: 98.9286%; border-color: #000000;\" border=\"3\">\n<tbody>\n<tr style=\"height: 71px;\">\n<td style=\"background-color: #5feb38; height: 71px; width: 24.8809%; text-align: center;\">\n<h4><strong><a href=\"https:\/\/www.openrunner.com\/route-details\/16108185\" target=\"_blank\" rel=\"noopener\">Carte + GPX 26 km<\/a><br \/>\n<\/strong>(cliquez ici)<strong><br \/>\n<\/strong><\/h4>\n<\/td>\n<td style=\"background-color: #3af0d4; height: 71px; width: 24.7618%; text-align: center;\">\n<h4><strong>&nbsp;<a href=\"https:\/\/www.openrunner.com\/route-details\/16108541\" target=\"_blank\" rel=\"noopener\">Carte + GPX 35 km<\/a><br \/>\n<\/strong>(cliquez ici)<\/h4>\n<\/td>\n<td style=\"background-color: #db54f0; height: 71px; width: 24.0477%; text-align: center;\">\n<h4><a href=\"https:\/\/www.openrunner.com\/route-details\/16108052\" target=\"_blank\" rel=\"noopener\"><strong>Carte + GPX 42 km<\/strong><\/a><br \/>\n(cliquez ici)<\/h4>\n<\/td>\n<td style=\"background-color: #eb0e0e; height: 71px; width: 23.4525%; text-align: center;\">\n<h4><strong><a href=\"https:\/\/www.openrunner.com\/route-details\/16107415\" target=\"_blank\" rel=\"noopener\">Carte + GPX 50 km<\/a><br \/>\n(cliquez ici)<br \/>\n<\/strong><\/h4>\n<\/td>\n<\/tr>\n<tr style=\"height: 226px;\">\n<td style=\"background-color: #5feb38; height: 226px; width: 24.8809%;\"><a href=\"https:\/\/veloclubfaumont.fr\/wp-content\/uploads\/2023\/08\/QR_CODE_Chicon_Bike_Tour_2024_-_Decouverte_26_km.jpg\"><img loading=\"lazy\" decoding=\"async\" class=\"aligncenter wp-image-31458 size-full\" src=\"https:\/\/veloclubfaumont.fr\/wp-content\/uploads\/2023\/08\/QR_CODE_Chicon_Bike_Tour_2024_-_Decouverte_26_km.jpg\" alt=\"\" width=\"256\" height=\"256\" srcset=\"https:\/\/veloclubfaumont.fr\/wp-content\/uploads\/2023\/08\/QR_CODE_Chicon_Bike_Tour_2024_-_Decouverte_26_km.jpg 256w, https:\/\/veloclubfaumont.fr\/wp-content\/uploads\/2023\/08\/QR_CODE_Chicon_Bike_Tour_2024_-_Decouverte_26_km-150x150.jpg 150w\" sizes=\"auto, (max-width: 256px) 100vw, 256px\" \/><\/a><\/td>\n<td style=\"background-color: #3af0d4; height: 226px; width: 24.7618%;\"><a href=\"https:\/\/veloclubfaumont.fr\/wp-content\/uploads\/2023\/08\/QR_CODE_CBT_2024_-_Parcours_VTT_Intermediaire_35_km.jpg\"><img loading=\"lazy\" decoding=\"async\" class=\"aligncenter size-full wp-image-31460\" src=\"https:\/\/veloclubfaumont.fr\/wp-content\/uploads\/2023\/08\/QR_CODE_CBT_2024_-_Parcours_VTT_Intermediaire_35_km.jpg\" alt=\"\" width=\"256\" height=\"256\" srcset=\"https:\/\/veloclubfaumont.fr\/wp-content\/uploads\/2023\/08\/QR_CODE_CBT_2024_-_Parcours_VTT_Intermediaire_35_km.jpg 256w, https:\/\/veloclubfaumont.fr\/wp-content\/uploads\/2023\/08\/QR_CODE_CBT_2024_-_Parcours_VTT_Intermediaire_35_km-150x150.jpg 150w\" sizes=\"auto, (max-width: 256px) 100vw, 256px\" \/><\/a><\/td>\n<td style=\"background-color: #db54f0; height: 226px; width: 24.0477%;\"><a href=\"https:\/\/veloclubfaumont.fr\/wp-content\/uploads\/2023\/08\/QR_CODE_CBT_2024_-_Parcours_Sportif_42_km.jpg\"><img loading=\"lazy\" decoding=\"async\" class=\"aligncenter size-full wp-image-31459\" src=\"https:\/\/veloclubfaumont.fr\/wp-content\/uploads\/2023\/08\/QR_CODE_CBT_2024_-_Parcours_Sportif_42_km.jpg\" alt=\"\" width=\"256\" height=\"256\" srcset=\"https:\/\/veloclubfaumont.fr\/wp-content\/uploads\/2023\/08\/QR_CODE_CBT_2024_-_Parcours_Sportif_42_km.jpg 256w, https:\/\/veloclubfaumont.fr\/wp-content\/uploads\/2023\/08\/QR_CODE_CBT_2024_-_Parcours_Sportif_42_km-150x150.jpg 150w\" sizes=\"auto, (max-width: 256px) 100vw, 256px\" \/><\/a><\/td>\n<td style=\"background-color: #eb0e0e; height: 226px; width: 23.4525%;\"><a href=\"https:\/\/veloclubfaumont.fr\/wp-content\/uploads\/2023\/08\/QR_CODE_CBT_2024_-_Parcours_Sportif_50_km.jpg\"><img loading=\"lazy\" decoding=\"async\" class=\"aligncenter size-full wp-image-31453\" src=\"https:\/\/veloclubfaumont.fr\/wp-content\/uploads\/2023\/08\/QR_CODE_CBT_2024_-_Parcours_Sportif_50_km.jpg\" alt=\"\" width=\"256\" height=\"256\" srcset=\"https:\/\/veloclubfaumont.fr\/wp-content\/uploads\/2023\/08\/QR_CODE_CBT_2024_-_Parcours_Sportif_50_km.jpg 256w, https:\/\/veloclubfaumont.fr\/wp-content\/uploads\/2023\/08\/QR_CODE_CBT_2024_-_Parcours_Sportif_50_km-150x150.jpg 150w\" sizes=\"auto, (max-width: 256px) 100vw, 256px\" \/><\/a><\/td>\n<\/tr>\n<\/tbody>\n<\/table>\n<p style=\"text-align: center;\">&nbsp;<\/p>\n<p>Voici les cartes interactives avec liens sur les pages KOMOOT + liens OPENRUNNER (en dessous) :<\/p>\n<p style=\"text-align: center;\"><iframe loading=\"lazy\" src=\"https:\/\/www.komoot.com\/fr-fr\/tour\/1416824013\/embed?profile=1&amp;share_token=arNiK8GEsysm2l21SMJYaZQhDDs3tE8Ogf52s6QGcZXaY7C9r9\" width=\"100%\" height=\"700\" frameborder=\"0\" scrolling=\"no\"><\/iframe><br \/>\nlien openrunner du 50 : <strong><a href=\"https:\/\/www.openrunner.com\/route-details\/16107415\" target=\"_blank\" rel=\"noopener\">Carte + GPX 50 km<\/a><\/strong><\/p>\n<p style=\"text-align: center;\"><a href=\"https:\/\/veloclubfaumont.fr\/wp-content\/uploads\/2023\/12\/CARTE-PARCOURS-50KM-scaled.jpg\"><img loading=\"lazy\" decoding=\"async\" class=\"aligncenter size-large wp-image-35204\" src=\"https:\/\/veloclubfaumont.fr\/wp-content\/uploads\/2023\/12\/CARTE-PARCOURS-50KM-1024x724.jpg\" alt=\"\" width=\"1024\" height=\"724\" srcset=\"https:\/\/veloclubfaumont.fr\/wp-content\/uploads\/2023\/12\/CARTE-PARCOURS-50KM-1024x724.jpg 1024w, https:\/\/veloclubfaumont.fr\/wp-content\/uploads\/2023\/12\/CARTE-PARCOURS-50KM-300x212.jpg 300w, https:\/\/veloclubfaumont.fr\/wp-content\/uploads\/2023\/12\/CARTE-PARCOURS-50KM-768x543.jpg 768w, https:\/\/veloclubfaumont.fr\/wp-content\/uploads\/2023\/12\/CARTE-PARCOURS-50KM-1536x1085.jpg 1536w, https:\/\/veloclubfaumont.fr\/wp-content\/uploads\/2023\/12\/CARTE-PARCOURS-50KM-2048x1447.jpg 2048w\" sizes=\"auto, (max-width: 1024px) 100vw, 1024px\" \/><\/a><strong><span style=\"color: #ff0000;\"><em>(maj du 17\/01 : single des Sorci\u00e8res supprim\u00e9 pour cause d&rsquo;inondation &#8211; 49km sur le terrain)<\/em><\/span><\/strong><\/p>\n<p style=\"text-align: center;\"><iframe loading=\"lazy\" src=\"https:\/\/www.komoot.com\/fr-fr\/tour\/1416833232\/embed?profile=1&amp;share_token=a0P4OlcLdHr83QFSbYIDUHvzngcy1bDyuCQ5m6xN4C7gnqHw64\" width=\"100%\" height=\"700\" frameborder=\"0\" scrolling=\"no\"><\/iframe><br \/>\nlien openrunner du 42 :&nbsp;<a href=\"https:\/\/www.openrunner.com\/route-details\/16108052\" target=\"_blank\" rel=\"noopener\"><strong>Carte + GPX 42 km<\/strong><\/a><\/p>\n<p style=\"text-align: center;\"><a href=\"https:\/\/veloclubfaumont.fr\/wp-content\/uploads\/2023\/12\/CARTE-PARCOURS-42KM-scaled.jpg\"><img loading=\"lazy\" decoding=\"async\" class=\"aligncenter size-large wp-image-35209\" src=\"https:\/\/veloclubfaumont.fr\/wp-content\/uploads\/2023\/12\/CARTE-PARCOURS-42KM-1024x722.jpg\" alt=\"\" width=\"1024\" height=\"722\" srcset=\"https:\/\/veloclubfaumont.fr\/wp-content\/uploads\/2023\/12\/CARTE-PARCOURS-42KM-1024x722.jpg 1024w, https:\/\/veloclubfaumont.fr\/wp-content\/uploads\/2023\/12\/CARTE-PARCOURS-42KM-300x212.jpg 300w, https:\/\/veloclubfaumont.fr\/wp-content\/uploads\/2023\/12\/CARTE-PARCOURS-42KM-768x542.jpg 768w, https:\/\/veloclubfaumont.fr\/wp-content\/uploads\/2023\/12\/CARTE-PARCOURS-42KM-1536x1083.jpg 1536w, https:\/\/veloclubfaumont.fr\/wp-content\/uploads\/2023\/12\/CARTE-PARCOURS-42KM-2048x1444.jpg 2048w\" sizes=\"auto, (max-width: 1024px) 100vw, 1024px\" \/><\/a><span style=\"color: #ff0000;\"><strong><em>(maj du 17\/01 : single des Sorci\u00e8res supprim\u00e9 pour cause d&rsquo;inondation &#8211; 40km sur le terrain)<\/em><\/strong><\/span><\/p>\n<p style=\"text-align: center;\"><iframe loading=\"lazy\" src=\"https:\/\/www.komoot.com\/fr-fr\/tour\/1416844254\/embed?profile=1&amp;share_token=aen9f02QdQW1pN0O3WTqSeTQ73ppcQhhnyfN45oAy25EmCU3Z0\" width=\"100%\" height=\"700\" frameborder=\"0\" scrolling=\"no\"><\/iframe><br \/>\nlien openrunner du 35 :&nbsp;<strong><a href=\"https:\/\/www.openrunner.com\/route-details\/16108541\" target=\"_blank\" rel=\"noopener\">Carte + GPX 35 km<\/a><\/strong><\/p>\n<p style=\"text-align: center;\"><a href=\"https:\/\/veloclubfaumont.fr\/wp-content\/uploads\/2023\/12\/CARTE-PARCOURS-35KM-scaled.jpg\"><img loading=\"lazy\" decoding=\"async\" class=\"aligncenter size-large wp-image-35213\" src=\"https:\/\/veloclubfaumont.fr\/wp-content\/uploads\/2023\/12\/CARTE-PARCOURS-35KM-1024x739.jpg\" alt=\"\" width=\"1024\" height=\"739\" srcset=\"https:\/\/veloclubfaumont.fr\/wp-content\/uploads\/2023\/12\/CARTE-PARCOURS-35KM-1024x739.jpg 1024w, https:\/\/veloclubfaumont.fr\/wp-content\/uploads\/2023\/12\/CARTE-PARCOURS-35KM-300x216.jpg 300w, https:\/\/veloclubfaumont.fr\/wp-content\/uploads\/2023\/12\/CARTE-PARCOURS-35KM-768x554.jpg 768w, https:\/\/veloclubfaumont.fr\/wp-content\/uploads\/2023\/12\/CARTE-PARCOURS-35KM-1536x1108.jpg 1536w, https:\/\/veloclubfaumont.fr\/wp-content\/uploads\/2023\/12\/CARTE-PARCOURS-35KM-2048x1477.jpg 2048w\" sizes=\"auto, (max-width: 1024px) 100vw, 1024px\" \/><\/a><span style=\"color: #ff0000;\"><strong><em>(maj du 17\/01 : single des Sorci\u00e8res supprim\u00e9 pour cause d&rsquo;inondation &#8211; 34km sur le terrain)<\/em><\/strong><\/span><\/p>\n<p style=\"text-align: center;\"><iframe loading=\"lazy\" src=\"https:\/\/www.komoot.com\/fr-fr\/tour\/1416845738\/embed?profile=1&amp;share_token=au3GtxMyrCRYVPaHV3xxN0hTS6lmAopA8ez3vyRT8bbc35n3Zc\" width=\"100%\" height=\"700\" frameborder=\"0\" scrolling=\"no\"><\/iframe><br \/>\nlien openrunner du 26 :&nbsp;<strong><a href=\"https:\/\/www.openrunner.com\/route-details\/16108185\" target=\"_blank\" rel=\"noopener\">Carte + GPX 26 km<\/a><\/strong><\/p>\n<p style=\"text-align: center;\"><a href=\"https:\/\/veloclubfaumont.fr\/wp-content\/uploads\/2023\/12\/CARTE-PARCOURS-26KM-scaled.jpg\"><img loading=\"lazy\" decoding=\"async\" class=\"aligncenter size-large wp-image-35216\" src=\"https:\/\/veloclubfaumont.fr\/wp-content\/uploads\/2023\/12\/CARTE-PARCOURS-26KM-1024x707.jpg\" alt=\"\" width=\"1024\" height=\"707\" srcset=\"https:\/\/veloclubfaumont.fr\/wp-content\/uploads\/2023\/12\/CARTE-PARCOURS-26KM-1024x707.jpg 1024w, https:\/\/veloclubfaumont.fr\/wp-content\/uploads\/2023\/12\/CARTE-PARCOURS-26KM-300x207.jpg 300w, https:\/\/veloclubfaumont.fr\/wp-content\/uploads\/2023\/12\/CARTE-PARCOURS-26KM-768x530.jpg 768w, https:\/\/veloclubfaumont.fr\/wp-content\/uploads\/2023\/12\/CARTE-PARCOURS-26KM-1536x1061.jpg 1536w, https:\/\/veloclubfaumont.fr\/wp-content\/uploads\/2023\/12\/CARTE-PARCOURS-26KM-2048x1414.jpg 2048w\" sizes=\"auto, (max-width: 1024px) 100vw, 1024px\" \/><\/a><span style=\"color: #ff0000;\"><strong><em>(maj du 17\/01 : single des Sorci\u00e8res supprim\u00e9 pour cause d&rsquo;inondation : 24 km sur le terrain)<\/em><\/strong><\/span><\/p>\n<hr>\n<p><strong>R\u00e9capitulatif des QR CODE<\/strong> + lien direct pour acc\u00e9der aux pages <strong>OPENRUNNER<\/strong> (ciquez sur le lien juste ci-dessous) avec la trace GPX du parcours choisi<\/p>\n<table class=\"aligncenter\" style=\"height: 46px; width: 100.521%; border-collapse: collapse; border-color: #000000;\" border=\"3\">\n<tbody>\n<tr style=\"height: 43px;\">\n<td style=\"width: 25%; height: 39px; background-color: #26ed33; text-align: center;\">\n<h4><strong><a href=\"https:\/\/www.openrunner.com\/route-details\/16108185\" target=\"_blank\" rel=\"noopener\">Carte + GPX 26 km<\/a><br \/>\n(24 km sur le terrain)<br \/>\n<\/strong><\/h4>\n<\/td>\n<td style=\"width: 25%; height: 39px; background-color: #24d5f0; text-align: center;\">\n<h4><strong>&nbsp;<a href=\"https:\/\/www.openrunner.com\/route-details\/16108541\" target=\"_blank\" rel=\"noopener\">Carte + GPX 35 km<\/a><br \/>\n(34 km sur le terrain)<br \/>\n<\/strong><\/h4>\n<\/td>\n<td style=\"width: 25%; height: 39px; background-color: #d793f5; text-align: center;\">\n<h4><a href=\"https:\/\/www.openrunner.com\/route-details\/16108052\" target=\"_blank\" rel=\"noopener\"><strong>Carte + GPX 42 km<\/strong><\/a><br \/>\n(40 km sur le terrain)<\/h4>\n<\/td>\n<td style=\"width: 25%; height: 39px; text-align: center; background-color: #f26b6b;\">\n<h4><strong><a href=\"https:\/\/www.openrunner.com\/route-details\/16107415\" target=\"_blank\" rel=\"noopener\">Carte + GPX 50 km<\/a><br \/>\n(48 km sur le terrain)<br \/>\n<\/strong><\/h4>\n<\/td>\n<\/tr>\n<tr style=\"height: 23px;\">\n<td style=\"width: 25%; height: 23px; background-color: #26ed33;\"><a href=\"https:\/\/veloclubfaumont.fr\/wp-content\/uploads\/2023\/08\/QR_CODE_Chicon_Bike_Tour_2024_-_Decouverte_26_km.jpg\"><img loading=\"lazy\" decoding=\"async\" class=\"aligncenter size-full wp-image-31458\" src=\"https:\/\/veloclubfaumont.fr\/wp-content\/uploads\/2023\/08\/QR_CODE_Chicon_Bike_Tour_2024_-_Decouverte_26_km.jpg\" alt=\"\" width=\"256\" height=\"256\" srcset=\"https:\/\/veloclubfaumont.fr\/wp-content\/uploads\/2023\/08\/QR_CODE_Chicon_Bike_Tour_2024_-_Decouverte_26_km.jpg 256w, https:\/\/veloclubfaumont.fr\/wp-content\/uploads\/2023\/08\/QR_CODE_Chicon_Bike_Tour_2024_-_Decouverte_26_km-150x150.jpg 150w\" sizes=\"auto, (max-width: 256px) 100vw, 256px\" \/><\/a><\/td>\n<td style=\"width: 25%; height: 23px; background-color: #24d5f0; text-align: center;\"><a href=\"https:\/\/veloclubfaumont.fr\/wp-content\/uploads\/2023\/08\/QR_CODE_CBT_2024_-_Parcours_VTT_Intermediaire_35_km.jpg\"><img loading=\"lazy\" decoding=\"async\" class=\"aligncenter size-full wp-image-31460\" src=\"https:\/\/veloclubfaumont.fr\/wp-content\/uploads\/2023\/08\/QR_CODE_CBT_2024_-_Parcours_VTT_Intermediaire_35_km.jpg\" alt=\"\" width=\"256\" height=\"256\" srcset=\"https:\/\/veloclubfaumont.fr\/wp-content\/uploads\/2023\/08\/QR_CODE_CBT_2024_-_Parcours_VTT_Intermediaire_35_km.jpg 256w, https:\/\/veloclubfaumont.fr\/wp-content\/uploads\/2023\/08\/QR_CODE_CBT_2024_-_Parcours_VTT_Intermediaire_35_km-150x150.jpg 150w\" sizes=\"auto, (max-width: 256px) 100vw, 256px\" \/><\/a><\/td>\n<td style=\"width: 25%; height: 23px; background-color: #d793f5;\"><a href=\"https:\/\/veloclubfaumont.fr\/wp-content\/uploads\/2023\/08\/QR_CODE_CBT_2024_-_Parcours_Sportif_42_km.jpg\"><img loading=\"lazy\" decoding=\"async\" class=\"aligncenter size-full wp-image-31459\" src=\"https:\/\/veloclubfaumont.fr\/wp-content\/uploads\/2023\/08\/QR_CODE_CBT_2024_-_Parcours_Sportif_42_km.jpg\" alt=\"\" width=\"256\" height=\"256\" srcset=\"https:\/\/veloclubfaumont.fr\/wp-content\/uploads\/2023\/08\/QR_CODE_CBT_2024_-_Parcours_Sportif_42_km.jpg 256w, https:\/\/veloclubfaumont.fr\/wp-content\/uploads\/2023\/08\/QR_CODE_CBT_2024_-_Parcours_Sportif_42_km-150x150.jpg 150w\" sizes=\"auto, (max-width: 256px) 100vw, 256px\" \/><\/a><\/td>\n<td style=\"width: 25%; height: 23px; background-color: #f26b6b;\"><a href=\"https:\/\/veloclubfaumont.fr\/wp-content\/uploads\/2023\/08\/QR_CODE_CBT_2024_-_Parcours_Sportif_50_km.jpg\"><img loading=\"lazy\" decoding=\"async\" class=\"aligncenter size-full wp-image-31453\" src=\"https:\/\/veloclubfaumont.fr\/wp-content\/uploads\/2023\/08\/QR_CODE_CBT_2024_-_Parcours_Sportif_50_km.jpg\" alt=\"\" width=\"256\" height=\"256\" srcset=\"https:\/\/veloclubfaumont.fr\/wp-content\/uploads\/2023\/08\/QR_CODE_CBT_2024_-_Parcours_Sportif_50_km.jpg 256w, https:\/\/veloclubfaumont.fr\/wp-content\/uploads\/2023\/08\/QR_CODE_CBT_2024_-_Parcours_Sportif_50_km-150x150.jpg 150w\" sizes=\"auto, (max-width: 256px) 100vw, 256px\" \/><\/a><\/td>\n<\/tr>\n<\/tbody>\n<\/table>\n<p>&nbsp;<\/p>\n<p>&nbsp;<\/p>\n<p>&nbsp;<\/p>\n<p>&nbsp;<\/p>\n<p>&nbsp;<\/p>\n","protected":false},"excerpt":{"rendered":"<p>ATTENTION (mise \u00e0 jour du 17 janvier 2023) : suite \u00e0 notre balisage ce dimanche 14 janvier, le passage dans le single \u00ab\u00a0des Sorci\u00e8res\u00a0\u00bb sera retir\u00e9 pour cause d&rsquo;inondation. Les&#8230;<\/p>\n","protected":false},"author":1,"featured_media":0,"parent":31447,"menu_order":2,"comment_status":"closed","ping_status":"closed","template":"","meta":{"ngg_post_thumbnail":0,"jetpack_post_was_ever_published":false,"two_page_speed":null,"footnotes":""},"class_list":["post-31451","page","type-page","status-publish","hentry"],"jetpack_sharing_enabled":true,"jetpack_shortlink":"https:\/\/wp.me\/P8bXJp-8bh","_links":{"self":[{"href":"https:\/\/veloclubfaumont.fr\/index.php\/wp-json\/wp\/v2\/pages\/31451","targetHints":{"allow":["GET"]}}],"collection":[{"href":"https:\/\/veloclubfaumont.fr\/index.php\/wp-json\/wp\/v2\/pages"}],"about":[{"href":"https:\/\/veloclubfaumont.fr\/index.php\/wp-json\/wp\/v2\/types\/page"}],"author":[{"embeddable":true,"href":"https:\/\/veloclubfaumont.fr\/index.php\/wp-json\/wp\/v2\/users\/1"}],"replies":[{"embeddable":true,"href":"https:\/\/veloclubfaumont.fr\/index.php\/wp-json\/wp\/v2\/comments?post=31451"}],"version-history":[{"count":0,"href":"https:\/\/veloclubfaumont.fr\/index.php\/wp-json\/wp\/v2\/pages\/31451\/revisions"}],"up":[{"embeddable":true,"href":"https:\/\/veloclubfaumont.fr\/index.php\/wp-json\/wp\/v2\/pages\/31447"}],"wp:attachment":[{"href":"https:\/\/veloclubfaumont.fr\/index.php\/wp-json\/wp\/v2\/media?parent=31451"}],"curies":[{"name":"wp","href":"https:\/\/api.w.org\/{rel}","templated":true}]}}