{"id":54361,"date":"2024-11-14T20:26:10","date_gmt":"2024-11-14T19:26:10","guid":{"rendered":"http:\/\/veloclubfaumont.fr\/?page_id=54361"},"modified":"2025-01-16T20:46:56","modified_gmt":"2025-01-16T19:46:56","slug":"chicon-bike-tour-2025-les-parcours-vtt-gravel","status":"publish","type":"page","link":"https:\/\/veloclubfaumont.fr\/index.php\/chicon-bike-tour-2025-les-parcours-vtt-gravel\/","title":{"rendered":"Chicon Bike Tour 2025 : les parcours VTT-GRAVEL"},"content":{"rendered":"\n<table style=\"width: 100%; border-collapse: collapse; background-color: #f088f2;\">\n<tbody>\n<tr>\n<td style=\"width: 100%;\">\n<h2 style=\"text-align: left;\"><em>MISE A JOUR DU 16 JANVIER : Le single des Sorci\u00e8res \u00e9tant inond\u00e9, nous avons d\u00fb \u00e9courter le d\u00e9part commun. Le retour du 26 et du 42 s&rsquo;effectuera par la Voie Verte (au lieu du bosquet de la Vacquerie pr\u00e9vu). Les terrils et la mont\u00e9e de Mons en P\u00e9v\u00e8le seront adapt\u00e9s \u00e0 l&rsquo;\u00e9tat des terrains. En tous les cas, il faudra suivre le balisage sur le terrain qui sera prioritaire par rapport aux traces GPX.<\/em><\/h2>\n<h2 style=\"text-align: left;\"><em>Les cartes OPENRUNNER et KOMOOT ont \u00e9t\u00e9 modifi\u00e9es ce jour.<\/em><\/h2>\n<h2>Les 26, 35, 42 et 50 VTT feront donc r\u00e9ellement sur le terrain : 23, 31, 39 et 46 km<\/h2>\n<\/td>\n<\/tr>\n<\/tbody>\n<\/table>\n<p>Comme pour les \u00e9ditions pr\u00e9c\u00e9dentes, y\u2019aura du bois, de la Voie Verte, la mont\u00e9e de Mons en P\u00e9v\u00e8le, du single, mais aussi deux<strong>&nbsp;terrils<\/strong>&nbsp;et des pav\u00e9s pour les 2 grands parcours. Un <strong>ravito bien garni<\/strong> pour tous au pied du Terril de Leforest (vous y repasserez une seconde fois pour la 42 et la 50), et de retour \u00e0 la salle de la <strong>soupe aux chicons, une boisson, un sandwich<\/strong>&nbsp;et le bien \u00e9videmment le <strong>sachet de chicons<\/strong> pour repartir \u00e0 la maison !<\/p>\n<p>Une <strong>plaque de cadre<\/strong> offerte par notre partenaire <a href=\"https:\/\/energievelo.fr\/\" target=\"_blank\" rel=\"noopener\">ENERGIE VELO ORCHIES<\/a> aux 800 premiers inscrits :<\/p>\n<p style=\"text-align: center;\"><a href=\"https:\/\/veloclubfaumont.fr\/wp-content\/uploads\/2025\/01\/plaque-2025.jpg\"><img loading=\"lazy\" decoding=\"async\" class=\"aligncenter size-large wp-image-59330\" src=\"https:\/\/veloclubfaumont.fr\/wp-content\/uploads\/2025\/01\/plaque-2025-1024x768.jpg\" alt=\"\" width=\"1024\" height=\"768\" srcset=\"https:\/\/veloclubfaumont.fr\/wp-content\/uploads\/2025\/01\/plaque-2025-1024x768.jpg 1024w, https:\/\/veloclubfaumont.fr\/wp-content\/uploads\/2025\/01\/plaque-2025-300x225.jpg 300w, https:\/\/veloclubfaumont.fr\/wp-content\/uploads\/2025\/01\/plaque-2025-768x576.jpg 768w, https:\/\/veloclubfaumont.fr\/wp-content\/uploads\/2025\/01\/plaque-2025-1536x1152.jpg 1536w, https:\/\/veloclubfaumont.fr\/wp-content\/uploads\/2025\/01\/plaque-2025-600x450.jpg 600w, https:\/\/veloclubfaumont.fr\/wp-content\/uploads\/2025\/01\/plaque-2025.jpg 2048w\" sizes=\"auto, (max-width: 1024px) 100vw, 1024px\" \/><\/a><\/p>\n<p style=\"text-align: center;\">&nbsp;<\/p>\n<p>On ne change pas une formule gagnante !!!!<\/p>\n<table style=\"border-collapse: collapse; width: 100%;\">\n<tbody>\n<tr>\n<td style=\"width: 100%; background-color: #f7cbcb;\">\n<h4><strong>NOUVEAUTE<\/strong> : Cette ann\u00e9e, un parcours purement GRAVEL compl\u00e8tement diff\u00e9rent des parcours VTT&nbsp;(sans les terrils et passages techniques) de 55km sera propos\u00e9 (via un lien GPS) avec un ravito (commun aux VTT) \u00e0 mi-distance.<\/h4>\n<\/td>\n<\/tr>\n<\/tbody>\n<\/table>\n<p>&nbsp;<\/p>\n<table border=\"1\">\n<tbody>\n<tr>\n<td>\n<p style=\"text-align: center;\"><em><strong>Fl\u00e9chage pour les VTT :<br><\/strong><\/em><img loading=\"lazy\" decoding=\"async\" src=\"https:\/\/i0.wp.com\/veloclubfaumont.fr\/wp-content\/uploads\/2016\/12\/fleche-vtt.jpg?resize=768%2C301\" width=\"399\" height=\"156\"><br>fl\u00e8che a\u00e9rienne<\/p>\n<p><img loading=\"lazy\" decoding=\"async\" class=\"size-large aligncenter\" src=\"https:\/\/i1.wp.com\/veloclubfaumont.fr\/wp-content\/uploads\/2019\/10\/chevron.jpg?w=400\" width=\"400\" height=\"271\"><\/p>\n<p style=\"text-align: center;\"><em>chevron vert au sol<\/em><\/p>\n<\/td>\n<td style=\"text-align: center;\"><strong><em>Panneaux de bifurcation VTT<br>(\u00e9dition 2023) :<\/em><\/strong><strong><em><a href=\"https:\/\/i0.wp.com\/veloclubfaumont.fr\/wp-content\/uploads\/2022\/12\/flechage-bifurc-vtt.jpg\"><img loading=\"lazy\" decoding=\"async\" class=\"aligncenter  wp-image-29464\" src=\"https:\/\/i0.wp.com\/veloclubfaumont.fr\/wp-content\/uploads\/2022\/12\/flechage-bifurc-vtt.jpg?resize=320%2C417\" sizes=\"auto, (max-width: 320px) 100vw, 320px\" srcset=\"https:\/\/i0.wp.com\/veloclubfaumont.fr\/wp-content\/uploads\/2022\/12\/flechage-bifurc-vtt.jpg?w=511 511w, https:\/\/i0.wp.com\/veloclubfaumont.fr\/wp-content\/uploads\/2022\/12\/flechage-bifurc-vtt.jpg?resize=230%2C300 230w\" alt=\"\" width=\"320\" height=\"417\" data-recalc-dims=\"1\"><\/a><\/em><\/strong><\/td>\n<\/tr>\n<\/tbody>\n<\/table>\n<p>4 trac\u00e9s seront propos\u00e9es (tous accessibles en&nbsp;<strong>GRAVEL<\/strong>&nbsp;avec de bons pneus boue) :<\/p>\n<ul>\n<li>Un parcours d\u00e9couverte de 26 km&nbsp;(avec de la Voie Verte et&nbsp;<strong>AVEC ou SANS<\/strong>&nbsp;terril de Leforest)<\/li>\n<li>Un Interm\u00e9diaire de 35 km&nbsp;(le Terril de Leforest +&nbsp;<strong>AVEC<\/strong>&nbsp;Mont\u00e9e de Mons en P\u00e9v\u00e8le)<\/li>\n<li>Un Sportif de 42 km&nbsp;(les Terrils de Leforest + Evin-Malmaison&nbsp;<strong>\u2013 SANS<\/strong>&nbsp;Mont\u00e9e de Mons en P\u00e9v\u00e8le<\/li>\n<li>Un Sportif de 50 km&nbsp;(<strong>AVEC<\/strong>&nbsp;Mont\u00e9e de Mons en P\u00e9v\u00e8le + les Terrils de Leforest + Evin-Malmaison).<\/li>\n<\/ul>\n<p>Tous les parcours VTT auront droit \u00e0 un&nbsp;<strong>ravito<\/strong>&nbsp;(et 2 pour le 42 et 50)<\/p>\n<table style=\"border-collapse: collapse; width: 100%; height: 231px;\">\n<tbody>\n<tr style=\"height: 71px;\">\n<td style=\"width: 16.6667%; text-align: center; height: 71px;\">\n<h4><strong>PARCOURS<\/strong><\/h4>\n<\/td>\n<td style=\"width: 16.6667%; text-align: center; height: 71px;\">\n<h4><strong>26<\/strong><\/h4>\n<\/td>\n<td style=\"width: 16.6667%; text-align: center; height: 71px;\">\n<h4><strong>35<\/strong><\/h4>\n<\/td>\n<td style=\"width: 16.6667%; text-align: center; height: 71px;\">\n<h4><strong>42<\/strong><\/h4>\n<\/td>\n<td style=\"width: 16.6667%; text-align: center; height: 71px;\">\n<h4><strong>50<\/strong><\/h4>\n<\/td>\n<td style=\"width: 16.6667%; text-align: center; height: 71px;\">\n<h4><strong>55 GRAVEL<\/strong><\/h4>\n<\/td>\n<\/tr>\n<tr style=\"height: 89px;\">\n<td style=\"width: 16.6667%; text-align: center; height: 89px;\">\n<h4><strong>km r\u00e9els<br>(sans le single des Sorci\u00e8res<\/strong><\/h4>\n<\/td>\n<td style=\"width: 16.6667%; text-align: center; height: 89px;\">\n<h4><strong>23<\/strong><\/h4>\n<\/td>\n<td style=\"width: 16.6667%; text-align: center; height: 89px;\">\n<h4><strong>31<\/strong><\/h4>\n<\/td>\n<td style=\"width: 16.6667%; text-align: center; height: 89px;\">\n<h4><strong>39<\/strong><\/h4>\n<\/td>\n<td style=\"width: 16.6667%; text-align: center; height: 89px;\">\n<h4><strong>46<\/strong><\/h4>\n<\/td>\n<td style=\"width: 16.6667%; text-align: center; height: 89px;\">\n<h4><strong>&nbsp;<\/strong><\/h4>\n<\/td>\n<\/tr>\n<tr style=\"height: 71px;\">\n<td style=\"width: 16.6667%; text-align: center; height: 71px;\">\n<h4><strong>DENIVELE<\/strong><\/h4>\n<\/td>\n<td style=\"width: 16.6667%; text-align: center; height: 71px;\">\n<h4>130 m<\/h4>\n<\/td>\n<td style=\"width: 16.6667%; text-align: center; height: 71px;\">\n<h4>250 m<\/h4>\n<\/td>\n<td style=\"width: 16.6667%; text-align: center; height: 71px;\">\n<h4>280 m<\/h4>\n<\/td>\n<td style=\"width: 16.6667%; text-align: center; height: 71px;\">\n<h4>360 m<\/h4>\n<\/td>\n<td style=\"width: 16.6667%; text-align: center; height: 71px;\">\n<h4>320 m<\/h4>\n<\/td>\n<\/tr>\n<\/tbody>\n<\/table>\n<p style=\"text-align: center;\"><em><a href=\"https:\/\/veloclubfaumont.fr\/wp-content\/uploads\/2025\/01\/carte-tous-parcours-VTT-modifie.jpg\"><img loading=\"lazy\" decoding=\"async\" class=\"aligncenter size-large wp-image-59179\" src=\"https:\/\/veloclubfaumont.fr\/wp-content\/uploads\/2025\/01\/carte-tous-parcours-VTT-modifie-1024x633.jpg\" alt=\"\" width=\"1024\" height=\"633\" srcset=\"https:\/\/veloclubfaumont.fr\/wp-content\/uploads\/2025\/01\/carte-tous-parcours-VTT-modifie-1024x633.jpg 1024w, https:\/\/veloclubfaumont.fr\/wp-content\/uploads\/2025\/01\/carte-tous-parcours-VTT-modifie-300x185.jpg 300w, https:\/\/veloclubfaumont.fr\/wp-content\/uploads\/2025\/01\/carte-tous-parcours-VTT-modifie-768x475.jpg 768w, https:\/\/veloclubfaumont.fr\/wp-content\/uploads\/2025\/01\/carte-tous-parcours-VTT-modifie-600x371.jpg 600w, https:\/\/veloclubfaumont.fr\/wp-content\/uploads\/2025\/01\/carte-tous-parcours-VTT-modifie.jpg 1134w\" sizes=\"auto, (max-width: 1024px) 100vw, 1024px\" \/><\/a>carte des 4 parcours (<strong>avec single des Sorci\u00e8res supprim\u00e9 pour cause d&rsquo;inondation<\/strong>)<\/em><\/p>\n<table style=\"width: 100%; border-collapse: collapse; background-color: #f5a4f3; border-color: #000000; border-style: solid;\">\n<tbody>\n<tr>\n<td style=\"width: 100%; text-align: center;\">\n<h3 style=\"text-align: center;\"><a href=\"https:\/\/drive.google.com\/drive\/folders\/1pqX06Og4vFjlEnISJbvVRBf9qnOw30cc?usp=drive_link\" target=\"_blank\" rel=\"noopener\"><strong>LIEN GOOGLE DRIVE AVEC LES FICHIERS GPX <\/strong><\/a><\/h3>\n<h3 style=\"text-align: center;\"><a href=\"https:\/\/drive.google.com\/drive\/folders\/1pqX06Og4vFjlEnISJbvVRBf9qnOw30cc?usp=drive_link\" target=\"_blank\" rel=\"noopener\"><strong>DES PARCOURS VTT\/GRAVEL DU CBT 2025<\/strong><\/a><\/h3>\n<\/td>\n<\/tr>\n<\/tbody>\n<\/table>\n<p style=\"text-align: center;\">&nbsp;<\/p>\n<p><strong>QR CODE<\/strong> avec le lien direct pour acc\u00e9der aux pages <strong>OPENRUNNER<\/strong> avec la carte et la trace GPX du parcours choisi (ou <strong>fichiers GPX<\/strong> via <strong>GOOGLE DRIVE<\/strong> juste en dessous du tableau)<\/p>\n<table style=\"border-collapse: collapse; width: 100%; height: 179px;\">\n<tbody>\n<tr style=\"height: 141px;\">\n<td style=\"width: 25%; text-align: center; height: 10px; background-color: #6df016;\">\n<h4><strong><a href=\"https:\/\/www.openrunner.com\/route-details\/16108185\" target=\"_blank\" rel=\"noopener\">Carte Openrunner<br>26 km<\/a><\/strong><strong><br><\/strong>(cliquer sur le lien)<\/h4>\n<\/td>\n<td style=\"width: 25%; height: 10px; text-align: center; background-color: #58b1ed;\">\n<h4><a href=\"https:\/\/www.openrunner.com\/route-details\/19927850\" target=\"_blank\" rel=\"noopener\"><strong>Carte Openrunner<br>35 km<\/strong><\/a><strong><br><\/strong>(cliquer sur le lien)<\/h4>\n<\/td>\n<td style=\"width: 25%; height: 10px; text-align: center; background-color: #ed9440;\">\n<h4><a href=\"https:\/\/www.openrunner.com\/route-details\/19927723\" target=\"_blank\" rel=\"noopener\"><strong>Carte Openrunner<br>42 km<\/strong><\/a><strong><br><\/strong>(cliquer sur le lien)<\/h4>\n<\/td>\n<td style=\"width: 25%; text-align: center; background-color: #f50f0f; height: 10px;\">\n<h4><strong><a href=\"https:\/\/www.openrunner.com\/route-details\/19927598\" target=\"_blank\" rel=\"noopener\">Carte Openrunner<br>50 km<\/a><br><\/strong>(cliquer sur le lien)<\/h4>\n<\/td>\n<\/tr>\n<tr style=\"height: 46px;\">\n<td style=\"width: 25%; height: 46px; text-align: center; background-color: #6df016;\"><strong>QR CODE 26 km<\/strong><\/td>\n<td style=\"width: 25%; height: 46px; text-align: center; background-color: #58b1ed;\"><strong>QR CODE 35 km<\/strong><\/td>\n<td style=\"width: 25%; height: 46px; text-align: center; background-color: #ed9440;\"><strong>QR CODE 42 km<\/strong><\/td>\n<td style=\"width: 25%; text-align: center; background-color: #f50f0f; height: 46px;\"><strong>QR CODE 50 km<\/strong><\/td>\n<\/tr>\n<tr style=\"height: 140px;\">\n<td style=\"width: 25%; height: 123px; text-align: center;\"><a href=\"https:\/\/veloclubfaumont.fr\/wp-content\/uploads\/2024\/12\/Capture-decran-2024-12-11-123043.png\"><img loading=\"lazy\" decoding=\"async\" class=\"aligncenter size-full wp-image-58846\" src=\"https:\/\/veloclubfaumont.fr\/wp-content\/uploads\/2024\/12\/Capture-decran-2024-12-11-123043.png\" alt=\"\" width=\"197\" height=\"199\"><\/a><\/td>\n<td style=\"width: 25%; height: 123px; text-align: center;\"><a href=\"https:\/\/veloclubfaumont.fr\/wp-content\/uploads\/2024\/12\/Capture-decran-2024-12-11-122810.png\"><img loading=\"lazy\" decoding=\"async\" class=\"aligncenter size-full wp-image-58845\" src=\"https:\/\/veloclubfaumont.fr\/wp-content\/uploads\/2024\/12\/Capture-decran-2024-12-11-122810.png\" alt=\"\" width=\"204\" height=\"199\"><\/a><\/td>\n<td style=\"width: 25%; height: 123px; text-align: center;\"><a href=\"https:\/\/veloclubfaumont.fr\/wp-content\/uploads\/2024\/12\/Capture-decran-2024-12-11-122254.png\"><img loading=\"lazy\" decoding=\"async\" class=\"aligncenter size-full wp-image-58843\" src=\"https:\/\/veloclubfaumont.fr\/wp-content\/uploads\/2024\/12\/Capture-decran-2024-12-11-122254.png\" alt=\"\" width=\"195\" height=\"195\" srcset=\"https:\/\/veloclubfaumont.fr\/wp-content\/uploads\/2024\/12\/Capture-decran-2024-12-11-122254.png 195w, https:\/\/veloclubfaumont.fr\/wp-content\/uploads\/2024\/12\/Capture-decran-2024-12-11-122254-150x150.png 150w\" sizes=\"auto, (max-width: 195px) 100vw, 195px\" \/><\/a><\/td>\n<td style=\"width: 25%; text-align: center; height: 123px;\"><a href=\"https:\/\/veloclubfaumont.fr\/wp-content\/uploads\/2024\/12\/Capture-decran-2024-12-11-122052.png\"><img loading=\"lazy\" decoding=\"async\" class=\"aligncenter size-full wp-image-58844\" src=\"https:\/\/veloclubfaumont.fr\/wp-content\/uploads\/2024\/12\/Capture-decran-2024-12-11-122052.png\" alt=\"\" width=\"190\" height=\"191\" srcset=\"https:\/\/veloclubfaumont.fr\/wp-content\/uploads\/2024\/12\/Capture-decran-2024-12-11-122052.png 190w, https:\/\/veloclubfaumont.fr\/wp-content\/uploads\/2024\/12\/Capture-decran-2024-12-11-122052-150x150.png 150w\" sizes=\"auto, (max-width: 190px) 100vw, 190px\" \/><\/a><\/td>\n<\/tr>\n<\/tbody>\n<\/table>\n<p style=\"text-align: center;\"><strong>Lien GOOGLE DRIVE avec les fichiers GPX des parcours VTT\/GRAVEL : <a href=\"https:\/\/drive.google.com\/drive\/folders\/1pqX06Og4vFjlEnISJbvVRBf9qnOw30cc?usp=drive_link\" target=\"_blank\" rel=\"noopener\">CLIQUER ICI<\/a><\/strong><\/p>\n<p>Voici les cartes interactives avec liens sur les pages KOMOOT + liens OPENRUNNER (en dessous) :<\/p>\n<p style=\"text-align: center;\"><iframe loading=\"lazy\" src=\"https:\/\/www.komoot.com\/fr-fr\/tour\/1918924675\/embed?share_token=aqQ7NrRJXcEyW3YNP5NGayU79v7XemP4EAxz3FwJMOTUwguETD&amp;profile=1\" width=\"100%\" height=\"700\" frameborder=\"0\" scrolling=\"no\"><\/iframe><br>lien openrunner du 50 (qui fera finalement 46 km) : <strong><a href=\"https:\/\/www.openrunner.com\/route-details\/19927598\" target=\"_blank\" rel=\"noopener\">Carte + GPX 50 km<\/a><\/strong><\/p>\n<p><a href=\"https:\/\/veloclubfaumont.fr\/wp-content\/uploads\/2025\/01\/50-VTT.jpg\"><img loading=\"lazy\" decoding=\"async\" class=\"aligncenter size-large wp-image-59195\" src=\"https:\/\/veloclubfaumont.fr\/wp-content\/uploads\/2025\/01\/50-VTT-1024x653.jpg\" alt=\"\" width=\"1024\" height=\"653\" srcset=\"https:\/\/veloclubfaumont.fr\/wp-content\/uploads\/2025\/01\/50-VTT-1024x653.jpg 1024w, https:\/\/veloclubfaumont.fr\/wp-content\/uploads\/2025\/01\/50-VTT-300x191.jpg 300w, https:\/\/veloclubfaumont.fr\/wp-content\/uploads\/2025\/01\/50-VTT-768x490.jpg 768w, https:\/\/veloclubfaumont.fr\/wp-content\/uploads\/2025\/01\/50-VTT-600x383.jpg 600w, https:\/\/veloclubfaumont.fr\/wp-content\/uploads\/2025\/01\/50-VTT.jpg 1322w\" sizes=\"auto, (max-width: 1024px) 100vw, 1024px\" \/><\/a><\/p>\n<p style=\"text-align: center;\">carte du 50 VTT (avec single des Sorci\u00e8res en moins =&gt; 46 km sur le terrain)<\/p>\n<p style=\"text-align: center;\">Rep\u00e9rage du 50km VTT 2025 en vid\u00e9o :<\/p>\n<p><span class=\"embed-youtube\" style=\"text-align:center; display: block;\"><iframe loading=\"lazy\" class=\"youtube-player\" width=\"640\" height=\"360\" src=\"https:\/\/www.youtube.com\/embed\/BHTm1sTG6w0?version=3&#038;rel=1&#038;showsearch=0&#038;showinfo=1&#038;iv_load_policy=1&#038;fs=1&#038;hl=fr-FR&#038;autohide=2&#038;wmode=transparent\" allowfullscreen=\"true\" style=\"border:0;\" sandbox=\"allow-scripts allow-same-origin allow-popups allow-presentation\"><\/iframe><\/span><\/p>\n<p>&nbsp;<\/p>\n<p style=\"text-align: center;\"><iframe loading=\"lazy\" src=\"https:\/\/www.komoot.com\/fr-fr\/tour\/1918923441\/embed?share_token=a7n57jn61xgkUWEsrOnbffCBbakeaHnL2yWm62pdvpjMf5jv7p&amp;profile=1\" width=\"100%\" height=\"700\" frameborder=\"0\" scrolling=\"no\"><\/iframe><br>lien openrunner du 42 (qui fera finalement 38 km) : <a href=\"https:\/\/www.openrunner.com\/route-details\/19927723\" target=\"_blank\" rel=\"noopener\"><strong>Carte + GPX 42 km<\/strong><\/a><\/p>\n<p><a href=\"https:\/\/veloclubfaumont.fr\/wp-content\/uploads\/2025\/01\/carte-parcours-VTT-42.jpg\"><img loading=\"lazy\" decoding=\"async\" class=\"aligncenter size-large wp-image-59197\" src=\"https:\/\/veloclubfaumont.fr\/wp-content\/uploads\/2025\/01\/carte-parcours-VTT-42-1024x667.jpg\" alt=\"\" width=\"1024\" height=\"667\" srcset=\"https:\/\/veloclubfaumont.fr\/wp-content\/uploads\/2025\/01\/carte-parcours-VTT-42-1024x667.jpg 1024w, https:\/\/veloclubfaumont.fr\/wp-content\/uploads\/2025\/01\/carte-parcours-VTT-42-300x195.jpg 300w, https:\/\/veloclubfaumont.fr\/wp-content\/uploads\/2025\/01\/carte-parcours-VTT-42-768x500.jpg 768w, https:\/\/veloclubfaumont.fr\/wp-content\/uploads\/2025\/01\/carte-parcours-VTT-42-600x391.jpg 600w, https:\/\/veloclubfaumont.fr\/wp-content\/uploads\/2025\/01\/carte-parcours-VTT-42.jpg 1246w\" sizes=\"auto, (max-width: 1024px) 100vw, 1024px\" \/><\/a><\/p>\n<p style=\"text-align: center;\"><em>(single des Sorci\u00e8res supprim\u00e9 pour cause d&rsquo;inondation)<\/em><\/p>\n<p style=\"text-align: center;\"><iframe loading=\"lazy\" src=\"https:\/\/www.komoot.com\/fr-fr\/tour\/1918921892\/embed?share_token=aszrpBscSXg4fHtWnTqatiBu9SntQeYIELZ5dIbqL2zqpRNVHs&amp;profile=1\" width=\"100%\" height=\"700\" frameborder=\"0\" scrolling=\"no\"><\/iframe><br>lien openrunner du 35 (qui fera finalement 31 km) : <strong><a href=\"https:\/\/www.openrunner.com\/route-details\/19927850\" target=\"_blank\" rel=\"noopener\">Carte + GPX 35 km<\/a><\/strong><\/p>\n<p style=\"text-align: center;\">&nbsp;<\/p>\n<p style=\"text-align: center;\"><a href=\"https:\/\/veloclubfaumont.fr\/wp-content\/uploads\/2025\/01\/35-VTT.jpg\"><img loading=\"lazy\" decoding=\"async\" class=\"aligncenter size-large wp-image-59194\" src=\"https:\/\/veloclubfaumont.fr\/wp-content\/uploads\/2025\/01\/35-VTT-737x1024.jpg\" alt=\"\" width=\"737\" height=\"1024\" srcset=\"https:\/\/veloclubfaumont.fr\/wp-content\/uploads\/2025\/01\/35-VTT-737x1024.jpg 737w, https:\/\/veloclubfaumont.fr\/wp-content\/uploads\/2025\/01\/35-VTT-216x300.jpg 216w, https:\/\/veloclubfaumont.fr\/wp-content\/uploads\/2025\/01\/35-VTT-768x1067.jpg 768w, https:\/\/veloclubfaumont.fr\/wp-content\/uploads\/2025\/01\/35-VTT-432x600.jpg 432w, https:\/\/veloclubfaumont.fr\/wp-content\/uploads\/2025\/01\/35-VTT.jpg 857w\" sizes=\"auto, (max-width: 737px) 100vw, 737px\" \/><\/a><\/p>\n<p>&nbsp;<\/p>\n<p style=\"text-align: center;\"><iframe loading=\"lazy\" src=\"https:\/\/www.komoot.com\/fr-fr\/tour\/1918920492\/embed?share_token=adNWjV3rq2KvdhtGu1HNrM3TkxhSmtK6F2YmcX3g5qtnLBV2WK&amp;profile=1\" width=\"100%\" height=\"700\" frameborder=\"0\" scrolling=\"no\"><\/iframe><br>lien openrunner du 26 (qui fera finalement 23 km) : <strong><a href=\"https:\/\/www.openrunner.com\/route-details\/19943787\" target=\"_blank\" rel=\"noopener\">Carte + GPX 26 km<\/a><\/strong><\/p>\n<p style=\"text-align: center;\">&nbsp;<\/p>\n<p style=\"text-align: center;\"><a href=\"https:\/\/veloclubfaumont.fr\/wp-content\/uploads\/2025\/01\/CARTE-PARCOURS-26KM.jpg\"><img loading=\"lazy\" decoding=\"async\" class=\"aligncenter size-large wp-image-59198\" src=\"https:\/\/veloclubfaumont.fr\/wp-content\/uploads\/2025\/01\/CARTE-PARCOURS-26KM-1024x756.jpg\" alt=\"\" width=\"1024\" height=\"756\" srcset=\"https:\/\/veloclubfaumont.fr\/wp-content\/uploads\/2025\/01\/CARTE-PARCOURS-26KM-1024x756.jpg 1024w, https:\/\/veloclubfaumont.fr\/wp-content\/uploads\/2025\/01\/CARTE-PARCOURS-26KM-300x222.jpg 300w, https:\/\/veloclubfaumont.fr\/wp-content\/uploads\/2025\/01\/CARTE-PARCOURS-26KM-768x567.jpg 768w, https:\/\/veloclubfaumont.fr\/wp-content\/uploads\/2025\/01\/CARTE-PARCOURS-26KM-600x443.jpg 600w, https:\/\/veloclubfaumont.fr\/wp-content\/uploads\/2025\/01\/CARTE-PARCOURS-26KM.jpg 1147w\" sizes=\"auto, (max-width: 1024px) 100vw, 1024px\" \/><\/a><\/p>\n<hr>\n<h3 style=\"text-align: center;\"><b>Parcours 55 km purement GRAVEL : <a href=\"https:\/\/www.openrunner.com\/route-details\/19881708\" target=\"_blank\" rel=\"noopener\">LIEN OPENRUNER ICI<\/a><\/b><\/h3>\n<p style=\"text-align: center;\"><a href=\"https:\/\/veloclubfaumont.fr\/wp-content\/uploads\/2024\/12\/GRAVEL-2025-1.jpg\"><img loading=\"lazy\" decoding=\"async\" class=\"aligncenter size-full wp-image-58724\" src=\"https:\/\/veloclubfaumont.fr\/wp-content\/uploads\/2024\/12\/GRAVEL-2025-1.jpg\" alt=\"\" width=\"698\" height=\"933\" srcset=\"https:\/\/veloclubfaumont.fr\/wp-content\/uploads\/2024\/12\/GRAVEL-2025-1.jpg 698w, https:\/\/veloclubfaumont.fr\/wp-content\/uploads\/2024\/12\/GRAVEL-2025-1-224x300.jpg 224w, https:\/\/veloclubfaumont.fr\/wp-content\/uploads\/2024\/12\/GRAVEL-2025-1-449x600.jpg 449w\" sizes=\"auto, (max-width: 698px) 100vw, 698px\" \/><\/a><\/p>\n\n\n<p style=\"text-align: center;\"><iframe loading=\"lazy\" src=\"https:\/\/www.komoot.com\/fr-fr\/tour\/1971206324\/embed?share_token=a1DsCdOt6TJy53q0WluLrMB8X6Cbud65SHxiBuATQZMNrMWAu3&amp;profile=1\" width=\"100%\" height=\"700\" frameborder=\"0\" scrolling=\"no\"><\/iframe><\/p>\n<p><span class=\"embed-youtube\" style=\"text-align:center; display: block;\"><iframe loading=\"lazy\" class=\"youtube-player\" width=\"640\" height=\"360\" src=\"https:\/\/www.youtube.com\/embed\/d8XNsx6ECLU?version=3&#038;rel=1&#038;showsearch=0&#038;showinfo=1&#038;iv_load_policy=1&#038;fs=1&#038;hl=fr-FR&#038;autohide=2&#038;wmode=transparent\" allowfullscreen=\"true\" style=\"border:0;\" sandbox=\"allow-scripts allow-same-origin allow-popups allow-presentation\"><\/iframe><\/span><\/p>\n<p style=\"text-align: center;\">Reconnaissance du 55km GRAVEL<\/p>\n<p>Vid\u00e9o pour vous mettre dans l\u2019ambiance de l\u2019\u00e9dition 2023 :<\/p>\n<p><span class=\"embed-youtube\"><iframe loading=\"lazy\" class=\"youtube-player\" src=\"https:\/\/www.youtube.com\/embed\/IObkEi_4frU?version=3&amp;rel=1&amp;showsearch=0&amp;showinfo=1&amp;iv_load_policy=1&amp;fs=1&amp;hl=fr-FR&amp;autohide=2&amp;start=29&amp;wmode=transparent\" width=\"640\" height=\"360\" sandbox=\"allow-scripts allow-same-origin allow-popups allow-presentation\" allowfullscreen=\"allowfullscreen\" data-mce-fragment=\"1\"><\/iframe><\/span><\/p>\n<p>Edition 2024 sous la neige :<\/p>\n<p><span class=\"embed-youtube\" style=\"text-align:center; display: block;\"><iframe loading=\"lazy\" class=\"youtube-player\" width=\"640\" height=\"360\" src=\"https:\/\/www.youtube.com\/embed\/smy59QCPAX4?version=3&#038;rel=1&#038;showsearch=0&#038;showinfo=1&#038;iv_load_policy=1&#038;fs=1&#038;hl=fr-FR&#038;autohide=2&#038;wmode=transparent\" allowfullscreen=\"true\" style=\"border:0;\" sandbox=\"allow-scripts allow-same-origin allow-popups allow-presentation\"><\/iframe><\/span><\/p>\n<p>&nbsp;<\/p>\n\n","protected":false},"excerpt":{"rendered":"<p>MISE A JOUR DU 16 JANVIER : Le single des Sorci\u00e8res \u00e9tant inond\u00e9, nous avons d\u00fb \u00e9courter le d\u00e9part commun. Le retour du 26 et du 42 s&rsquo;effectuera par la&#8230;<\/p>\n","protected":false},"author":1,"featured_media":0,"parent":0,"menu_order":0,"comment_status":"closed","ping_status":"closed","template":"","meta":{"ngg_post_thumbnail":0,"jetpack_post_was_ever_published":false,"two_page_speed":[],"footnotes":""},"class_list":["post-54361","page","type-page","status-publish","hentry"],"jetpack_sharing_enabled":true,"jetpack_shortlink":"https:\/\/wp.me\/P8bXJp-e8N","_links":{"self":[{"href":"https:\/\/veloclubfaumont.fr\/index.php\/wp-json\/wp\/v2\/pages\/54361","targetHints":{"allow":["GET"]}}],"collection":[{"href":"https:\/\/veloclubfaumont.fr\/index.php\/wp-json\/wp\/v2\/pages"}],"about":[{"href":"https:\/\/veloclubfaumont.fr\/index.php\/wp-json\/wp\/v2\/types\/page"}],"author":[{"embeddable":true,"href":"https:\/\/veloclubfaumont.fr\/index.php\/wp-json\/wp\/v2\/users\/1"}],"replies":[{"embeddable":true,"href":"https:\/\/veloclubfaumont.fr\/index.php\/wp-json\/wp\/v2\/comments?post=54361"}],"version-history":[{"count":35,"href":"https:\/\/veloclubfaumont.fr\/index.php\/wp-json\/wp\/v2\/pages\/54361\/revisions"}],"predecessor-version":[{"id":59334,"href":"https:\/\/veloclubfaumont.fr\/index.php\/wp-json\/wp\/v2\/pages\/54361\/revisions\/59334"}],"wp:attachment":[{"href":"https:\/\/veloclubfaumont.fr\/index.php\/wp-json\/wp\/v2\/media?parent=54361"}],"curies":[{"name":"wp","href":"https:\/\/api.w.org\/{rel}","templated":true}]}}