{"id":65232,"date":"2025-11-15T11:53:02","date_gmt":"2025-11-15T10:53:02","guid":{"rendered":"https:\/\/veloclubfaumont.fr\/?page_id=65232"},"modified":"2026-01-16T18:33:29","modified_gmt":"2026-01-16T17:33:29","slug":"chicon-bike-tour-2026-les-parcours-vtt-gravel","status":"publish","type":"page","link":"https:\/\/veloclubfaumont.fr\/index.php\/chicon-bike-tour-2026-les-parcours-vtt-gravel\/","title":{"rendered":"Chicon Bike Tour 2026 : les parcours VTT &amp; GRAVEL"},"content":{"rendered":"\n<table style=\"border-collapse: collapse; width: 100%;\">\n<tbody>\n<tr>\n<td style=\"width: 100%;\">\n<h2 style=\"text-align: center;\"><strong>ATTENTION MISE A JOUR DU 9 JANVIER 2026: suite \u00e0 une interdiction par l&rsquo;ONF d&rsquo;un passage dangereux le long du Bois de l&rsquo;Offlarde (pour cause de chasse), le retour des 2 grands parcours VTT sera modifi\u00e9 pour repartir vers Moncheaux. Les cartes OPENRUNNER et KOMOOT sont modifi\u00e9es dans ce sens.<\/strong><\/h2>\n<h3 style=\"text-align: center;\"><a href=\"https:\/\/drive.google.com\/drive\/u\/0\/folders\/16tAuwdi9Zei5uK-zk6xWYnNTtO3EqJXj\" target=\"_blank\" rel=\"noopener\">Lien GOOGLE DRIVE vers les fichiers GPX de tous les parcours<\/a><\/h3>\n<\/td>\n<\/tr>\n<\/tbody>\n<\/table>\n<p>Comme pour les \u00e9ditions pr\u00e9c\u00e9dentes, on reprend les parties techniques qui font le succ\u00e8s du CBT. Y\u2019aura donc de la Voie Verte, la mont\u00e9e de Mons en P\u00e9v\u00e8le, du single, mais aussi des<strong>&nbsp;terrils<\/strong> et des pav\u00e9s. Le nouveau d\u00e9part vers Ostricourt sera plus roulant que les ann\u00e9es pr\u00e9c\u00e9dentes mais permettra de bien s&rsquo;\u00e9chauffer pour votre premi\u00e8re sortie hivernale de la nouvelle ann\u00e9e.<\/p>\n<p>Apr\u00e8s ce premier mis en jambe, un <strong>ravito bien garni<\/strong> 5 \u00e9toiles pour tous (VTT et GRAVEL) vous attendra au pied du Terril de Leforest (vous y repasserez une seconde fois pour le <strong>47 VTT<\/strong>). Le grand parcours retrouvera comme d&rsquo;habitude le technique terril d&rsquo;Evin-Malmaison puis un retour diff\u00e9rent vers le plan d&rsquo;eau de Leforest puis son terril avant de rejoindre le second ravito.<\/p>\n<p>Ensuite, apr\u00e8s une l\u00e9g\u00e8re mont\u00e9e vers Moncheaux et Raimbeaucourt, on retrouvera le bois de l&rsquo;Aum\u00f4ne avant le retour \u00e0 la salle, o\u00f9 vous attendront comme d&rsquo;habitude la <strong>soupe aux chicons, une boisson, un sandwich<\/strong> et bien \u00e9videmment le <strong>sachet de chicons<\/strong>&nbsp;pour repartir \u00e0 la maison !<\/p>\n<p>Comme l&rsquo;an pass\u00e9, les <strong>GRAVELS<\/strong> ne sont pas oubli\u00e9s. En 2026, un second trac\u00e9 de 40 km (toujours \u00e0 suivre au GPS) vous sera propos\u00e9. Ainsi, ceux qui viendront \u00e0 la salle en v\u00e9lo auront la possibilit\u00e9 de suivre un parcours r\u00e9duit (avec une partie de Phalempin en moins et le passage par le terril d&rsquo;Evin supprim\u00e9). Le d\u00e9part et le retour seront eux communs.<\/p>\n<p>Une&nbsp;<strong>plaque de cadre<\/strong>&nbsp;offerte par notre partenaire&nbsp;<strong><a href=\"https:\/\/energievelo.fr\/\" target=\"_blank\" rel=\"noopener\">ENERGIE VELO ORCHIES<\/a><\/strong>&nbsp;aux 800 premiers inscrits :<\/p>\n<p><a href=\"https:\/\/veloclubfaumont.fr\/wp-content\/uploads\/2025\/01\/plaque-2025.jpg\"><img loading=\"lazy\" decoding=\"async\" class=\"aligncenter size-large wp-image-59330\" src=\"https:\/\/veloclubfaumont.fr\/wp-content\/uploads\/2025\/01\/plaque-2025-1024x768.jpg\" sizes=\"auto, (max-width: 1024px) 100vw, 1024px\" srcset=\"https:\/\/veloclubfaumont.fr\/wp-content\/uploads\/2025\/01\/plaque-2025-1024x768.jpg 1024w, https:\/\/veloclubfaumont.fr\/wp-content\/uploads\/2025\/01\/plaque-2025-300x225.jpg 300w, https:\/\/veloclubfaumont.fr\/wp-content\/uploads\/2025\/01\/plaque-2025-768x576.jpg 768w, https:\/\/veloclubfaumont.fr\/wp-content\/uploads\/2025\/01\/plaque-2025-1536x1152.jpg 1536w, https:\/\/veloclubfaumont.fr\/wp-content\/uploads\/2025\/01\/plaque-2025-600x450.jpg 600w, https:\/\/veloclubfaumont.fr\/wp-content\/uploads\/2025\/01\/plaque-2025.jpg 2048w\" alt=\"\" width=\"1024\" height=\"768\"><\/a><\/p>\n<p style=\"text-align: center;\"><em>On ne change pas une formule gagnante !!!!<\/em><\/p>\n<table>\n<tbody>\n<tr>\n<td>\n<h4>Comme en 2025, un parcours purement GRAVEL (sans les terrils et passages techniques) de 56 km sera propos\u00e9 (via un lien GPS) avec un ravito (commun aux VTT) \u00e0 mi-distance. Pour cette ann\u00e9e, nous essaierons de vous faire suivre au plus pr\u00e8s le grand parcours VTT avec bien entendu quelques variantes. Comme dit plus haut, une trace plus r\u00e9duite de 40 km vous sera \u00e9galement propos\u00e9e.<\/h4>\n<h4><em><span style=\"color: #ff0000;\">A noter enfin, que vous pouvez vous faire un autre parcours alternatif (non officiel) en commen\u00e7ant par le 56 Gravel via GPS jusqu&rsquo;au ravito, puis suivre la 47 VTT (qui sera fl\u00e9ch\u00e9). Vous obtiendrez un 60 km mixant les 2 disciplines en ayant toutes les parties techniques comme les terrils d&rsquo;Evin-Malmaison et Leforest. Une trace foresti\u00e8re (les dr\u00eaves de la for\u00eat de Phalempin en premi\u00e8re partie) et les spots techniques des terrils. Un beau d\u00e9fi sportif en perspective&#8230;. Voir tout en bas de cette page.<\/span><\/em><\/h4>\n<\/td>\n<\/tr>\n<\/tbody>\n<\/table>\n<p>&nbsp;<\/p>\n<table border=\"1\">\n<tbody>\n<tr>\n<td>\n<p style=\"text-align: center;\"><em><strong>Fl\u00e9chage pour les VTT :<br><\/strong><\/em><img loading=\"lazy\" decoding=\"async\" src=\"https:\/\/i0.wp.com\/veloclubfaumont.fr\/wp-content\/uploads\/2016\/12\/fleche-vtt.jpg?resize=768%2C301\" width=\"399\" height=\"156\"><br>fl\u00e8che a\u00e9rienne<\/p>\n<p><img loading=\"lazy\" decoding=\"async\" class=\"size-large aligncenter\" src=\"https:\/\/i1.wp.com\/veloclubfaumont.fr\/wp-content\/uploads\/2019\/10\/chevron.jpg?w=400\" width=\"400\" height=\"271\"><\/p>\n<p style=\"text-align: center;\"><em>chevron vert au sol<\/em><\/p>\n<\/td>\n<td style=\"text-align: center;\"><strong><em>Panneaux de bifurcation VTT<br>(\u00e9dition 2023) :<\/em><\/strong><strong><em><a href=\"https:\/\/i0.wp.com\/veloclubfaumont.fr\/wp-content\/uploads\/2022\/12\/flechage-bifurc-vtt.jpg\"><img loading=\"lazy\" decoding=\"async\" class=\"aligncenter  wp-image-29464\" src=\"https:\/\/i0.wp.com\/veloclubfaumont.fr\/wp-content\/uploads\/2022\/12\/flechage-bifurc-vtt.jpg?resize=320%2C417\" sizes=\"auto, (max-width: 320px) 100vw, 320px\" srcset=\"https:\/\/i0.wp.com\/veloclubfaumont.fr\/wp-content\/uploads\/2022\/12\/flechage-bifurc-vtt.jpg?w=511 511w, https:\/\/i0.wp.com\/veloclubfaumont.fr\/wp-content\/uploads\/2022\/12\/flechage-bifurc-vtt.jpg?resize=230%2C300 230w\" alt=\"\" width=\"320\" height=\"417\" data-recalc-dims=\"1\"><\/a><\/em><\/strong><\/td>\n<\/tr>\n<\/tbody>\n<\/table>\n<p>3 trac\u00e9s VTT seront propos\u00e9es (tous accessibles en <strong>GRAVEL<\/strong>&nbsp;avec de bons pneus boue) :<\/p>\n<ul>\n<li>Un parcours d\u00e9couverte familial de 26 km (avec de la <strong>Voie Verte<\/strong> et <b>le Bois de l&rsquo;Aum\u00f4ne<\/b>)<\/li>\n<li>Un Interm\u00e9diaire de 30 km (<strong>AVEC en +<\/strong> la Mont\u00e9e de Mons en P\u00e9v\u00e8le &amp; le Terril de Leforest)<\/li>\n<li>Un Sportif de 47 km (<strong>AVEC<\/strong> <strong>en +<\/strong> le <strong>Terril d&rsquo;Evin-Malmaison<\/strong> &amp; le <strong>plan d&rsquo;eau de Leforest<\/strong>).<\/li>\n<\/ul>\n<p>Tous les parcours VTT et GRAVEL auront droit \u00e0 un <strong>ravito<\/strong> (et un second au m\u00eame endroit pour le 47 km)<\/p>\n<table style=\"width: 98.8095%; height: 236px;\">\n<tbody>\n<tr style=\"height: 94px;\">\n<td style=\"text-align: center; width: 19.2771%; height: 94px;\">\n<h4>PARCOURS<\/h4>\n<\/td>\n<td style=\"text-align: center; width: 17.7109%; height: 94px;\">\n<h4><strong>26 VTT<\/strong><\/h4>\n<\/td>\n<td style=\"text-align: center; width: 15.0603%; height: 94px;\">\n<h4><strong>30 VTT<\/strong><\/h4>\n<\/td>\n<td style=\"text-align: center; width: 15.0603%; height: 94px;\">\n<h4><strong>47 VTT<\/strong><\/h4>\n<\/td>\n<td style=\"text-align: center; width: 14.9397%; height: 94px;\">\n<h4><strong>56 GRAVEL<br>(au GPX)<\/strong><\/h4>\n<\/td>\n<td style=\"text-align: center; width: 16.747%; height: 94px;\">\n<h4><strong>40 GRAVEL<br>(au GPX)<\/strong><\/h4>\n<\/td>\n<\/tr>\n<tr style=\"height: 71px;\">\n<td style=\"text-align: center; width: 19.2771%; height: 71px;\">\n<h4>DENIVELE<\/h4>\n<\/td>\n<td style=\"text-align: center; width: 17.7109%; height: 71px;\">\n<h4>120 m<\/h4>\n<\/td>\n<td style=\"text-align: center; width: 15.0603%; height: 71px;\">\n<h4>200 m<\/h4>\n<\/td>\n<td style=\"text-align: center; width: 15.0603%; height: 71px;\">\n<h4>315 m<\/h4>\n<\/td>\n<td style=\"text-align: center; width: 14.9397%; height: 71px;\">\n<h4>320 m<\/h4>\n<\/td>\n<td style=\"text-align: center; width: 16.747%; height: 71px;\">\n<h4>230 m<\/h4>\n<\/td>\n<\/tr>\n<tr style=\"height: 71px;\">\n<td style=\"text-align: center; width: 19.2771%; height: 71px;\">\n<h4>RAVITO<\/h4>\n<\/td>\n<td style=\"text-align: center; width: 17.7109%; height: 71px;\">\n<h4>km 12<\/h4>\n<\/td>\n<td style=\"text-align: center; width: 15.0603%; height: 71px;\">\n<h4>km 13<\/h4>\n<\/td>\n<td style=\"text-align: center; width: 15.0603%; height: 71px;\">\n<h4>km 13 &amp; 31<\/h4>\n<\/td>\n<td style=\"text-align: center; width: 14.9397%; height: 71px;\">\n<h4>km 26<\/h4>\n<\/td>\n<td style=\"text-align: center; width: 16.747%; height: 71px;\">\n<h4>km 19<\/h4>\n<\/td>\n<\/tr>\n<\/tbody>\n<\/table>\n<p>&nbsp;<\/p>\n<p style=\"text-align: center;\"><em>Carte des 3 parcours VTT :<br><a href=\"https:\/\/veloclubfaumont.fr\/wp-content\/uploads\/2026\/01\/Carte-3-parcours-VTT-site-maj.jpg\"><img loading=\"lazy\" decoding=\"async\" class=\"aligncenter size-full wp-image-67549\" src=\"https:\/\/veloclubfaumont.fr\/wp-content\/uploads\/2026\/01\/Carte-3-parcours-VTT-site-maj.jpg\" alt=\"\" width=\"1558\" height=\"1153\" srcset=\"https:\/\/veloclubfaumont.fr\/wp-content\/uploads\/2026\/01\/Carte-3-parcours-VTT-site-maj.jpg 1558w, https:\/\/veloclubfaumont.fr\/wp-content\/uploads\/2026\/01\/Carte-3-parcours-VTT-site-maj-300x222.jpg 300w, https:\/\/veloclubfaumont.fr\/wp-content\/uploads\/2026\/01\/Carte-3-parcours-VTT-site-maj-1024x758.jpg 1024w, https:\/\/veloclubfaumont.fr\/wp-content\/uploads\/2026\/01\/Carte-3-parcours-VTT-site-maj-768x568.jpg 768w, https:\/\/veloclubfaumont.fr\/wp-content\/uploads\/2026\/01\/Carte-3-parcours-VTT-site-maj-1536x1137.jpg 1536w, https:\/\/veloclubfaumont.fr\/wp-content\/uploads\/2026\/01\/Carte-3-parcours-VTT-site-maj-600x444.jpg 600w\" sizes=\"auto, (max-width: 1558px) 100vw, 1558px\" \/><\/a><br><\/em><\/p>\n<p>&nbsp;<\/p>\n<p style=\"text-align: center;\"><a href=\"https:\/\/veloclubfaumont.fr\/wp-content\/uploads\/2026\/01\/carte-vtt-47-site-maj.jpg\"><img loading=\"lazy\" decoding=\"async\" class=\"aligncenter size-full wp-image-67544\" src=\"https:\/\/veloclubfaumont.fr\/wp-content\/uploads\/2026\/01\/carte-vtt-47-site-maj.jpg\" alt=\"\" width=\"1051\" height=\"874\" srcset=\"https:\/\/veloclubfaumont.fr\/wp-content\/uploads\/2026\/01\/carte-vtt-47-site-maj.jpg 1051w, https:\/\/veloclubfaumont.fr\/wp-content\/uploads\/2026\/01\/carte-vtt-47-site-maj-300x249.jpg 300w, https:\/\/veloclubfaumont.fr\/wp-content\/uploads\/2026\/01\/carte-vtt-47-site-maj-1024x852.jpg 1024w, https:\/\/veloclubfaumont.fr\/wp-content\/uploads\/2026\/01\/carte-vtt-47-site-maj-768x639.jpg 768w, https:\/\/veloclubfaumont.fr\/wp-content\/uploads\/2026\/01\/carte-vtt-47-site-maj-600x499.jpg 600w\" sizes=\"auto, (max-width: 1051px) 100vw, 1051px\" \/><\/a><\/p>\n<p style=\"text-align: center;\"><a href=\"https:\/\/veloclubfaumont.fr\/wp-content\/uploads\/2025\/09\/carte-vtt-47-site.jpg\"><iframe loading=\"lazy\" src=\"https:\/\/www.komoot.com\/fr-fr\/tour\/2549119684\/embed?share_token=aMVPin969pITk4FzGyIpB45jFzwXeZrvyISdbrxd385ALJPsXS&amp;profile=1\" width=\"100%\" height=\"700\" frameborder=\"0\" scrolling=\"no\"><\/iframe><\/a><\/p>\n<p><span class=\"embed-youtube\" style=\"text-align:center; display: block;\"><iframe loading=\"lazy\" class=\"youtube-player\" width=\"640\" height=\"360\" src=\"https:\/\/www.youtube.com\/embed\/ehrxowo6vmk?version=3&#038;rel=1&#038;showsearch=0&#038;showinfo=1&#038;iv_load_policy=1&#038;fs=1&#038;hl=fr-FR&#038;autohide=2&#038;wmode=transparent\" allowfullscreen=\"true\" style=\"border:0;\" sandbox=\"allow-scripts allow-same-origin allow-popups allow-presentation\"><\/iframe><\/span><\/p>\n<p style=\"text-align: center;\"><a href=\"https:\/\/veloclubfaumont.fr\/wp-content\/uploads\/2026\/01\/carte-vtt-30-site-maj.jpg\"><img loading=\"lazy\" decoding=\"async\" class=\"aligncenter size-full wp-image-67545\" src=\"https:\/\/veloclubfaumont.fr\/wp-content\/uploads\/2026\/01\/carte-vtt-30-site-maj.jpg\" alt=\"\" width=\"1219\" height=\"863\" srcset=\"https:\/\/veloclubfaumont.fr\/wp-content\/uploads\/2026\/01\/carte-vtt-30-site-maj.jpg 1219w, https:\/\/veloclubfaumont.fr\/wp-content\/uploads\/2026\/01\/carte-vtt-30-site-maj-300x212.jpg 300w, https:\/\/veloclubfaumont.fr\/wp-content\/uploads\/2026\/01\/carte-vtt-30-site-maj-1024x725.jpg 1024w, https:\/\/veloclubfaumont.fr\/wp-content\/uploads\/2026\/01\/carte-vtt-30-site-maj-768x544.jpg 768w, https:\/\/veloclubfaumont.fr\/wp-content\/uploads\/2026\/01\/carte-vtt-30-site-maj-600x425.jpg 600w\" sizes=\"auto, (max-width: 1219px) 100vw, 1219px\" \/><\/a><\/p>\n<p style=\"text-align: center;\"><iframe loading=\"lazy\" src=\"https:\/\/www.komoot.com\/fr-fr\/tour\/2549117692\/embed?share_token=akH23FVqYTeWFKBLQ9SnY8l225iHIitpOFkW89cuE9vVSpXZsD&amp;profile=1\" width=\"100%\" height=\"700\" frameborder=\"0\" scrolling=\"no\"><\/iframe><\/p>\n<p style=\"text-align: center;\"><a href=\"https:\/\/veloclubfaumont.fr\/wp-content\/uploads\/2025\/09\/carte-vtt-26-site.jpg\"><img loading=\"lazy\" decoding=\"async\" class=\"aligncenter size-full wp-image-65374\" src=\"https:\/\/veloclubfaumont.fr\/wp-content\/uploads\/2025\/09\/carte-vtt-26-site.jpg\" alt=\"\" width=\"1844\" height=\"1188\" srcset=\"https:\/\/veloclubfaumont.fr\/wp-content\/uploads\/2025\/09\/carte-vtt-26-site.jpg 1844w, https:\/\/veloclubfaumont.fr\/wp-content\/uploads\/2025\/09\/carte-vtt-26-site-300x193.jpg 300w, https:\/\/veloclubfaumont.fr\/wp-content\/uploads\/2025\/09\/carte-vtt-26-site-1024x660.jpg 1024w, https:\/\/veloclubfaumont.fr\/wp-content\/uploads\/2025\/09\/carte-vtt-26-site-768x495.jpg 768w, https:\/\/veloclubfaumont.fr\/wp-content\/uploads\/2025\/09\/carte-vtt-26-site-1536x990.jpg 1536w, https:\/\/veloclubfaumont.fr\/wp-content\/uploads\/2025\/09\/carte-vtt-26-site-600x387.jpg 600w\" sizes=\"auto, (max-width: 1844px) 100vw, 1844px\" \/><\/a><\/p>\n<p style=\"text-align: center;\"><iframe loading=\"lazy\" src=\"https:\/\/www.komoot.com\/fr-fr\/tour\/2549115533\/embed?share_token=aGMDFtbMLSYxBfj3LJW6aboZg4r3FjB1jFtGIfo9NVXcW3C4ug&amp;profile=1\" width=\"100%\" height=\"700\" frameborder=\"0\" scrolling=\"no\"><\/iframe><\/p>\n<hr>\n<p style=\"text-align: center;\">Carte des 2 parcours GRAVEL (uniquement au GPS avec tron\u00e7ons communs aux VTT) <br>(<span style=\"color: #ff0000;\"><strong>NOUVEAU<\/strong><\/span> : un parcours de 40 km vous est propos\u00e9 pour ceux qui viennent \u00e0 la salle \u00e0 v\u00e9lo) :<\/p>\n<p style=\"text-align: center;\"><a href=\"https:\/\/veloclubfaumont.fr\/wp-content\/uploads\/2025\/10\/carte-2-PARCOURS-gravel-site.jpg\"><img loading=\"lazy\" decoding=\"async\" class=\"aligncenter size-full wp-image-66214\" src=\"https:\/\/veloclubfaumont.fr\/wp-content\/uploads\/2025\/10\/carte-2-PARCOURS-gravel-site.jpg\" alt=\"\" width=\"1150\" height=\"1448\" srcset=\"https:\/\/veloclubfaumont.fr\/wp-content\/uploads\/2025\/10\/carte-2-PARCOURS-gravel-site.jpg 1150w, https:\/\/veloclubfaumont.fr\/wp-content\/uploads\/2025\/10\/carte-2-PARCOURS-gravel-site-238x300.jpg 238w, https:\/\/veloclubfaumont.fr\/wp-content\/uploads\/2025\/10\/carte-2-PARCOURS-gravel-site-813x1024.jpg 813w, https:\/\/veloclubfaumont.fr\/wp-content\/uploads\/2025\/10\/carte-2-PARCOURS-gravel-site-768x967.jpg 768w, https:\/\/veloclubfaumont.fr\/wp-content\/uploads\/2025\/10\/carte-2-PARCOURS-gravel-site-477x600.jpg 477w\" sizes=\"auto, (max-width: 1150px) 100vw, 1150px\" \/><\/a><\/p>\n<p style=\"text-align: center;\"><br><img loading=\"lazy\" decoding=\"async\" class=\"aligncenter size-full wp-image-65368\" src=\"https:\/\/veloclubfaumont.fr\/wp-content\/uploads\/2025\/09\/carte-gravel-site.jpg\" alt=\"\" width=\"1150\" height=\"1501\" srcset=\"https:\/\/veloclubfaumont.fr\/wp-content\/uploads\/2025\/09\/carte-gravel-site.jpg 1150w, https:\/\/veloclubfaumont.fr\/wp-content\/uploads\/2025\/09\/carte-gravel-site-230x300.jpg 230w, https:\/\/veloclubfaumont.fr\/wp-content\/uploads\/2025\/09\/carte-gravel-site-785x1024.jpg 785w, https:\/\/veloclubfaumont.fr\/wp-content\/uploads\/2025\/09\/carte-gravel-site-768x1002.jpg 768w, https:\/\/veloclubfaumont.fr\/wp-content\/uploads\/2025\/09\/carte-gravel-site-460x600.jpg 460w\" sizes=\"auto, (max-width: 1150px) 100vw, 1150px\" \/><\/p>\n<p style=\"text-align: center;\"><iframe loading=\"lazy\" src=\"https:\/\/www.komoot.com\/fr-fr\/tour\/2549138664\/embed?share_token=a8yZoEd2S28ZmCPG7vSAkRr3AqOyQLla8BJpx1fzlsV3kf9kkR&amp;profile=1\" width=\"100%\" height=\"700\" frameborder=\"0\" scrolling=\"no\"><\/iframe><\/p>\n<p style=\"text-align: center;\"><em>Rep\u00e9rage en vid\u00e9o du 56 km GRAVEL :<\/em><\/p>\n<p><span class=\"embed-youtube\" style=\"text-align:center; display: block;\"><iframe loading=\"lazy\" class=\"youtube-player\" width=\"640\" height=\"360\" src=\"https:\/\/www.youtube.com\/embed\/mZnuJtfAxXE?version=3&#038;rel=1&#038;showsearch=0&#038;showinfo=1&#038;iv_load_policy=1&#038;fs=1&#038;hl=fr-FR&#038;autohide=2&#038;wmode=transparent\" allowfullscreen=\"true\" style=\"border:0;\" sandbox=\"allow-scripts allow-same-origin allow-popups allow-presentation\"><\/iframe><\/span><\/p>\n<p style=\"text-align: center;\"><a href=\"https:\/\/veloclubfaumont.fr\/wp-content\/uploads\/2025\/10\/carte-gravel-site-40km.jpg\"><img loading=\"lazy\" decoding=\"async\" class=\"aligncenter size-full wp-image-66213\" src=\"https:\/\/veloclubfaumont.fr\/wp-content\/uploads\/2025\/10\/carte-gravel-site-40km.jpg\" alt=\"\" width=\"1150\" height=\"1362\" srcset=\"https:\/\/veloclubfaumont.fr\/wp-content\/uploads\/2025\/10\/carte-gravel-site-40km.jpg 1150w, https:\/\/veloclubfaumont.fr\/wp-content\/uploads\/2025\/10\/carte-gravel-site-40km-253x300.jpg 253w, https:\/\/veloclubfaumont.fr\/wp-content\/uploads\/2025\/10\/carte-gravel-site-40km-865x1024.jpg 865w, https:\/\/veloclubfaumont.fr\/wp-content\/uploads\/2025\/10\/carte-gravel-site-40km-768x910.jpg 768w, https:\/\/veloclubfaumont.fr\/wp-content\/uploads\/2025\/10\/carte-gravel-site-40km-507x600.jpg 507w\" sizes=\"auto, (max-width: 1150px) 100vw, 1150px\" \/><\/a><\/p>\n<p style=\"text-align: center;\"><iframe loading=\"lazy\" src=\"https:\/\/www.komoot.com\/fr-fr\/tour\/2645213842\/embed?share_token=a3LYR90yyCpEnTmkg0pNysrgJVqy7vQB6zpL8bZXnc67KrIgyf&amp;profile=1\" width=\"100%\" height=\"700\" frameborder=\"0\" scrolling=\"no\"><\/iframe><\/p>\n<p><span class=\"embed-youtube\" style=\"text-align:center; display: block;\"><iframe loading=\"lazy\" class=\"youtube-player\" width=\"640\" height=\"360\" src=\"https:\/\/www.youtube.com\/embed\/HAvCV2wfRew?version=3&#038;rel=1&#038;showsearch=0&#038;showinfo=1&#038;iv_load_policy=1&#038;fs=1&#038;hl=fr-FR&#038;autohide=2&#038;wmode=transparent\" allowfullscreen=\"true\" style=\"border:0;\" sandbox=\"allow-scripts allow-same-origin allow-popups allow-presentation\"><\/iframe><\/span><\/p>\n<hr>\n<h3 style=\"text-align: center;\"><a href=\"https:\/\/drive.google.com\/drive\/u\/0\/folders\/16tAuwdi9Zei5uK-zk6xWYnNTtO3EqJXj\" target=\"_blank\" rel=\"noopener\"><strong>Lien ici pour notre dossier GOOGLE DRIVE<\/strong><\/a> <br>afin de r\u00e9cup\u00e9rer tous les fichiers GPX des diff\u00e9rents parcours<br>pour ceux qui ne maitrisent ni Openrunner ni Komoot.<\/h3>\n<p><b>L<\/b>ien direct pour acc\u00e9der aux pages&nbsp;<strong>OPENRUNNER<\/strong> avec la carte et la trace GPX du parcours choisi (pour le lien KOMOOT, il suffit de cliquer sur le titre du parcours de la carte) :<\/p>\n<table style=\"width: 100.355%; height: 108px;\">\n<tbody>\n<tr style=\"height: 141px;\">\n<td style=\"text-align: center; width: 20.1448%; height: 108px;\">\n<h4><strong><span style=\"color: #008000;\">Carte <\/span><br><span style=\"color: #008000;\">Openrunner<\/span><br><span style=\"color: #008000;\">26 km VTT<\/span><\/strong><strong><br><\/strong>(<a href=\"https:\/\/www.openrunner.com\/route-details\/20584794\" target=\"_blank\" rel=\"noopener\">cliquer ici<\/a>)<\/h4>\n<\/td>\n<td style=\"text-align: center; width: 19.8057%; height: 108px;\">\n<h4><span style=\"color: #0000ff;\"><strong>Carte <br><\/strong><strong>Openrunner<br>30 km VTT<\/strong><\/span><strong><br><\/strong>(<a href=\"https:\/\/www.openrunner.com\/route-details\/20585183\" target=\"_blank\" rel=\"noopener\">cliquer ici<\/a>)<\/h4>\n<\/td>\n<td style=\"text-align: center; width: 21.3282%; height: 108px;\">\n<h4><strong><span style=\"color: #ff0000;\">Carte<\/span><br><span style=\"color: #ff0000;\">Openrunner<\/span><br><span style=\"color: #ff0000;\">47 km VTT<\/span><br><\/strong>(<a href=\"https:\/\/www.openrunner.com\/route-details\/20700017\" target=\"_blank\" rel=\"noopener\">cliquer ici<\/a>)<\/h4>\n<\/td>\n<td style=\"text-align: center; width: 19.6623%; height: 108px;\">\n<h4><strong><span style=\"color: #008000;\">Carte<\/span><br><span style=\"color: #008000;\">Opennrunner<\/span><br><span style=\"color: #008000;\">40 km GRAVEL<\/span><br>(<a href=\"https:\/\/www.openrunner.com\/route-details\/22721344\" target=\"_blank\" rel=\"noopener\">cliquer ici<\/a>)<\/strong><\/h4>\n<\/td>\n<td style=\"text-align: center; width: 19.3122%; height: 108px;\">\n<h4><strong><span style=\"color: #ff0000;\">Carte<\/span><br><span style=\"color: #ff0000;\">Openrunner<\/span><br><span style=\"color: #ff0000;\">56 km GRAVEL<\/span><br><\/strong>(<a href=\"https:\/\/www.openrunner.com\/route-details\/20632714\" target=\"_blank\" rel=\"noopener\">cliquer ici<\/a>)<\/h4>\n<\/td>\n<\/tr>\n<\/tbody>\n<\/table>\n\n\n\n<hr><hr>\n<table style=\"width: 100%; border-collapse: collapse; background-color: #f09cc0; border-color: #140202; height: 227px;\">\n<tbody>\n<tr style=\"height: 227px;\">\n<td style=\"width: 100%; height: 227px;\">\n<h3>Pour les plus sportifs d&rsquo;entre-vous, un parcours (non officiel) de <span style=\"background-color: #ffffff; color: #ff0000;\"><strong>60 km<\/strong> <\/span>est aussi possible en reprenant la premi\u00e8re partie <strong>GRAVEL<\/strong> dans la for\u00eat de Phalempin, puis en suivant le 47 km <strong>VTT<\/strong> (avec la mont\u00e9e des 2 terrils et le plan d&rsquo;eau de Leforest) apr\u00e8s le premier ravito. Comme pour le 47, il y aurait un second passage au ravito au km 45.<\/h3>\n<h3>Voici la carte KOMOOT qui vous donnera une id\u00e9e du d\u00e9fi (<a href=\"https:\/\/www.openrunner.com\/route-details\/23100580\" target=\"_blank\" rel=\"noopener\"><strong>carte Openrunner ici<\/strong><\/a>) :<\/h3>\n<\/td>\n<\/tr>\n<\/tbody>\n<\/table>\n<p>&nbsp;<\/p>\n<p style=\"text-align: center;\"><iframe loading=\"lazy\" src=\"https:\/\/www.komoot.com\/fr-fr\/tour\/2732998926\/embed?share_token=a9XoyoZOa3krJghdLu96n3sfWXPbh19e1TsntWAUJAsgavn3lp&amp;profile=1\" width=\"100%\" height=\"700\" frameborder=\"0\" scrolling=\"no\"><\/iframe><\/p>\n\n\n","protected":false},"excerpt":{"rendered":"<p>ATTENTION MISE A JOUR DU 9 JANVIER 2026: suite \u00e0 une interdiction par l&rsquo;ONF d&rsquo;un passage dangereux le long du Bois de l&rsquo;Offlarde (pour cause de chasse), le retour des&#8230;<\/p>\n","protected":false},"author":1,"featured_media":0,"parent":0,"menu_order":0,"comment_status":"closed","ping_status":"closed","template":"","meta":{"ngg_post_thumbnail":0,"jetpack_post_was_ever_published":false,"two_page_speed":[],"footnotes":""},"class_list":["post-65232","page","type-page","status-publish","hentry"],"jetpack_sharing_enabled":true,"jetpack_shortlink":"https:\/\/wp.me\/P8bXJp-gY8","_links":{"self":[{"href":"https:\/\/veloclubfaumont.fr\/index.php\/wp-json\/wp\/v2\/pages\/65232","targetHints":{"allow":["GET"]}}],"collection":[{"href":"https:\/\/veloclubfaumont.fr\/index.php\/wp-json\/wp\/v2\/pages"}],"about":[{"href":"https:\/\/veloclubfaumont.fr\/index.php\/wp-json\/wp\/v2\/types\/page"}],"author":[{"embeddable":true,"href":"https:\/\/veloclubfaumont.fr\/index.php\/wp-json\/wp\/v2\/users\/1"}],"replies":[{"embeddable":true,"href":"https:\/\/veloclubfaumont.fr\/index.php\/wp-json\/wp\/v2\/comments?post=65232"}],"version-history":[{"count":27,"href":"https:\/\/veloclubfaumont.fr\/index.php\/wp-json\/wp\/v2\/pages\/65232\/revisions"}],"predecessor-version":[{"id":67625,"href":"https:\/\/veloclubfaumont.fr\/index.php\/wp-json\/wp\/v2\/pages\/65232\/revisions\/67625"}],"wp:attachment":[{"href":"https:\/\/veloclubfaumont.fr\/index.php\/wp-json\/wp\/v2\/media?parent=65232"}],"curies":[{"name":"wp","href":"https:\/\/api.w.org\/{rel}","templated":true}]}}