{"id":73,"date":"2016-12-09T23:38:33","date_gmt":"2016-12-09T22:38:33","guid":{"rendered":"http:\/\/veloclubfaumont.fr\/?page_id=73"},"modified":"2022-09-15T18:38:52","modified_gmt":"2022-09-15T16:38:52","slug":"2011-2","status":"publish","type":"page","link":"https:\/\/veloclubfaumont.fr\/index.php\/archives\/2011-2\/","title":{"rendered":"Archives du Club : 2011"},"content":{"rendered":"<p>Tous les \u00e9v\u00e9nements majeurs de l\u2019ann\u00e9e 2011 seront disponibles ici :<\/p>\n<ul>\n<li>\n<h4><a href=\"https:\/\/veloclubfaumont.fr\/index.php\/2011-2\/chicon-bike-tour-2011\/\"><em>Chicon Bike Tour 2011<\/em><\/a><\/h4>\n<\/li>\n<li>\n<h4><a href=\"https:\/\/veloclubfaumont.fr\/index.php\/archives\/2011-2\/du-pevele-au-hainaut-2011\/\"><em>Du P\u00e9v\u00e8le au Hainaut 2011<\/em><\/a><\/h4>\n<\/li>\n<li>\n<h4><a href=\"https:\/\/veloclubfaumont.fr\/index.php\/archives\/2011-2\/assemblee-generale-2011\/\"><em>Assembl\u00e9e G\u00e9n\u00e9rale 2011<\/em><\/a><\/h4>\n<\/li>\n<\/ul>\n","protected":false},"excerpt":{"rendered":"<p>Tous les \u00e9v\u00e9nements majeurs de l\u2019ann\u00e9e 2011 seront disponibles ici : Chicon Bike Tour 2011 Du P\u00e9v\u00e8le au Hainaut 2011 Assembl\u00e9e G\u00e9n\u00e9rale 2011<\/p>\n","protected":false},"author":1,"featured_media":0,"parent":36,"menu_order":0,"comment_status":"closed","ping_status":"closed","template":"","meta":{"ngg_post_thumbnail":0,"jetpack_post_was_ever_published":false,"two_page_speed":[],"footnotes":""},"class_list":["post-73","page","type-page","status-publish","hentry"],"jetpack_sharing_enabled":true,"jetpack_shortlink":"https:\/\/wp.me\/P8bXJp-1b","_links":{"self":[{"href":"https:\/\/veloclubfaumont.fr\/index.php\/wp-json\/wp\/v2\/pages\/73","targetHints":{"allow":["GET"]}}],"collection":[{"href":"https:\/\/veloclubfaumont.fr\/index.php\/wp-json\/wp\/v2\/pages"}],"about":[{"href":"https:\/\/veloclubfaumont.fr\/index.php\/wp-json\/wp\/v2\/types\/page"}],"author":[{"embeddable":true,"href":"https:\/\/veloclubfaumont.fr\/index.php\/wp-json\/wp\/v2\/users\/1"}],"replies":[{"embeddable":true,"href":"https:\/\/veloclubfaumont.fr\/index.php\/wp-json\/wp\/v2\/comments?post=73"}],"version-history":[{"count":0,"href":"https:\/\/veloclubfaumont.fr\/index.php\/wp-json\/wp\/v2\/pages\/73\/revisions"}],"up":[{"embeddable":true,"href":"https:\/\/veloclubfaumont.fr\/index.php\/wp-json\/wp\/v2\/pages\/36"}],"wp:attachment":[{"href":"https:\/\/veloclubfaumont.fr\/index.php\/wp-json\/wp\/v2\/media?parent=73"}],"curies":[{"name":"wp","href":"https:\/\/api.w.org\/{rel}","templated":true}]}}