{"id":7867,"date":"2017-09-06T13:57:46","date_gmt":"2017-09-06T11:57:46","guid":{"rendered":"http:\/\/veloclubfaumont.fr\/?page_id=7867"},"modified":"2017-09-16T20:51:45","modified_gmt":"2017-09-16T18:51:45","slug":"apres-midi-de-cyclotourisme-en-famille-2017","status":"publish","type":"page","link":"https:\/\/veloclubfaumont.fr\/index.php\/2017-2\/apres-midi-de-cyclotourisme-en-famille-2017\/","title":{"rendered":"Apr\u00e8s-Midi de Cyclotourisme en Famille 2017"},"content":{"rendered":"<div style=\"text-align: center;\"><a href=\"https:\/\/veloclubfaumont.fr\/index.php\/2017-2\/apres-midi-de-cyclotourisme-en-famille-2017\/sans-titre-2-2\/\" rel=\"attachment wp-att-8016\"><img loading=\"lazy\" decoding=\"async\" class=\"aligncenter size-full wp-image-8016\" src=\"https:\/\/veloclubfaumont.fr\/wp-content\/uploads\/2017\/09\/Sans-titre-2.jpg\" alt=\"\" width=\"614\" height=\"872\" srcset=\"https:\/\/veloclubfaumont.fr\/wp-content\/uploads\/2017\/09\/Sans-titre-2.jpg 614w, https:\/\/veloclubfaumont.fr\/wp-content\/uploads\/2017\/09\/Sans-titre-2-211x300.jpg 211w\" sizes=\"auto, (max-width: 614px) 100vw, 614px\" \/><\/a><\/div>\n<div class=\"_2qgs\" style=\"text-align: justify;\"><span class=\"_4n-j _fbReactionComponent__eventDetailsContentTags fsl\" data-testid=\"event-permalink-details\">Le dimanche 24 septembre 2017 aura lieu notre traditionnel <em><strong>Apr\u00e8s-midi de cyclotourisme en famille<\/strong><\/em>. Le V\u00e9loclub faumontois vous invite donc gratuitement \u00e0 rouler <span style=\"text-decoration: underline;\">tranquillement<\/span> une vingtaine de km en famille dans la r\u00e9gion (ce ne sera pas une randonn\u00e9e sportive comme notre <em>Nocturne VTT<\/em> ou notre <em>Chicon Bike Tour<\/em>). Aussi bien les VTT, VTC ou m\u00eame les v\u00e9los de ville sont accept\u00e9s.<br \/>\n<\/span><\/div>\n<div>&nbsp;<\/div>\n<div style=\"text-align: center;\"><a href=\"https:\/\/veloclubfaumont.fr\/index.php\/2017-2\/apres-midi-de-cyclotourisme-en-famille-2017\/dsc_0015-5\/\" rel=\"attachment wp-att-7868\"><img loading=\"lazy\" decoding=\"async\" class=\"aligncenter size-large wp-image-7868\" src=\"https:\/\/veloclubfaumont.fr\/wp-content\/uploads\/2017\/09\/DSC_0015-1024x683.jpg\" alt=\"\" width=\"1024\" height=\"683\" srcset=\"https:\/\/veloclubfaumont.fr\/wp-content\/uploads\/2017\/09\/DSC_0015-1024x683.jpg 1024w, https:\/\/veloclubfaumont.fr\/wp-content\/uploads\/2017\/09\/DSC_0015-300x200.jpg 300w, https:\/\/veloclubfaumont.fr\/wp-content\/uploads\/2017\/09\/DSC_0015-768x512.jpg 768w, https:\/\/veloclubfaumont.fr\/wp-content\/uploads\/2017\/09\/DSC_0015.jpg 1152w\" sizes=\"auto, (max-width: 1024px) 100vw, 1024px\" \/><\/a><em>Rendez-vous \u00e0 la maison des Association (en face de la mairie)<\/em><\/div>\n<div>&nbsp;<\/div>\n<div class=\"_2qgs\" style=\"text-align: justify;\"><span class=\"_4n-j _fbReactionComponent__eventDetailsContentTags fsl\" data-testid=\"event-permalink-details\">Une collation sera offerte au cours de la randonn\u00e9e ainsi qu&rsquo;\u00e0 l&rsquo;arriv\u00e9e. Tout le monde peut venir (<strong>grands et petits<\/strong>). La sortie (non balis\u00e9e) sera encadr\u00e9e par toute l&rsquo;\u00e9quipe du VC Faumont. Le port du casque est vivement conseill\u00e9 (<span style=\"text-decoration: underline;\">obligatoire pour les &#8211; de 12 ans<\/span>).<\/span><\/div>\n<div>&nbsp;<\/div>\n<div>Cette ann\u00e9e, nous vous emm\u00e8nerons du c\u00f4t\u00e9 de Mons en P\u00e9v\u00e8le, M\u00e9rignies et Bers\u00e9e.<\/div>\n<div>&nbsp;<\/div>\n<div style=\"text-align: center;\"><a href=\"https:\/\/veloclubfaumont.fr\/index.php\/2017-2\/apres-midi-de-cyclotourisme-en-famille-2017\/dsc_0111-3\/\" rel=\"attachment wp-att-7869\"><img loading=\"lazy\" decoding=\"async\" class=\"aligncenter size-large wp-image-7869\" src=\"https:\/\/veloclubfaumont.fr\/wp-content\/uploads\/2017\/09\/DSC_0111-1024x683.jpg\" alt=\"\" width=\"1024\" height=\"683\" srcset=\"https:\/\/veloclubfaumont.fr\/wp-content\/uploads\/2017\/09\/DSC_0111-1024x683.jpg 1024w, https:\/\/veloclubfaumont.fr\/wp-content\/uploads\/2017\/09\/DSC_0111-300x200.jpg 300w, https:\/\/veloclubfaumont.fr\/wp-content\/uploads\/2017\/09\/DSC_0111-768x512.jpg 768w, https:\/\/veloclubfaumont.fr\/wp-content\/uploads\/2017\/09\/DSC_0111.jpg 1152w\" sizes=\"auto, (max-width: 1024px) 100vw, 1024px\" \/><\/a><em>Ravitaillement \u00e0 mi-chemin de la sortie<\/em><\/div>\n<div class=\"_2qgs\" style=\"text-align: justify;\"><span class=\"_4n-j _fbReactionComponent__eventDetailsContentTags fsl\" data-testid=\"event-permalink-details\"><br \/>\nNous vous attendons donc toutes et tous devant la Maison des Associations de Faumont (en face de la mairie) le 24 septembre 2017.<\/span><\/div>\n<div class=\"_2qgs\" style=\"text-align: center;\"><span class=\"_4n-j _fbReactionComponent__eventDetailsContentTags fsl\" data-testid=\"event-permalink-details\"><br \/>\n<a href=\"https:\/\/veloclubfaumont.fr\/index.php\/2017-2\/apres-midi-de-cyclotourisme-en-famille-2017\/dsc_0105-6\/\" rel=\"attachment wp-att-7870\"><img loading=\"lazy\" decoding=\"async\" class=\"aligncenter size-large wp-image-7870\" src=\"https:\/\/veloclubfaumont.fr\/wp-content\/uploads\/2017\/09\/DSC_0105-1024x683.jpg\" alt=\"\" width=\"1024\" height=\"683\" srcset=\"https:\/\/veloclubfaumont.fr\/wp-content\/uploads\/2017\/09\/DSC_0105-1024x683.jpg 1024w, https:\/\/veloclubfaumont.fr\/wp-content\/uploads\/2017\/09\/DSC_0105-300x200.jpg 300w, https:\/\/veloclubfaumont.fr\/wp-content\/uploads\/2017\/09\/DSC_0105-768x512.jpg 768w, https:\/\/veloclubfaumont.fr\/wp-content\/uploads\/2017\/09\/DSC_0105.jpg 1152w\" sizes=\"auto, (max-width: 1024px) 100vw, 1024px\" \/><\/a><\/span><\/div>\n<div style=\"text-align: center;\"><em>La s\u00e9curit\u00e9 est organis\u00e9e par les membres du V\u00e9loclub faumontois<\/em><\/div>\n<div>&nbsp;<\/div>\n<div class=\"_2qgs\" style=\"text-align: justify;\"><span class=\"_4n-j _fbReactionComponent__eventDetailsContentTags fsl\" data-testid=\"event-permalink-details\">Pour plus d&rsquo;infos, voir le <a href=\"https:\/\/veloclubfaumont.fr\/index.php\/2016-2\/apres-midi-de-cyclotourisme-en-famille\/\">reportage de l&rsquo;\u00e9dition 2016<\/a> ou <a href=\"https:\/\/veloclubfaumont.fr\/index.php\/2015-2\/un-apres-midi-de-cyclotourisme-familial-2015\/\">l&rsquo;\u00e9dition 2015 <\/a><\/span><\/div>\n","protected":false},"excerpt":{"rendered":"<p>Le dimanche 24 septembre 2017 aura lieu notre traditionnel Apr\u00e8s-midi de cyclotourisme en famille. Le V\u00e9loclub faumontois vous invite donc gratuitement \u00e0 rouler tranquillement une vingtaine de km en famille&#8230;<\/p>\n","protected":false},"author":1,"featured_media":8016,"parent":26,"menu_order":0,"comment_status":"closed","ping_status":"closed","template":"","meta":{"ngg_post_thumbnail":0,"jetpack_post_was_ever_published":false,"two_page_speed":[],"footnotes":""},"class_list":["post-7867","page","type-page","status-publish","has-post-thumbnail","hentry"],"jetpack_sharing_enabled":true,"jetpack_shortlink":"https:\/\/wp.me\/P8bXJp-22T","_links":{"self":[{"href":"https:\/\/veloclubfaumont.fr\/index.php\/wp-json\/wp\/v2\/pages\/7867","targetHints":{"allow":["GET"]}}],"collection":[{"href":"https:\/\/veloclubfaumont.fr\/index.php\/wp-json\/wp\/v2\/pages"}],"about":[{"href":"https:\/\/veloclubfaumont.fr\/index.php\/wp-json\/wp\/v2\/types\/page"}],"author":[{"embeddable":true,"href":"https:\/\/veloclubfaumont.fr\/index.php\/wp-json\/wp\/v2\/users\/1"}],"replies":[{"embeddable":true,"href":"https:\/\/veloclubfaumont.fr\/index.php\/wp-json\/wp\/v2\/comments?post=7867"}],"version-history":[{"count":0,"href":"https:\/\/veloclubfaumont.fr\/index.php\/wp-json\/wp\/v2\/pages\/7867\/revisions"}],"up":[{"embeddable":true,"href":"https:\/\/veloclubfaumont.fr\/index.php\/wp-json\/wp\/v2\/pages\/26"}],"wp:featuredmedia":[{"embeddable":true,"href":"https:\/\/veloclubfaumont.fr\/index.php\/wp-json\/wp\/v2\/media\/8016"}],"wp:attachment":[{"href":"https:\/\/veloclubfaumont.fr\/index.php\/wp-json\/wp\/v2\/media?parent=7867"}],"curies":[{"name":"wp","href":"https:\/\/api.w.org\/{rel}","templated":true}]}}

Après-Midi de Cyclotourisme en Famille 2017

<div style="text-align: center;"><a href="https://veloclubfaumont.fr/index.php/2017-2/apres-midi-de-cyclotourisme-en-famille-2017/sans-titre-2-2/" rel="attachment wp-att-8016"><img loading="lazy" decoding="async" class="aligncenter size-full wp-image-8016" src="https://veloclubfaumont.fr/wp-content/uploads/2017/09/Sans-titre-2.jpg" alt="" width="614" height="872" srcset="https://veloclubfaumont.fr/wp-content/uploads/2017/09/Sans-titre-2.jpg 614w, https://veloclubfaumont.fr/wp-content/uploads/2017/09/Sans-titre-2-211x300.jpg 211w" sizes="auto, (max-width: 614px) 100vw, 614px" /></a></div>
<div class="_2qgs" style="text-align: justify;"><span class="_4n-j _fbReactionComponent__eventDetailsContentTags fsl" data-testid="event-permalink-details">Le dimanche 24 septembre 2017 aura lieu notre traditionnel <em><strong>Après-midi de cyclotourisme en famille</strong></em>. Le Véloclub faumontois vous invite donc gratuitement à rouler <span style="text-decoration: underline;">tranquillement</span> une vingtaine de km en famille dans la région (ce ne sera pas une randonnée sportive comme notre <em>Nocturne VTT</em> ou notre <em>Chicon Bike Tour</em>). Aussi bien les VTT, VTC ou même les vélos de ville sont acceptés.<br />
</span></div>
<div>&nbsp;</div>
<div style="text-align: center;"><a href="https://veloclubfaumont.fr/index.php/2017-2/apres-midi-de-cyclotourisme-en-famille-2017/dsc_0015-5/" rel="attachment wp-att-7868"><img loading="lazy" decoding="async" class="aligncenter size-large wp-image-7868" src="https://veloclubfaumont.fr/wp-content/uploads/2017/09/DSC_0015-1024x683.jpg" alt="" width="1024" height="683" srcset="https://veloclubfaumont.fr/wp-content/uploads/2017/09/DSC_0015-1024x683.jpg 1024w, https://veloclubfaumont.fr/wp-content/uploads/2017/09/DSC_0015-300x200.jpg 300w, https://veloclubfaumont.fr/wp-content/uploads/2017/09/DSC_0015-768x512.jpg 768w, https://veloclubfaumont.fr/wp-content/uploads/2017/09/DSC_0015.jpg 1152w" sizes="auto, (max-width: 1024px) 100vw, 1024px" /></a><em>Rendez-vous à la maison des Association (en face de la mairie)</em></div>
<div>&nbsp;</div>
<div class="_2qgs" style="text-align: justify;"><span class="_4n-j _fbReactionComponent__eventDetailsContentTags fsl" data-testid="event-permalink-details">Une collation sera offerte au cours de la randonnée ainsi qu&rsquo;à l&rsquo;arrivée. Tout le monde peut venir (<strong>grands et petits</strong>). La sortie (non balisée) sera encadrée par toute l&rsquo;équipe du VC Faumont. Le port du casque est vivement conseillé (<span style="text-decoration: underline;">obligatoire pour les &#8211; de 12 ans</span>).</span></div>
<div>&nbsp;</div>
<div>Cette année, nous vous emmènerons du côté de Mons en Pévèle, Mérignies et Bersée.</div>
<div>&nbsp;</div>
<div style="text-align: center;"><a href="https://veloclubfaumont.fr/index.php/2017-2/apres-midi-de-cyclotourisme-en-famille-2017/dsc_0111-3/" rel="attachment wp-att-7869"><img loading="lazy" decoding="async" class="aligncenter size-large wp-image-7869" src="https://veloclubfaumont.fr/wp-content/uploads/2017/09/DSC_0111-1024x683.jpg" alt="" width="1024" height="683" srcset="https://veloclubfaumont.fr/wp-content/uploads/2017/09/DSC_0111-1024x683.jpg 1024w, https://veloclubfaumont.fr/wp-content/uploads/2017/09/DSC_0111-300x200.jpg 300w, https://veloclubfaumont.fr/wp-content/uploads/2017/09/DSC_0111-768x512.jpg 768w, https://veloclubfaumont.fr/wp-content/uploads/2017/09/DSC_0111.jpg 1152w" sizes="auto, (max-width: 1024px) 100vw, 1024px" /></a><em>Ravitaillement à mi-chemin de la sortie</em></div>
<div class="_2qgs" style="text-align: justify;"><span class="_4n-j _fbReactionComponent__eventDetailsContentTags fsl" data-testid="event-permalink-details"><br />
Nous vous attendons donc toutes et tous devant la Maison des Associations de Faumont (en face de la mairie) le 24 septembre 2017.</span></div>
<div class="_2qgs" style="text-align: center;"><span class="_4n-j _fbReactionComponent__eventDetailsContentTags fsl" data-testid="event-permalink-details"><br />
<a href="https://veloclubfaumont.fr/index.php/2017-2/apres-midi-de-cyclotourisme-en-famille-2017/dsc_0105-6/" rel="attachment wp-att-7870"><img loading="lazy" decoding="async" class="aligncenter size-large wp-image-7870" src="https://veloclubfaumont.fr/wp-content/uploads/2017/09/DSC_0105-1024x683.jpg" alt="" width="1024" height="683" srcset="https://veloclubfaumont.fr/wp-content/uploads/2017/09/DSC_0105-1024x683.jpg 1024w, https://veloclubfaumont.fr/wp-content/uploads/2017/09/DSC_0105-300x200.jpg 300w, https://veloclubfaumont.fr/wp-content/uploads/2017/09/DSC_0105-768x512.jpg 768w, https://veloclubfaumont.fr/wp-content/uploads/2017/09/DSC_0105.jpg 1152w" sizes="auto, (max-width: 1024px) 100vw, 1024px" /></a></span></div>
<div style="text-align: center;"><em>La sécurité est organisée par les membres du Véloclub faumontois</em></div>
<div>&nbsp;</div>
<div class="_2qgs" style="text-align: justify;"><span class="_4n-j _fbReactionComponent__eventDetailsContentTags fsl" data-testid="event-permalink-details">Pour plus d&rsquo;infos, voir le <a href="https://veloclubfaumont.fr/index.php/2016-2/apres-midi-de-cyclotourisme-en-famille/">reportage de l&rsquo;édition 2016</a> ou <a href="https://veloclubfaumont.fr/index.php/2015-2/un-apres-midi-de-cyclotourisme-familial-2015/">l&rsquo;édition 2015 </a></span></div>

<p>Le dimanche 24 septembre 2017 aura lieu notre traditionnel Après-midi de cyclotourisme en famille. Le Véloclub faumontois vous invite donc gratuitement à rouler tranquillement une vingtaine de km en famille&#8230;</p>
