{"id":8400,"date":"2017-10-18T15:46:56","date_gmt":"2017-10-18T13:46:56","guid":{"rendered":"http:\/\/veloclubfaumont.fr\/?page_id=8400"},"modified":"2017-12-23T16:59:09","modified_gmt":"2017-12-23T15:59:09","slug":"calendrier-2018-des-randonnees-du-douaisis","status":"publish","type":"page","link":"https:\/\/veloclubfaumont.fr\/index.php\/2018-2\/calendrier-2018-des-randonnees-du-douaisis\/","title":{"rendered":"Calendrier 2018 des randonn\u00e9es du Douaisis"},"content":{"rendered":"<p>Voici le calendrier 2018 des randonn\u00e9es du Douaisis : <a href=\"https:\/\/veloclubfaumont.fr\/index.php\/2018-2\/calendrier-2018-des-randonnees-du-douaisis\/calendrier_des_clubs_douaisis_2018-ok\/\" target=\"_blank\" rel=\"attachment wp-att-8401 noopener\">Calendrier_des_clubs_douaisis_2018<\/a><\/p>\n<p>Voir aussi le <strong><a href=\"https:\/\/veloclubfaumont.fr\/index.php\/2018-2\/agenda-2018\/calendrierunifiecomplet-portrait-avec-rgpmts\/\" rel=\"attachment wp-att-9220\">calendrier<\/a><\/strong> de la r\u00e9gion, et plus particuli\u00e8rement des secteurs &lsquo;Arras Douai Lens&rsquo;, r\u00e9alis\u00e9 par le secr\u00e9taire du Cyclo Club de Cuincy Lauwin.<\/p>\n<p>A noter d\u00e8s \u00e0 pr\u00e9sent dans vos agendas : le <em><strong>Chicon Bike Tour 2018<\/strong><\/em> aura lieu le <span style=\"text-decoration: underline;\">dimanche 21 janvier<\/span>.<\/p>\n","protected":false},"excerpt":{"rendered":"<p>Voici le calendrier 2018 des randonn\u00e9es du Douaisis : Calendrier_des_clubs_douaisis_2018 Voir aussi le calendrier de la r\u00e9gion, et plus particuli\u00e8rement des secteurs &lsquo;Arras Douai Lens&rsquo;, r\u00e9alis\u00e9 par le secr\u00e9taire du&#8230;<\/p>\n","protected":false},"author":1,"featured_media":0,"parent":8385,"menu_order":0,"comment_status":"closed","ping_status":"closed","template":"","meta":{"ngg_post_thumbnail":0,"jetpack_post_was_ever_published":false,"two_page_speed":[],"footnotes":""},"class_list":["post-8400","page","type-page","status-publish","hentry"],"jetpack_sharing_enabled":true,"jetpack_shortlink":"https:\/\/wp.me\/P8bXJp-2bu","_links":{"self":[{"href":"https:\/\/veloclubfaumont.fr\/index.php\/wp-json\/wp\/v2\/pages\/8400","targetHints":{"allow":["GET"]}}],"collection":[{"href":"https:\/\/veloclubfaumont.fr\/index.php\/wp-json\/wp\/v2\/pages"}],"about":[{"href":"https:\/\/veloclubfaumont.fr\/index.php\/wp-json\/wp\/v2\/types\/page"}],"author":[{"embeddable":true,"href":"https:\/\/veloclubfaumont.fr\/index.php\/wp-json\/wp\/v2\/users\/1"}],"replies":[{"embeddable":true,"href":"https:\/\/veloclubfaumont.fr\/index.php\/wp-json\/wp\/v2\/comments?post=8400"}],"version-history":[{"count":0,"href":"https:\/\/veloclubfaumont.fr\/index.php\/wp-json\/wp\/v2\/pages\/8400\/revisions"}],"up":[{"embeddable":true,"href":"https:\/\/veloclubfaumont.fr\/index.php\/wp-json\/wp\/v2\/pages\/8385"}],"wp:attachment":[{"href":"https:\/\/veloclubfaumont.fr\/index.php\/wp-json\/wp\/v2\/media?parent=8400"}],"curies":[{"name":"wp","href":"https:\/\/api.w.org\/{rel}","templated":true}]}}