{"id":8420,"date":"2017-10-21T11:21:07","date_gmt":"2017-10-21T09:21:07","guid":{"rendered":"http:\/\/veloclubfaumont.fr\/?page_id=8420"},"modified":"2017-12-03T09:23:21","modified_gmt":"2017-12-03T08:23:21","slug":"chicon-bike-tour-2018-fiches-inscription-vttcyclomarche","status":"publish","type":"page","link":"https:\/\/veloclubfaumont.fr\/index.php\/2018-2\/chicon-bike-tour-2018\/chicon-bike-tour-2018-fiches-inscription-vttcyclomarche\/","title":{"rendered":"Chicon Bike Tour 2018 : Fiches Inscription VTT\/Cyclo\/Marche"},"content":{"rendered":"<p style=\"text-align: justify;\">Si vous voulez prendre un peu d\u2019avance et remplir d\u00e8s \u00e0 pr\u00e9sent votre fiche d\u2019inscription, voici les fiches club et individuelles (cela \u00e9vitera les temps d\u2019attente \u00e0 la salle le jour J) :<\/p>\n<p>Les fiches Individuelles (VTT\/Cyclo\/Marche) : <strong><a href=\"https:\/\/veloclubfaumont.fr\/index.php\/2018-2\/chicon-bike-tour-2018\/chicon-bike-tour-2018-fiches-inscription-vttcyclomarche\/bulletin-dinscription-individuel-cbt-1-2\/\" rel=\"attachment wp-att-9026\">Bulletin d&rsquo;inscription individuel CBT 2018<\/a><\/strong><\/p>\n<p>Les fiches Club VTT : <strong><a href=\"https:\/\/veloclubfaumont.fr\/index.php\/2018-2\/chicon-bike-tour-2018\/chicon-bike-tour-2018-fiches-inscription-vttcyclomarche\/bulletin-dinscription-club-vtt-cbt-2017-2\/\" rel=\"attachment wp-att-8422\">Bulletin d&rsquo;inscription club VTT CBT 2018<\/a><\/strong><\/p>\n<p>Les fiches Club Cyclo : <a href=\"https:\/\/veloclubfaumont.fr\/index.php\/2018-2\/chicon-bike-tour-2018\/chicon-bike-tour-2018-fiches-inscription-vttcyclomarche\/bulletin-dinscription-club-cyclo-cbt2018\/\" rel=\"attachment wp-att-9027\"><strong>Bulletin d&rsquo;inscription club CYCLO CBT2018<\/strong><\/a><\/p>\n<p>Les fiches Club Marche :<strong> <a href=\"https:\/\/veloclubfaumont.fr\/index.php\/2018-2\/chicon-bike-tour-2018\/chicon-bike-tour-2018-fiches-inscription-vttcyclomarche\/bulletin-dinscription-club-marche-cbt-2018\/\" rel=\"attachment wp-att-9029\">Bulletin d&rsquo;inscription club MARCHE CBT 2018<\/a><\/strong><\/p>\n<p>Si vous faites un ch\u00e8que, ce sera \u00e0 l\u2019ordre de <strong>V\u00e9loclub Faumont<\/strong><\/p>\n","protected":false},"excerpt":{"rendered":"<p>Si vous voulez prendre un peu d\u2019avance et remplir d\u00e8s \u00e0 pr\u00e9sent votre fiche d\u2019inscription, voici les fiches club et individuelles (cela \u00e9vitera les temps d\u2019attente \u00e0 la salle le&#8230;<\/p>\n","protected":false},"author":1,"featured_media":0,"parent":8380,"menu_order":0,"comment_status":"closed","ping_status":"closed","template":"","meta":{"ngg_post_thumbnail":0,"jetpack_post_was_ever_published":false,"two_page_speed":[],"footnotes":""},"class_list":["post-8420","page","type-page","status-publish","hentry"],"jetpack_sharing_enabled":true,"jetpack_shortlink":"https:\/\/wp.me\/P8bXJp-2bO","_links":{"self":[{"href":"https:\/\/veloclubfaumont.fr\/index.php\/wp-json\/wp\/v2\/pages\/8420","targetHints":{"allow":["GET"]}}],"collection":[{"href":"https:\/\/veloclubfaumont.fr\/index.php\/wp-json\/wp\/v2\/pages"}],"about":[{"href":"https:\/\/veloclubfaumont.fr\/index.php\/wp-json\/wp\/v2\/types\/page"}],"author":[{"embeddable":true,"href":"https:\/\/veloclubfaumont.fr\/index.php\/wp-json\/wp\/v2\/users\/1"}],"replies":[{"embeddable":true,"href":"https:\/\/veloclubfaumont.fr\/index.php\/wp-json\/wp\/v2\/comments?post=8420"}],"version-history":[{"count":0,"href":"https:\/\/veloclubfaumont.fr\/index.php\/wp-json\/wp\/v2\/pages\/8420\/revisions"}],"up":[{"embeddable":true,"href":"https:\/\/veloclubfaumont.fr\/index.php\/wp-json\/wp\/v2\/pages\/8380"}],"wp:attachment":[{"href":"https:\/\/veloclubfaumont.fr\/index.php\/wp-json\/wp\/v2\/media?parent=8420"}],"curies":[{"name":"wp","href":"https:\/\/api.w.org\/{rel}","templated":true}]}}