{"id":8521,"date":"2017-10-25T09:55:17","date_gmt":"2017-10-25T07:55:17","guid":{"rendered":"http:\/\/veloclubfaumont.fr\/?page_id=8521"},"modified":"2023-01-19T18:12:01","modified_gmt":"2023-01-19T17:12:01","slug":"chicon-bike-tour-2018-partenaires-et-sponsors","status":"publish","type":"page","link":"https:\/\/veloclubfaumont.fr\/index.php\/2018-2\/chicon-bike-tour-2018-2\/chicon-bike-tour-2018-presentation-generale\/chicon-bike-tour-2018-partenaires-et-sponsors\/","title":{"rendered":"Chicon Bike Tour : Partenaires et sponsors"},"content":{"rendered":"<p style=\"text-align: center;\"><em>[<strong><span style=\"text-decoration: underline;\">Page en construction<\/span><\/strong> &#8211; Si vous voulez rejoindre cette liste et devenir sponsor officiel du prochain Chicon Bike Tour et\/ou de notre Nocturne VTT, n&rsquo;h\u00e9sitez pas \u00e0 nous contacter, nous serions ravis de vous accueillir]<\/em><\/p>\n<p style=\"text-align: justify;\">Comme toutes les grosses manifestations sportives, le <strong><em>Chicon Bike Tour<\/em><\/strong> ne serait rien sans les nombreux b\u00e9n\u00e9voles (\u00e0 peu pr\u00e8s 70) qui mettront tout en \u0153uvre pour vous accueillir dans les meilleures conditions d\u2019accueil et de s\u00e9curit\u00e9. M\u00eame chose pour ses partenaires et ses sponsors. Un grand merci donc \u00e0 :<\/p>\n<ul>\n<li style=\"text-align: justify;\"><strong><a href=\"https:\/\/veloclubfaumont.fr\/index.php\/2018-2\/chicon-bike-tour-2018-2\/chicon-bike-tour-2018-presentation-generale\/chicon-bike-tour-2018-partenaires-et-sponsors\/energieveloorchies2\/\" rel=\"attachment wp-att-12695\"><img loading=\"lazy\" decoding=\"async\" class=\"alignright wp-image-12695\" src=\"https:\/\/veloclubfaumont.fr\/wp-content\/uploads\/2018\/11\/energieveloorchies2.jpg\" alt=\"\" width=\"310\" height=\"162\" srcset=\"https:\/\/veloclubfaumont.fr\/wp-content\/uploads\/2018\/11\/energieveloorchies2.jpg 960w, https:\/\/veloclubfaumont.fr\/wp-content\/uploads\/2018\/11\/energieveloorchies2-300x157.jpg 300w, https:\/\/veloclubfaumont.fr\/wp-content\/uploads\/2018\/11\/energieveloorchies2-768x402.jpg 768w\" sizes=\"auto, (max-width: 310px) 100vw, 310px\" \/><\/a><a href=\"https:\/\/www.facebook.com\/energieveloorchies\/\" target=\"_blank\" rel=\"noopener noreferrer\">Energie V\u00e9lo Orchies<\/a><\/strong> est notre nouveau partenaire. Situ\u00e9e derri\u00e8re le MacDo d&rsquo;Orchies, cette nouvelle boutique de v\u00e9los est consacr\u00e9e aux VTT, \u00e0 la Route, aux VAE, et BMX. De nombreux \u00e9quipements et accessoires seront disponibles. Un Atelier sera pr\u00e9vu sur la place de la Salle des F\u00eates lors de notre randonn\u00e9e et sera le fournisseur des plaques de cadre VTT&#8230; Voir aussi article de <a href=\"https:\/\/veloclubfaumont.fr\/index.php\/2018\/12\/01\/inauguration-energie-velo-orchies\/\">pr\u00e9sentation du magasin lors de son inauguration du 1er d\u00e9cembre 2018<\/a>.<br \/>\n<a href=\"https:\/\/veloclubfaumont.fr\/index.php\/chicon-bike-tour-2020\/plaque-vtt-cbt-2020\/\" rel=\"attachment wp-att-16887\"><img loading=\"lazy\" decoding=\"async\" class=\"size-full wp-image-16887 aligncenter\" src=\"https:\/\/veloclubfaumont.fr\/wp-content\/uploads\/2020\/01\/plaque-vtt-cbt-2020.jpg\" alt=\"\" width=\"717\" height=\"500\" srcset=\"https:\/\/veloclubfaumont.fr\/wp-content\/uploads\/2020\/01\/plaque-vtt-cbt-2020.jpg 717w, https:\/\/veloclubfaumont.fr\/wp-content\/uploads\/2020\/01\/plaque-vtt-cbt-2020-300x209.jpg 300w\" sizes=\"auto, (max-width: 717px) 100vw, 717px\" \/><\/a><\/li>\n<\/ul>\n<ul>\n<li style=\"text-align: justify;\"><strong><a href=\"https:\/\/www.vtt-hautsdefrance.fr\/\" target=\"_blank\" rel=\"noopener noreferrer\">VTT-HautsD<\/a><a href=\"https:\/\/www.vtt-hautsdefrance.fr\/\" target=\"_blank\" rel=\"noopener noreferrer\">eFrance.fr<\/a><\/strong> pour avoir relay\u00e9 l\u2019information partout dans la r\u00e9gion (mais aussi en Belgique). Si vous avez un \u00e9v\u00e9nement VTT \u00e0 faire diffuser, c\u2019est l\u00e0 qu\u2019il faut aller en priorit\u00e9.<\/li>\n<\/ul>\n<p><strong><a href=\"https:\/\/www.vtt-hautsdefrance.fr\/\" target=\"_blank\" rel=\"noopener noreferrer\"><img loading=\"lazy\" decoding=\"async\" class=\"alignright \" src=\"https:\/\/natur-coop.com\/wp-content\/uploads\/2022\/11\/Logo_Plan-de-travail-1.svg\" width=\"303\" height=\"184\"><\/a><\/strong><\/p>\n<p>&nbsp;<\/p>\n<ul>\n<li>Notre nouveau fournisseur pour les chicons : <strong>Natur&rsquo; Coop<br \/>\n<\/strong><\/li>\n<\/ul>\n<p>&nbsp;<\/p>\n<p>&nbsp;<\/p>\n<p><img loading=\"lazy\" decoding=\"async\" class=\"alignright \" src=\"https:\/\/www.maitre-georges.com\/2614-large_default\/cristaline-12x50-cl-pet-eau-de-source-naturelle.jpg\" width=\"218\" height=\"218\"><\/p>\n<ul>\n<li>La <strong>Source Louise de M\u00e9rignies<\/strong> qui nous fournit en bouteilles d&rsquo;eau pour le ravitaillement des marcheurs.<\/li>\n<\/ul>\n<p>&nbsp;<\/p>\n<p>&nbsp;<\/p>\n<p>&nbsp;<\/p>\n<p>&nbsp;<\/p>\n<ul>\n<li style=\"text-align: justify;\"><a href=\"http:\/\/www.oteradavelin.com\/\" target=\"_blank\" rel=\"noopener noreferrer\"><strong>Ot\u00e9ra Avelin<\/strong><\/a> nous apportera les fruits (bananes et oranges) que vous pourrez d\u00e9guster au point de ravitaillement des VTT \u00e0 Leforest. <strong>Ot\u00e9ra<\/strong> propose des produits frais en libre-service, qui sont majoritairement approvisionn\u00e9s par des producteurs et artisans locaux.<br \/>\n<a href=\"https:\/\/veloclubfaumont.fr\/index.php\/2018\/01\/17\/merci-aux-partenaires-du-chicon-bike-tour\/dsc_0003-7\/\" rel=\"attachment wp-att-9504\"><img loading=\"lazy\" decoding=\"async\" class=\"aligncenter size-large wp-image-9504\" src=\"https:\/\/veloclubfaumont.fr\/wp-content\/uploads\/2018\/01\/DSC_0003-1024x682.jpg\" alt=\"\" width=\"1024\" height=\"682\" srcset=\"https:\/\/veloclubfaumont.fr\/wp-content\/uploads\/2018\/01\/DSC_0003-1024x682.jpg 1024w, https:\/\/veloclubfaumont.fr\/wp-content\/uploads\/2018\/01\/DSC_0003-300x200.jpg 300w, https:\/\/veloclubfaumont.fr\/wp-content\/uploads\/2018\/01\/DSC_0003-768x512.jpg 768w, https:\/\/veloclubfaumont.fr\/wp-content\/uploads\/2018\/01\/DSC_0003.jpg 2000w\" sizes=\"auto, (max-width: 1024px) 100vw, 1024px\" \/><\/a><\/li>\n<\/ul>\n<p style=\"text-align: center;\">&nbsp;<\/p>\n<ul>\n<li style=\"text-align: justify;\"><a href=\"https:\/\/veloclubfaumont.fr\/index.php\/chicon-bike-tour\/chicon-bike-tour-2017-partenaires-et-sponsors\/faumont\/\" rel=\"attachment wp-att-3149\"><img loading=\"lazy\" decoding=\"async\" class=\"alignright size-full wp-image-3149\" src=\"https:\/\/veloclubfaumont.fr\/wp-content\/uploads\/2016\/12\/faumont.png\" alt=\"\" width=\"146\" height=\"160\"><\/a>Le village de <strong><a href=\"http:\/\/www.faumont.fr\/\" target=\"_blank\" rel=\"noopener noreferrer\">Faumont<\/a><\/strong> et la mairie qui vont nous aider \u00e0 faire que le Chicon Bike Tour se passe dans les meilleures conditions possibles.<br \/>\nMerci aussi aux agriculteurs qui vont venir s\u00e9curiser l\u2019acc\u00e8s \u00e0 la salle en nous d\u00e9posant un \u00e9norme ballot de paille aux 2 entr\u00e9es principales du village. Entre les 2, la zone sera semi-pi\u00e9tonni\u00e8re avec un acc\u00e8s aux riverains ainsi qu\u2019aux participants qui pourront garer leur voiture dans cette zone.<\/li>\n<\/ul>\n<p>&nbsp;<\/p>\n<ul>\n<li style=\"text-align: justify;\"><a href=\"http:\/\/www.eurologo.fr\/\" target=\"_blank\" rel=\"noopener noreferrer\"><strong>Eurologo<\/strong><\/a>&nbsp; nous a c<a href=\"https:\/\/veloclubfaumont.fr\/index.php\/chicon-bike-tour\/chicon-bike-tour-2017-partenaires-et-sponsors\/eurologo\/\" rel=\"attachment wp-att-3146\"><img loading=\"lazy\" decoding=\"async\" class=\"alignright size-medium wp-image-3146\" src=\"https:\/\/veloclubfaumont.fr\/wp-content\/uploads\/2016\/12\/eurologo-300x107.jpg\" sizes=\"auto, (max-width: 300px) 100vw, 300px\" srcset=\"https:\/\/veloclubfaumont.fr\/wp-content\/uploads\/2016\/12\/eurologo-300x107.jpg 300w, https:\/\/veloclubfaumont.fr\/wp-content\/uploads\/2016\/12\/eurologo.jpg 496w\" alt=\"\" width=\"300\" height=\"107\"><\/a>oncoct\u00e9 en 2017 nos nouvelles fl\u00e8ches directionnelles pour les 3 parcours VTT. En esp\u00e9rant qu\u2019elles soient toujours bien visibles (et pas arrach\u00e9es ou d\u00e9tourn\u00e9es). Cette entreprise artisanale de s\u00e9rigraphie situ\u00e9e \u00e0 Coutiches a \u00e9t\u00e9 fond\u00e9e en 1989. Elle s\u2019est sp\u00e9cialis\u00e9e dans la s\u00e9rigraphie sur plat (panneaux, autocollants, stickers, fanions), sur textile: (T. shirt , casquettes,coupe vent, sweat), le marquage&nbsp;sur objets (publicitaires ou industriels), le lettrage adh\u00e9sif (d\u00e9c<a href=\"https:\/\/veloclubfaumont.fr\/index.php\/chicon-bike-tour\/chicon-bike-tour-2017-partenaires-et-sponsors\/fleche-vtt\/\" rel=\"attachment wp-att-3818\"><img loading=\"lazy\" decoding=\"async\" class=\"alignleft size-medium wp-image-3818\" src=\"https:\/\/veloclubfaumont.fr\/wp-content\/uploads\/2016\/12\/fleche-vtt-300x118.jpg\" sizes=\"auto, (max-width: 300px) 100vw, 300px\" srcset=\"https:\/\/veloclubfaumont.fr\/wp-content\/uploads\/2016\/12\/fleche-vtt-300x118.jpg 300w, https:\/\/veloclubfaumont.fr\/wp-content\/uploads\/2016\/12\/fleche-vtt-768x301.jpg 768w, https:\/\/veloclubfaumont.fr\/wp-content\/uploads\/2016\/12\/fleche-vtt.jpg 800w\" alt=\"\" width=\"300\" height=\"118\"><\/a>oration de v\u00e9hicules, enseignes, panneaux, calicots, d\u00e9coration murale int\u00e9rieure), l\u2019impression num\u00e9rique (photos adh\u00e9sives, b\u00e2ches publicitaires\u2026),&nbsp; la broderie sur: v\u00eatements publicitaires ou industriels, casquettes ainsi que les coupes et troph\u00e9es.<\/li>\n<\/ul>\n<p>&nbsp;<\/p>\n<ul>\n<li style=\"text-align: justify;\">Enfin, il y a bien \u00e9v<a href=\"https:\/\/veloclubfaumont.fr\/index.php\/2018-2\/chicon-bike-tour-2018\/chicon-bike-tour-2018-presentation-generale\/chicon-bike-tour-2018-partenaires-et-sponsors\/bauden\/\" rel=\"attachment wp-att-8522\"><img loading=\"lazy\" decoding=\"async\" class=\"alignright wp-image-8522\" src=\"https:\/\/veloclubfaumont.fr\/wp-content\/uploads\/2017\/10\/bauden.jpg\" alt=\"\" width=\"325\" height=\"202\" srcset=\"https:\/\/veloclubfaumont.fr\/wp-content\/uploads\/2017\/10\/bauden.jpg 745w, https:\/\/veloclubfaumont.fr\/wp-content\/uploads\/2017\/10\/bauden-300x186.jpg 300w\" sizes=\"auto, (max-width: 325px) 100vw, 325px\" \/><\/a>idemment Le Caf\u00e9 \u00ab\u00a0<strong>Le<\/strong> <strong>Sylver<\/strong>\u00a0\u00bb d&rsquo;Anne et <a href=\"http:\/\/www.pascalbauden.fr\/\" target=\"_blank\" rel=\"noopener noreferrer\">Pascal Bauden<\/a> qui nous fournira comme \u00e0 chaque fois en boisson. Situ\u00e9 juste en face de la Salle des F\u00eates de Faumont. C&rsquo;est notre partenaire historique num\u00e9ro 1 qui suit le VC Faumont depuis ses d\u00e9buts en 1983. Merci encore \u00e0 eux pour leur soutien logistique.<\/li>\n<\/ul>\n","protected":false},"excerpt":{"rendered":"<p>[Page en construction &#8211; Si vous voulez rejoindre cette liste et devenir sponsor officiel du prochain Chicon Bike Tour et\/ou de notre Nocturne VTT, n&rsquo;h\u00e9sitez pas \u00e0 nous contacter, nous&#8230;<\/p>\n","protected":false},"author":1,"featured_media":0,"parent":8430,"menu_order":0,"comment_status":"closed","ping_status":"closed","template":"","meta":{"ngg_post_thumbnail":0,"jetpack_post_was_ever_published":false,"two_page_speed":[],"footnotes":""},"class_list":["post-8521","page","type-page","status-publish","hentry"],"jetpack_sharing_enabled":true,"jetpack_shortlink":"https:\/\/wp.me\/P8bXJp-2dr","_links":{"self":[{"href":"https:\/\/veloclubfaumont.fr\/index.php\/wp-json\/wp\/v2\/pages\/8521","targetHints":{"allow":["GET"]}}],"collection":[{"href":"https:\/\/veloclubfaumont.fr\/index.php\/wp-json\/wp\/v2\/pages"}],"about":[{"href":"https:\/\/veloclubfaumont.fr\/index.php\/wp-json\/wp\/v2\/types\/page"}],"author":[{"embeddable":true,"href":"https:\/\/veloclubfaumont.fr\/index.php\/wp-json\/wp\/v2\/users\/1"}],"replies":[{"embeddable":true,"href":"https:\/\/veloclubfaumont.fr\/index.php\/wp-json\/wp\/v2\/comments?post=8521"}],"version-history":[{"count":0,"href":"https:\/\/veloclubfaumont.fr\/index.php\/wp-json\/wp\/v2\/pages\/8521\/revisions"}],"up":[{"embeddable":true,"href":"https:\/\/veloclubfaumont.fr\/index.php\/wp-json\/wp\/v2\/pages\/8430"}],"wp:attachment":[{"href":"https:\/\/veloclubfaumont.fr\/index.php\/wp-json\/wp\/v2\/media?parent=8521"}],"curies":[{"name":"wp","href":"https:\/\/api.w.org\/{rel}","templated":true}]}}