{"id":55802,"date":"2024-10-18T19:23:03","date_gmt":"2024-10-18T17:23:03","guid":{"rendered":"http:\/\/veloclubfaumont.fr\/?post_type=tribe_events&#038;p=55802"},"modified":"2025-05-25T15:20:54","modified_gmt":"2025-05-25T13:20:54","slug":"nocturne-vtt-gravel-2025","status":"publish","type":"tribe_events","link":"https:\/\/veloclubfaumont.fr\/index.php\/event\/nocturne-vtt-gravel-2025\/","title":{"rendered":"Nocturne VTT 2025"},"content":{"rendered":"<p>On ne change pas une formule gagnante. Comme l&rsquo;an pass\u00e9, les randonneurs noctambules emprunteront les for\u00eats et bois de la P\u00e9v\u00e8le pour leur plus grand plaisir.<\/p>\n<p>Comme d&rsquo;habitude, inscriptions dans la cour de l&rsquo;\u00e9cole primaire, puis accueil au parking de la Salle des F\u00eates avec possibilit\u00e9 de se restaurer avant (barbecue et cr\u00eapes). Un ravito gourmand \u00e0 mi-distance, une boisson et un excellent sandwich saucisse barbecue \u00e0 l&rsquo;arriv\u00e9e.<\/p>\n<p>4 nouveaux parcours pour tous les niveaux : <strong>23 km<\/strong> familial pour d\u00e9couvrir les nocturnes (sans les singles techniques de la for\u00eat de Phalempin) &#8211; <strong>35 km<\/strong> interm\u00e9diaire &#8211; <strong>40 et 45 km<\/strong> sportifs pour les cyclistes confirm\u00e9s. Il y aura des changements par rapport \u00e0 l&rsquo;\u00e9dition 2024, mais vous retrouverez l&rsquo;ensemble des trac\u00e9s qui ont fait le succ\u00e8s de l&rsquo;\u00e9dition 2024 (tout le monde a ador\u00e9 le changement de sens et les nouveaux singles de Phalempin).<\/p>\n<p>Pas de trac\u00e9s sp\u00e9cifiques au GRAVEL mais tous <a href=\"https:\/\/veloclubfaumont.fr\/index.php\/nocturne-vtt-gravel-2025\/\" target=\"_blank\" rel=\"noopener\"><strong>les parcours<\/strong><\/a> sont accessibles \u00e0 cette discipline.<\/p>\n<p style=\"text-align: center;\"><span style=\"color: #339966;\"><strong><em>PLUS D&rsquo;INFOS SUR LES PARCOURS QUAND NOUS AURONS L&rsquo;ACCORD DE L&rsquo;ONF.<\/em><\/strong><\/span><\/p>\n<p>Comme \u00e0 chaque fois, vous aurez droit \u00e0 un fl\u00e9chage de qualit\u00e9 (a\u00e9rien gr\u00e2ce \u00e0 des fl\u00e8ches r\u00e9fl\u00e9chissantes visibles de tr\u00e8s loin), des fl\u00e8ches \u00e0 la bombe sur le bitume et \u00e0 la chaux dans les parties bois\u00e9es. Personne ne s&rsquo;est perdu \u00e0 la Nocturne de Faumont.<\/p>\n<p><a href=\"https:\/\/www.facebook.com\/events\/723398626923129\" target=\"_blank\" rel=\"noopener\"><strong>PAGE EVENEMENT FACEBOOK POUR SUIVRE L&rsquo;ACTUALITE DE NOTRE NOCTURNE<\/strong><\/a><\/p>\n<p><a href=\"https:\/\/veloclubfaumont.fr\/index.php\/nocturne-vtt-gravel-2025-la-presentation\/\" target=\"_blank\" rel=\"noopener\"><strong>Plus d&rsquo;infos ici<\/strong><\/a>&#8230;<\/p>\n<p><span class=\"embed-youtube\" style=\"text-align:center; display: block;\"><iframe loading=\"lazy\" class=\"youtube-player\" width=\"640\" height=\"360\" src=\"https:\/\/www.youtube.com\/embed\/UZTE4ucDJNU?version=3&#038;rel=1&#038;showsearch=0&#038;showinfo=1&#038;iv_load_policy=1&#038;fs=1&#038;hl=fr-FR&#038;autohide=2&#038;wmode=transparent\" allowfullscreen=\"true\" style=\"border:0;\" sandbox=\"allow-scripts allow-same-origin allow-popups allow-presentation\"><\/iframe><\/span><\/p>\n<p>&nbsp;<\/p>\n","protected":false},"excerpt":{"rendered":"<p>On ne change pas une formule gagnante. Comme l&rsquo;an pass\u00e9, les randonneurs noctambules emprunteront les for\u00eats et bois de la P\u00e9v\u00e8le pour leur plus grand plaisir. Comme d&rsquo;habitude, inscriptions dans&#8230;<\/p>\n","protected":false},"author":1,"featured_media":0,"comment_status":"open","ping_status":"closed","template":"","meta":{"ngg_post_thumbnail":0,"jetpack_post_was_ever_published":false,"_tribe_events_status":"","_tribe_events_status_reason":"","footnotes":""},"tags":[],"tribe_events_cat":[],"class_list":["post-55802","tribe_events","type-tribe_events","status-publish","hentry"],"jetpack_sharing_enabled":true,"_links":{"self":[{"href":"https:\/\/veloclubfaumont.fr\/index.php\/wp-json\/wp\/v2\/tribe_events\/55802","targetHints":{"allow":["GET"]}}],"collection":[{"href":"https:\/\/veloclubfaumont.fr\/index.php\/wp-json\/wp\/v2\/tribe_events"}],"about":[{"href":"https:\/\/veloclubfaumont.fr\/index.php\/wp-json\/wp\/v2\/types\/tribe_events"}],"author":[{"embeddable":true,"href":"https:\/\/veloclubfaumont.fr\/index.php\/wp-json\/wp\/v2\/users\/1"}],"replies":[{"embeddable":true,"href":"https:\/\/veloclubfaumont.fr\/index.php\/wp-json\/wp\/v2\/comments?post=55802"}],"version-history":[{"count":9,"href":"https:\/\/veloclubfaumont.fr\/index.php\/wp-json\/wp\/v2\/tribe_events\/55802\/revisions"}],"predecessor-version":[{"id":63217,"href":"https:\/\/veloclubfaumont.fr\/index.php\/wp-json\/wp\/v2\/tribe_events\/55802\/revisions\/63217"}],"wp:attachment":[{"href":"https:\/\/veloclubfaumont.fr\/index.php\/wp-json\/wp\/v2\/media?parent=55802"}],"wp:term":[{"taxonomy":"post_tag","embeddable":true,"href":"https:\/\/veloclubfaumont.fr\/index.php\/wp-json\/wp\/v2\/tags?post=55802"},{"taxonomy":"tribe_events_cat","embeddable":true,"href":"https:\/\/veloclubfaumont.fr\/index.php\/wp-json\/wp\/v2\/tribe_events_cat?post=55802"}],"curies":[{"name":"wp","href":"https:\/\/api.w.org\/{rel}","templated":true}]}}

<p>On ne change pas une formule gagnante. Comme l&rsquo;an passé, les randonneurs noctambules emprunteront les forêts et bois de la Pévèle pour leur plus grand plaisir.</p>
<p>Comme d&rsquo;habitude, inscriptions dans la cour de l&rsquo;école primaire, puis accueil au parking de la Salle des Fêtes avec possibilité de se restaurer avant (barbecue et crêpes). Un ravito gourmand à mi-distance, une boisson et un excellent sandwich saucisse barbecue à l&rsquo;arrivée.</p>
<p>4 nouveaux parcours pour tous les niveaux : <strong>23 km</strong> familial pour découvrir les nocturnes (sans les singles techniques de la forêt de Phalempin) &#8211; <strong>35 km</strong> intermédiaire &#8211; <strong>40 et 45 km</strong> sportifs pour les cyclistes confirmés. Il y aura des changements par rapport à l&rsquo;édition 2024, mais vous retrouverez l&rsquo;ensemble des tracés qui ont fait le succès de l&rsquo;édition 2024 (tout le monde a adoré le changement de sens et les nouveaux singles de Phalempin).</p>
<p>Pas de tracés spécifiques au GRAVEL mais tous <a href="https://veloclubfaumont.fr/index.php/nocturne-vtt-gravel-2025/" target="_blank" rel="noopener"><strong>les parcours</strong></a> sont accessibles à cette discipline.</p>
<p style="text-align: center;"><span style="color: #339966;"><strong><em>PLUS D&rsquo;INFOS SUR LES PARCOURS QUAND NOUS AURONS L&rsquo;ACCORD DE L&rsquo;ONF.</em></strong></span></p>
<p>Comme à chaque fois, vous aurez droit à un fléchage de qualité (aérien grâce à des flèches réfléchissantes visibles de très loin), des flèches à la bombe sur le bitume et à la chaux dans les parties boisées. Personne ne s&rsquo;est perdu à la Nocturne de Faumont.</p>
<p><a href="https://www.facebook.com/events/723398626923129" target="_blank" rel="noopener"><strong>PAGE EVENEMENT FACEBOOK POUR SUIVRE L&rsquo;ACTUALITE DE NOTRE NOCTURNE</strong></a></p>
<p><a href="https://veloclubfaumont.fr/index.php/nocturne-vtt-gravel-2025-la-presentation/" target="_blank" rel="noopener"><strong>Plus d&rsquo;infos ici</strong></a>&#8230;</p>
<p><span class="embed-youtube" style="text-align:center; display: block;"><iframe loading="lazy" class="youtube-player" width="640" height="360" src="https://www.youtube.com/embed/UZTE4ucDJNU?version=3&#038;rel=1&#038;showsearch=0&#038;showinfo=1&#038;iv_load_policy=1&#038;fs=1&#038;hl=fr-FR&#038;autohide=2&#038;wmode=transparent" allowfullscreen="true" style="border:0;" sandbox="allow-scripts allow-same-origin allow-popups allow-presentation"></iframe></span></p>
<p>&nbsp;</p>

<p>On ne change pas une formule gagnante. Comme l&rsquo;an passé, les randonneurs noctambules emprunteront les forêts et bois de la Pévèle pour leur plus grand plaisir. Comme d&rsquo;habitude, inscriptions dans&#8230;</p>
