{"id":66067,"date":"2025-10-15T09:07:47","date_gmt":"2025-10-15T07:07:47","guid":{"rendered":"https:\/\/veloclubfaumont.fr\/?post_type=tribe_events&#038;p=66067"},"modified":"2025-10-15T09:07:47","modified_gmt":"2025-10-15T07:07:47","slug":"assemblee-generale-du-vc-faumont-3","status":"publish","type":"tribe_events","link":"https:\/\/veloclubfaumont.fr\/index.php\/event\/assemblee-generale-du-vc-faumont-3\/","title":{"rendered":"Assembl\u00e9e G\u00e9n\u00e9rale du VC Faumont"},"content":{"rendered":"<p>Assembl\u00e9e G\u00e9n\u00e9rale du VCF le samedi 22 novembre 2025. &nbsp;Celle-ci se d\u00e9roulera au Foyer de la jeunesse derri\u00e8re l\u2019\u00e9glise de Faumont.&nbsp;<\/p>\n<p>A 14h30 auront lieu les inscriptions au club, puis ce sera l\u2019occasion d\u00e8s 15h00 de revenir sur les grands \u00e9v\u00e9nements de 2025, de faire le bilan de cette ann\u00e9e et de voir nos futurs projets pour 2026.<\/p>\n<div class=\"x11i5rnm xat24cr x1mh8g0r x1vvkbs xtlvy1s\">A la fin, le pot de l\u2019amiti\u00e9 sera offert \u00e0 tous et les personnes ayant contribu\u00e9 \u00e0 la bonne marche du club seront r\u00e9compens\u00e9e<\/div>\n","protected":false},"excerpt":{"rendered":"<p>Assembl\u00e9e G\u00e9n\u00e9rale du VCF le samedi 22 novembre 2025. &nbsp;Celle-ci se d\u00e9roulera au Foyer de la jeunesse derri\u00e8re l\u2019\u00e9glise de Faumont.&nbsp; A 14h30 auront lieu les inscriptions au club, puis&#8230;<\/p>\n","protected":false},"author":1,"featured_media":0,"comment_status":"open","ping_status":"closed","template":"","meta":{"ngg_post_thumbnail":0,"jetpack_post_was_ever_published":false,"_tribe_events_status":"","_tribe_events_status_reason":"","footnotes":""},"tags":[],"tribe_events_cat":[41],"class_list":["post-66067","tribe_events","type-tribe_events","status-publish","hentry","tribe_events_cat-nos-evenements","cat_nos-evenements"],"jetpack_sharing_enabled":true,"_links":{"self":[{"href":"https:\/\/veloclubfaumont.fr\/index.php\/wp-json\/wp\/v2\/tribe_events\/66067","targetHints":{"allow":["GET"]}}],"collection":[{"href":"https:\/\/veloclubfaumont.fr\/index.php\/wp-json\/wp\/v2\/tribe_events"}],"about":[{"href":"https:\/\/veloclubfaumont.fr\/index.php\/wp-json\/wp\/v2\/types\/tribe_events"}],"author":[{"embeddable":true,"href":"https:\/\/veloclubfaumont.fr\/index.php\/wp-json\/wp\/v2\/users\/1"}],"replies":[{"embeddable":true,"href":"https:\/\/veloclubfaumont.fr\/index.php\/wp-json\/wp\/v2\/comments?post=66067"}],"version-history":[{"count":1,"href":"https:\/\/veloclubfaumont.fr\/index.php\/wp-json\/wp\/v2\/tribe_events\/66067\/revisions"}],"predecessor-version":[{"id":66068,"href":"https:\/\/veloclubfaumont.fr\/index.php\/wp-json\/wp\/v2\/tribe_events\/66067\/revisions\/66068"}],"wp:attachment":[{"href":"https:\/\/veloclubfaumont.fr\/index.php\/wp-json\/wp\/v2\/media?parent=66067"}],"wp:term":[{"taxonomy":"post_tag","embeddable":true,"href":"https:\/\/veloclubfaumont.fr\/index.php\/wp-json\/wp\/v2\/tags?post=66067"},{"taxonomy":"tribe_events_cat","embeddable":true,"href":"https:\/\/veloclubfaumont.fr\/index.php\/wp-json\/wp\/v2\/tribe_events_cat?post=66067"}],"curies":[{"name":"wp","href":"https:\/\/api.w.org\/{rel}","templated":true}]}}

Assemblée Générale du VC Faumont

<p>Assemblée Générale du VCF le samedi 22 novembre 2025. &nbsp;Celle-ci se déroulera au Foyer de la jeunesse derrière l’église de Faumont.&nbsp;</p>
<p>A 14h30 auront lieu les inscriptions au club, puis ce sera l’occasion dès 15h00 de revenir sur les grands événements de 2025, de faire le bilan de cette année et de voir nos futurs projets pour 2026.</p>
<div class="x11i5rnm xat24cr x1mh8g0r x1vvkbs xtlvy1s">A la fin, le pot de l’amitié sera offert à tous et les personnes ayant contribué à la bonne marche du club seront récompensée</div>

<p>Assemblée Générale du VCF le samedi 22 novembre 2025. &nbsp;Celle-ci se déroulera au Foyer de la jeunesse derrière l’église de Faumont.&nbsp; A 14h30 auront lieu les inscriptions au club, puis&#8230;</p>
